{"id":16888,"date":"2024-02-23T19:44:32","date_gmt":"2024-02-23T18:44:32","guid":{"rendered":"http:\/\/esim2.clientinternals.webcase.pl\/?post_type=roaming&#038;p=16888"},"modified":"2024-03-17T18:23:39","modified_gmt":"2024-03-17T17:23:39","slug":"esim-montenegro","status":"publish","type":"roaming","link":"http:\/\/esim2.clientinternals.webcase.pl\/fr\/itinerance\/esim-montenegro\/","title":{"rendered":"Mont\u00e9n\u00e9gro"},"content":{"rendered":"\n<p>Voici quelques faits int\u00e9ressants sur le Mont\u00e9n\u00e9gro :<\/p>\n\n\n\n<ul class=\"wp-block-list\">\n<li>Code du pays : +382<\/li>\n\n\n\n<li>Capitale : Podgorica<\/li>\n\n\n\n<li>Autres villes principales : Niksic, Tivat, Rozaje<\/li>\n\n\n\n<li>Population : 619 211 (2021 est.)<\/li>\n\n\n\n<li>Langue : Mont\u00e9n\u00e9grin<\/li>\n\n\n\n<li>Monnaie : Euro<\/li>\n\n\n\n<li>La langue officielle est le mont\u00e9n\u00e9grin, bien que le serbe, le croate, le bosniaque et l\u2019albanais soient \u00e9galement des langues reconnues d\u2019usage officiel.<\/li>\n\n\n\n<li>Le pays est situ\u00e9 dans 4 zones climatiques.<\/li>\n\n\n\n<li>Elle est bord\u00e9e par la Serbie au nord, le Kosovo et l\u2019Albanie au sud-est, la mer Adriatique au sud avec l\u2019Italie de l\u2019autre c\u00f4t\u00e9, et la Croatie et la Bosnie-Herz\u00e9govine \u00e0 l\u2019ouest.<\/li>\n\n\n\n<li>Le Mont\u00e9n\u00e9gro est devenu le premier \u00c9tat \u00e9cologique du monde en 1991.<\/li>\n<\/ul>\n\n\n\n<p>Savais-tu que\u2026 ?<\/p>\n\n\n\n<ul class=\"wp-block-list\">\n<li>Le canyon de Tara, avec ses 1 300 m, est le canyon le plus profond d\u2019Europe.<\/li>\n\n\n\n<li>La baie de Kotor est le fjord le plus m\u00e9ridional du monde.<\/li>\n<\/ul>\n","protected":false},"featured_media":15333,"template":"","region":[249],"class_list":["post-16888","roaming","type-roaming","status-publish","has-post-thumbnail","hentry","region-leurope"],"_links":{"self":[{"href":"http:\/\/esim2.clientinternals.webcase.pl\/fr\/wp-json\/wp\/v2\/roaming\/16888","targetHints":{"allow":["GET"]}}],"collection":[{"href":"http:\/\/esim2.clientinternals.webcase.pl\/fr\/wp-json\/wp\/v2\/roaming"}],"about":[{"href":"http:\/\/esim2.clientinternals.webcase.pl\/fr\/wp-json\/wp\/v2\/types\/roaming"}],"wp:featuredmedia":[{"embeddable":true,"href":"http:\/\/esim2.clientinternals.webcase.pl\/fr\/wp-json\/wp\/v2\/media\/15333"}],"wp:attachment":[{"href":"http:\/\/esim2.clientinternals.webcase.pl\/fr\/wp-json\/wp\/v2\/media?parent=16888"}],"wp:term":[{"taxonomy":"region","embeddable":true,"href":"http:\/\/esim2.clientinternals.webcase.pl\/fr\/wp-json\/wp\/v2\/region?post=16888"}],"curies":[{"name":"wp","href":"https:\/\/api.w.org\/{rel}","templated":true}]}}

Monténégro

<p>Voici quelques faits intéressants sur le Monténégro :</p>



<ul class="wp-block-list">
<li>Code du pays : +382</li>



<li>Capitale : Podgorica</li>



<li>Autres villes principales : Niksic, Tivat, Rozaje</li>



<li>Population : 619 211 (2021 est.)</li>



<li>Langue : Monténégrin</li>



<li>Monnaie : Euro</li>



<li>La langue officielle est le monténégrin, bien que le serbe, le croate, le bosniaque et l’albanais soient également des langues reconnues d’usage officiel.</li>



<li>Le pays est situé dans 4 zones climatiques.</li>



<li>Elle est bordée par la Serbie au nord, le Kosovo et l’Albanie au sud-est, la mer Adriatique au sud avec l’Italie de l’autre côté, et la Croatie et la Bosnie-Herzégovine à l’ouest.</li>



<li>Le Monténégro est devenu le premier État écologique du monde en 1991.</li>
</ul>



<p>Savais-tu que… ?</p>



<ul class="wp-block-list">
<li>Le canyon de Tara, avec ses 1 300 m, est le canyon le plus profond d’Europe.</li>



<li>La baie de Kotor est le fjord le plus méridional du monde.</li>
</ul>
