{"id":16904,"date":"2024-02-23T19:43:55","date_gmt":"2024-02-23T18:43:55","guid":{"rendered":"http:\/\/esim2.clientinternals.webcase.pl\/?post_type=roaming&#038;p=16904"},"modified":"2024-03-17T18:05:10","modified_gmt":"2024-03-17T17:05:10","slug":"esim-malte","status":"publish","type":"roaming","link":"http:\/\/esim2.clientinternals.webcase.pl\/fr\/itinerance\/esim-malte\/","title":{"rendered":"Malte"},"content":{"rendered":"\n<p>Voici quelques faits int\u00e9ressants sur Malte :<\/p>\n\n\n\n<ul class=\"wp-block-list\">\n<li>Capitale : La Valette<\/li>\n\n\n\n<li>Population : 518 536 (est. 2021)<\/li>\n\n\n\n<li>Code du pays : +356<\/li>\n\n\n\n<li>Monnaie : Euro<\/li>\n\n\n\n<li>Langue nationale : Maltais<\/li>\n\n\n\n<li>Autres lieux int\u00e9ressants : Birgu, Victoria, Popeye Village<\/li>\n\n\n\n<li>Malte a deux langues officielles, le maltais et l\u2019anglais, mais le maltais est la langue nationale. Jusqu\u2019en 1934, l\u2019italien \u00e9tait \u00e9galement une langue officielle.<\/li>\n\n\n\n<li>Malte est une \u00eele de la M\u00e9diterran\u00e9e centrale situ\u00e9e entre la Sicile et la c\u00f4te nord-africaine.<\/li>\n\n\n\n<li>Malte est l\u2019un des rares pays au monde o\u00f9 l\u2019on conduit sur le c\u00f4t\u00e9 gauche de la route.<\/li>\n\n\n\n<li>Malte est connue pour son climat chaud et ses paysages \u00e0 couper le souffle.<\/li>\n<\/ul>\n\n\n\n<p>Savais-tu que\u2026 ?<\/p>\n\n\n\n<ul class=\"wp-block-list\">\n<li>Malte est un lieu de tournage populaire pour les productions cin\u00e9matographiques.<\/li>\n\n\n\n<li>Malte poss\u00e8de trois sites inscrits au patrimoine mondial de l\u2019UNESCO.<\/li>\n<\/ul>\n","protected":false},"featured_media":15745,"template":"","region":[249],"class_list":["post-16904","roaming","type-roaming","status-publish","has-post-thumbnail","hentry","region-leurope"],"_links":{"self":[{"href":"http:\/\/esim2.clientinternals.webcase.pl\/fr\/wp-json\/wp\/v2\/roaming\/16904","targetHints":{"allow":["GET"]}}],"collection":[{"href":"http:\/\/esim2.clientinternals.webcase.pl\/fr\/wp-json\/wp\/v2\/roaming"}],"about":[{"href":"http:\/\/esim2.clientinternals.webcase.pl\/fr\/wp-json\/wp\/v2\/types\/roaming"}],"wp:featuredmedia":[{"embeddable":true,"href":"http:\/\/esim2.clientinternals.webcase.pl\/fr\/wp-json\/wp\/v2\/media\/15745"}],"wp:attachment":[{"href":"http:\/\/esim2.clientinternals.webcase.pl\/fr\/wp-json\/wp\/v2\/media?parent=16904"}],"wp:term":[{"taxonomy":"region","embeddable":true,"href":"http:\/\/esim2.clientinternals.webcase.pl\/fr\/wp-json\/wp\/v2\/region?post=16904"}],"curies":[{"name":"wp","href":"https:\/\/api.w.org\/{rel}","templated":true}]}}

<p>Voici quelques faits intéressants sur Malte :</p>



<ul class="wp-block-list">
<li>Capitale : La Valette</li>



<li>Population : 518 536 (est. 2021)</li>



<li>Code du pays : +356</li>



<li>Monnaie : Euro</li>



<li>Langue nationale : Maltais</li>



<li>Autres lieux intéressants : Birgu, Victoria, Popeye Village</li>



<li>Malte a deux langues officielles, le maltais et l’anglais, mais le maltais est la langue nationale. Jusqu’en 1934, l’italien était également une langue officielle.</li>



<li>Malte est une île de la Méditerranée centrale située entre la Sicile et la côte nord-africaine.</li>



<li>Malte est l’un des rares pays au monde où l’on conduit sur le côté gauche de la route.</li>



<li>Malte est connue pour son climat chaud et ses paysages à couper le souffle.</li>
</ul>



<p>Savais-tu que… ?</p>



<ul class="wp-block-list">
<li>Malte est un lieu de tournage populaire pour les productions cinématographiques.</li>



<li>Malte possède trois sites inscrits au patrimoine mondial de l’UNESCO.</li>
</ul>
