{"id":16972,"date":"2024-02-23T19:39:19","date_gmt":"2024-02-23T18:39:19","guid":{"rendered":"http:\/\/esim2.clientinternals.webcase.pl\/?post_type=roaming&#038;p=16972"},"modified":"2024-03-17T07:45:22","modified_gmt":"2024-03-17T06:45:22","slug":"esim-france","status":"publish","type":"roaming","link":"http:\/\/esim2.clientinternals.webcase.pl\/fr\/itinerance\/esim-france\/","title":{"rendered":"France"},"content":{"rendered":"\n<p>Voici quelques faits int\u00e9ressants et amusants sur la France<\/p>\n\n\n\n<ul class=\"wp-block-list\">\n<li>Code du pays : +33<\/li>\n\n\n\n<li>Capitale : Paris<\/li>\n\n\n\n<li>Autres villes principales : Marseille, Lyon, Toulouse<\/li>\n\n\n\n<li>Population : 67,9 millions (2022 est.)<\/li>\n\n\n\n<li>Langue : Fran\u00e7ais<\/li>\n\n\n\n<li>Monnaie : Euro<\/li>\n\n\n\n<li>La France est le plus grand pays d\u2019Europe occidentale et l\u2019un des pays les plus visit\u00e9s au monde.<\/li>\n\n\n\n<li>En 2016, la France a adopt\u00e9 une loi sur la lutte contre le gaspillage alimentaire qui signifiait que les supermarch\u00e9s avaient l\u2019interdiction de d\u00e9truire les produits alimentaires invendus et \u00e9taient contraints d\u2019en faire don \u00e0 la place.<\/li>\n\n\n\n<li>Le fran\u00e7ais est la langue officielle, mais les linguistes estiment qu\u2019il y a environ 75 langues r\u00e9gionales en France !<\/li>\n\n\n\n<li>La premi\u00e8re greffe de visage et de c\u0153ur au monde a eu lieu en France. Les chirurgiens fran\u00e7ais ont r\u00e9alis\u00e9 la premi\u00e8re greffe de visage en 2005, tandis que la premi\u00e8re greffe de c\u0153ur a eu lieu en 2013 \u00e0 l\u2019h\u00f4pital Georges Pompidou de Paris.<\/li>\n<\/ul>\n\n\n\n<p>Savais-tu que\u2026 ?<\/p>\n\n\n\n<ul class=\"wp-block-list\">\n<li>Red Bull a \u00e9t\u00e9 lanc\u00e9 en France en 2008, plus de 20 ans apr\u00e8s la premi\u00e8re canette de Red Bull vendue en Autriche en 1987. Aujourd\u2019hui, Red Bull est pr\u00e9sent dans plus de 172 pays et vend plus de 9,8 milliards de canettes par an, et ce chiffre ne cesse de cro\u00eetre !<\/li>\n\n\n\n<li>Le Grand Prix de France est une course automobile organis\u00e9e dans le cadre du championnat du monde annuel de Formule 1 de la F\u00e9d\u00e9ration Internationale de l\u2019Automobile. C\u2019est l\u2019une des plus anciennes courses automobiles au monde ainsi que le premier \u00ab&nbsp;Grand Prix&nbsp;\u00bb.<\/li>\n\n\n\n<li>La derni\u00e8re course qui s\u2019y est d\u00e9roul\u00e9e remonte \u00e0 2022.<\/li>\n<\/ul>\n","protected":false},"featured_media":16265,"template":"","region":[249],"class_list":["post-16972","roaming","type-roaming","status-publish","has-post-thumbnail","hentry","region-leurope"],"_links":{"self":[{"href":"http:\/\/esim2.clientinternals.webcase.pl\/fr\/wp-json\/wp\/v2\/roaming\/16972","targetHints":{"allow":["GET"]}}],"collection":[{"href":"http:\/\/esim2.clientinternals.webcase.pl\/fr\/wp-json\/wp\/v2\/roaming"}],"about":[{"href":"http:\/\/esim2.clientinternals.webcase.pl\/fr\/wp-json\/wp\/v2\/types\/roaming"}],"wp:featuredmedia":[{"embeddable":true,"href":"http:\/\/esim2.clientinternals.webcase.pl\/fr\/wp-json\/wp\/v2\/media\/16265"}],"wp:attachment":[{"href":"http:\/\/esim2.clientinternals.webcase.pl\/fr\/wp-json\/wp\/v2\/media?parent=16972"}],"wp:term":[{"taxonomy":"region","embeddable":true,"href":"http:\/\/esim2.clientinternals.webcase.pl\/fr\/wp-json\/wp\/v2\/region?post=16972"}],"curies":[{"name":"wp","href":"https:\/\/api.w.org\/{rel}","templated":true}]}}

<p>Voici quelques faits intéressants et amusants sur la France</p>



<ul class="wp-block-list">
<li>Code du pays : +33</li>



<li>Capitale : Paris</li>



<li>Autres villes principales : Marseille, Lyon, Toulouse</li>



<li>Population : 67,9 millions (2022 est.)</li>



<li>Langue : Français</li>



<li>Monnaie : Euro</li>



<li>La France est le plus grand pays d’Europe occidentale et l’un des pays les plus visités au monde.</li>



<li>En 2016, la France a adopté une loi sur la lutte contre le gaspillage alimentaire qui signifiait que les supermarchés avaient l’interdiction de détruire les produits alimentaires invendus et étaient contraints d’en faire don à la place.</li>



<li>Le français est la langue officielle, mais les linguistes estiment qu’il y a environ 75 langues régionales en France !</li>



<li>La première greffe de visage et de cœur au monde a eu lieu en France. Les chirurgiens français ont réalisé la première greffe de visage en 2005, tandis que la première greffe de cœur a eu lieu en 2013 à l’hôpital Georges Pompidou de Paris.</li>
</ul>



<p>Savais-tu que… ?</p>



<ul class="wp-block-list">
<li>Red Bull a été lancé en France en 2008, plus de 20 ans après la première canette de Red Bull vendue en Autriche en 1987. Aujourd’hui, Red Bull est présent dans plus de 172 pays et vend plus de 9,8 milliards de canettes par an, et ce chiffre ne cesse de croître !</li>



<li>Le Grand Prix de France est une course automobile organisée dans le cadre du championnat du monde annuel de Formule 1 de la Fédération Internationale de l’Automobile. C’est l’une des plus anciennes courses automobiles au monde ainsi que le premier «&nbsp;Grand Prix&nbsp;».</li>



<li>La dernière course qui s’y est déroulée remonte à 2022.</li>
</ul>
