{"id":16983,"date":"2024-02-23T19:38:27","date_gmt":"2024-02-23T18:38:27","guid":{"rendered":"http:\/\/esim2.clientinternals.webcase.pl\/?post_type=roaming&#038;p=16983"},"modified":"2024-03-16T14:28:03","modified_gmt":"2024-03-16T13:28:03","slug":"esim-union-europeenne","status":"publish","type":"roaming","link":"http:\/\/esim2.clientinternals.webcase.pl\/fr\/itinerance\/esim-union-europeenne\/","title":{"rendered":"Union europ\u00e9enne"},"content":{"rendered":"\n<p>Voici quelques faits int\u00e9ressants et amusants sur l\u2019Union europ\u00e9enne.<\/p>\n\n\n\n<ul class=\"wp-block-list\">\n<li>L\u2019Union europ\u00e9enne (UE) compte 27 \u00c9tats membres en janvier 2023.<\/li>\n\n\n\n<li>Langue : L\u2019UE compte 24 langues officielles<\/li>\n\n\n\n<li>Capitale : Bruxelles<\/li>\n\n\n\n<li>Population : 446,8 millions (2022 est.)<\/li>\n\n\n\n<li>Monnaie principale : Euro<\/li>\n\n\n\n<li>L\u2019Union europ\u00e9enne couvre plus de 4 millions de km\u00b2. En termes de superficie, la France est le plus grand pays de l\u2019UE et Malte le plus petit.<\/li>\n\n\n\n<li>Le plus grand pays de l\u2019UE en termes de population est l\u2019Allemagne.<\/li>\n\n\n\n<li>Le drapeau de l\u2019Union europ\u00e9enne comporte un cercle de 12 \u00e9toiles dor\u00e9es sur fond bleu qui symbolisent l\u2019unit\u00e9, la solidarit\u00e9 et l\u2019harmonie entre les pays membres de l\u2019Europe.<\/li>\n\n\n\n<li>Quatre villes sont tr\u00e8s importantes pour l\u2019Union europ\u00e9enne :<br>Bruxelles en Belgique (si\u00e8ge de l\u2019UE)<br>Strasbourg en France (Parlement europ\u00e9en)<br>Francfort-sur-le-Main en Allemagne (Banque centrale europ\u00e9enne)<br>Ville de Luxembourg au Luxembourg (si\u00e8ge du Parlement europ\u00e9en et de la Cour de justice europ\u00e9enne).<\/li>\n<\/ul>\n\n\n\n<p>Savais-tu que\u2026 ?<\/p>\n\n\n\n<ul class=\"wp-block-list\">\n<li>Paris Charles de Gaulle, en France, est l\u2019a\u00e9roport le plus fr\u00e9quent\u00e9 de l\u2019Union europ\u00e9enne.<\/li>\n\n\n\n<li>La Banque centrale europ\u00e9enne a \u00e9t\u00e9 fond\u00e9e en 1998 et l\u2019euro a \u00e9t\u00e9 introduit en 2002.<\/li>\n<\/ul>\n","protected":false},"featured_media":16265,"template":"","region":[249],"class_list":["post-16983","roaming","type-roaming","status-publish","has-post-thumbnail","hentry","region-leurope"],"_links":{"self":[{"href":"http:\/\/esim2.clientinternals.webcase.pl\/fr\/wp-json\/wp\/v2\/roaming\/16983","targetHints":{"allow":["GET"]}}],"collection":[{"href":"http:\/\/esim2.clientinternals.webcase.pl\/fr\/wp-json\/wp\/v2\/roaming"}],"about":[{"href":"http:\/\/esim2.clientinternals.webcase.pl\/fr\/wp-json\/wp\/v2\/types\/roaming"}],"wp:featuredmedia":[{"embeddable":true,"href":"http:\/\/esim2.clientinternals.webcase.pl\/fr\/wp-json\/wp\/v2\/media\/16265"}],"wp:attachment":[{"href":"http:\/\/esim2.clientinternals.webcase.pl\/fr\/wp-json\/wp\/v2\/media?parent=16983"}],"wp:term":[{"taxonomy":"region","embeddable":true,"href":"http:\/\/esim2.clientinternals.webcase.pl\/fr\/wp-json\/wp\/v2\/region?post=16983"}],"curies":[{"name":"wp","href":"https:\/\/api.w.org\/{rel}","templated":true}]}}

Union européenne

<p>Voici quelques faits intéressants et amusants sur l’Union européenne.</p>



<ul class="wp-block-list">
<li>L’Union européenne (UE) compte 27 États membres en janvier 2023.</li>



<li>Langue : L’UE compte 24 langues officielles</li>



<li>Capitale : Bruxelles</li>



<li>Population : 446,8 millions (2022 est.)</li>



<li>Monnaie principale : Euro</li>



<li>L’Union européenne couvre plus de 4 millions de km². En termes de superficie, la France est le plus grand pays de l’UE et Malte le plus petit.</li>



<li>Le plus grand pays de l’UE en termes de population est l’Allemagne.</li>



<li>Le drapeau de l’Union européenne comporte un cercle de 12 étoiles dorées sur fond bleu qui symbolisent l’unité, la solidarité et l’harmonie entre les pays membres de l’Europe.</li>



<li>Quatre villes sont très importantes pour l’Union européenne :<br>Bruxelles en Belgique (siège de l’UE)<br>Strasbourg en France (Parlement européen)<br>Francfort-sur-le-Main en Allemagne (Banque centrale européenne)<br>Ville de Luxembourg au Luxembourg (siège du Parlement européen et de la Cour de justice européenne).</li>
</ul>



<p>Savais-tu que… ?</p>



<ul class="wp-block-list">
<li>Paris Charles de Gaulle, en France, est l’aéroport le plus fréquenté de l’Union européenne.</li>



<li>La Banque centrale européenne a été fondée en 1998 et l’euro a été introduit en 2002.</li>
</ul>
