{"id":17097,"date":"2024-02-23T19:29:57","date_gmt":"2024-02-23T18:29:57","guid":{"rendered":"http:\/\/esim2.clientinternals.webcase.pl\/?post_type=roaming&#038;p=17097"},"modified":"2024-03-17T20:40:43","modified_gmt":"2024-03-17T19:40:43","slug":"esim-pays-bas","status":"publish","type":"roaming","link":"http:\/\/esim2.clientinternals.webcase.pl\/fr\/itinerance\/esim-pays-bas\/","title":{"rendered":"Les Pays-Bas"},"content":{"rendered":"\n<p>Voici quelques faits int\u00e9ressants et amusants sur les Pays-Bas :<\/p>\n\n\n\n<ul class=\"wp-block-list\">\n<li>Code du pays : +31<\/li>\n\n\n\n<li>Capitale : Amsterdam<\/li>\n\n\n\n<li>Autres villes principales : La Haye, Rotterdam, Gouda, Einghoven<\/li>\n\n\n\n<li>Population : 17,95 millions (2022 est.)<\/li>\n\n\n\n<li>Langue : La langue officielle des Pays-Bas est le n\u00e9erlandais ; cependant, le pays se trouve \u00e0 un carrefour unique de l\u2019Europe, de sorte que le fran\u00e7ais, l\u2019anglais et l\u2019allemand sont tous assez courants. En plus de cela, il y a des dizaines de dialectes que tu peux entendre.<\/li>\n\n\n\n<li>Monnaie : Euro<\/li>\n\n\n\n<li>Les hommes les plus grands du monde vivent aux Pays-Bas.<\/li>\n\n\n\n<li>Les Pays-Bas repr\u00e9sentent pr\u00e8s de 90 % de la superficie totale des fermes de tulipes dans le monde (environ 11 000 hectares), et ils produisent 4,3 milliards de bulbes de tulipes par an.<\/li>\n<\/ul>\n\n\n\n<p>Savais-tu que\u2026 ?<\/p>\n\n\n\n<ul class=\"wp-block-list\">\n<li>Le Grand Prix des Pays-Bas sur le circuit de Zandvoort, en Hollande du Nord, a \u00e9t\u00e9 organis\u00e9 de 1950 \u00e0 1985, puis \u00e0 nouveau \u00e0 partir de 2021, et fera partie du calendrier de la Formule 1 jusqu\u2019en 2025 apr\u00e8s qu\u2019un nouvel accord a \u00e9t\u00e9 conclu.<\/li>\n\n\n\n<li>Max Verstappen est devenu le premier pilote n\u00e9erlandais \u00e0 remporter le championnat du monde de Formule 1 avec Red Bull Racing en 2021, et le 34e champion du monde des pilotes de Formule 1. Il a remport\u00e9 son deuxi\u00e8me championnat cons\u00e9cutif de Formule 1 en 2022.<\/li>\n<\/ul>\n","protected":false},"featured_media":15745,"template":"","region":[249],"class_list":["post-17097","roaming","type-roaming","status-publish","has-post-thumbnail","hentry","region-leurope"],"_links":{"self":[{"href":"http:\/\/esim2.clientinternals.webcase.pl\/fr\/wp-json\/wp\/v2\/roaming\/17097","targetHints":{"allow":["GET"]}}],"collection":[{"href":"http:\/\/esim2.clientinternals.webcase.pl\/fr\/wp-json\/wp\/v2\/roaming"}],"about":[{"href":"http:\/\/esim2.clientinternals.webcase.pl\/fr\/wp-json\/wp\/v2\/types\/roaming"}],"wp:featuredmedia":[{"embeddable":true,"href":"http:\/\/esim2.clientinternals.webcase.pl\/fr\/wp-json\/wp\/v2\/media\/15745"}],"wp:attachment":[{"href":"http:\/\/esim2.clientinternals.webcase.pl\/fr\/wp-json\/wp\/v2\/media?parent=17097"}],"wp:term":[{"taxonomy":"region","embeddable":true,"href":"http:\/\/esim2.clientinternals.webcase.pl\/fr\/wp-json\/wp\/v2\/region?post=17097"}],"curies":[{"name":"wp","href":"https:\/\/api.w.org\/{rel}","templated":true}]}}

<p>Voici quelques faits intéressants et amusants sur les Pays-Bas :</p>



<ul class="wp-block-list">
<li>Code du pays : +31</li>



<li>Capitale : Amsterdam</li>



<li>Autres villes principales : La Haye, Rotterdam, Gouda, Einghoven</li>



<li>Population : 17,95 millions (2022 est.)</li>



<li>Langue : La langue officielle des Pays-Bas est le néerlandais ; cependant, le pays se trouve à un carrefour unique de l’Europe, de sorte que le français, l’anglais et l’allemand sont tous assez courants. En plus de cela, il y a des dizaines de dialectes que tu peux entendre.</li>



<li>Monnaie : Euro</li>



<li>Les hommes les plus grands du monde vivent aux Pays-Bas.</li>



<li>Les Pays-Bas représentent près de 90 % de la superficie totale des fermes de tulipes dans le monde (environ 11 000 hectares), et ils produisent 4,3 milliards de bulbes de tulipes par an.</li>
</ul>



<p>Savais-tu que… ?</p>



<ul class="wp-block-list">
<li>Le Grand Prix des Pays-Bas sur le circuit de Zandvoort, en Hollande du Nord, a été organisé de 1950 à 1985, puis à nouveau à partir de 2021, et fera partie du calendrier de la Formule 1 jusqu’en 2025 après qu’un nouvel accord a été conclu.</li>



<li>Max Verstappen est devenu le premier pilote néerlandais à remporter le championnat du monde de Formule 1 avec Red Bull Racing en 2021, et le 34e champion du monde des pilotes de Formule 1. Il a remporté son deuxième championnat consécutif de Formule 1 en 2022.</li>
</ul>
