{"id":18729,"date":"2024-02-21T20:44:30","date_gmt":"2024-02-21T19:44:30","guid":{"rendered":"https:\/\/esim2.clientinternals.webcase.pl\/?post_type=help&#038;p=18729"},"modified":"2024-03-14T23:41:24","modified_gmt":"2024-03-14T22:41:24","slug":"az-alkalmazas-szerint-a-keszulekem-le-van-zarva-ez-mit-jelent","status":"publish","type":"help","link":"http:\/\/esim2.clientinternals.webcase.pl\/hu\/help\/az-app\/az-alkalmazas-szerint-a-keszulekem-le-van-zarva-ez-mit-jelent\/","title":{"rendered":"Az alkalmaz\u00e1s szerint a k\u00e9sz\u00fcl\u00e9kem le van z\u00e1rva. Ez mit jelent?"},"content":{"rendered":"\n<p>Ha szerz\u0151d\u00e9ses telefont v\u00e1s\u00e1rolsz, nem ritka, hogy a szolg\u00e1ltat\u00f3 blokkolja m\u00e1s szolg\u00e1ltat\u00f3k kapcsolat\u00e1t. Ha a telefonod le van z\u00e1rva, \u00e1ltal\u00e1ban meg kell v\u00e1rnod, am\u00edg a szerz\u0151d\u00e9sed lej\u00e1r \u2013 javasoljuk, hogy \u00e9rdekl\u0151dj a szolg\u00e1ltat\u00f3n\u00e1l, hogy fel tudja-e oldani a z\u00e1rol\u00e1st. Am\u00edg a telefon z\u00e1rolva van, sajnos nem tudsz eSIM-et telep\u00edteni. Igen, ez minket is frusztr\u00e1l.<\/p>\n","protected":false},"parent":18725,"menu_order":40,"template":"","format":"standard","faq-category":[28],"class_list":["post-18729","help","type-help","status-publish","format-standard","hentry","faq-category-faq-home"],"_links":{"self":[{"href":"http:\/\/esim2.clientinternals.webcase.pl\/hu\/wp-json\/wp\/v2\/help\/18729","targetHints":{"allow":["GET"]}}],"collection":[{"href":"http:\/\/esim2.clientinternals.webcase.pl\/hu\/wp-json\/wp\/v2\/help"}],"about":[{"href":"http:\/\/esim2.clientinternals.webcase.pl\/hu\/wp-json\/wp\/v2\/types\/help"}],"up":[{"embeddable":true,"href":"http:\/\/esim2.clientinternals.webcase.pl\/hu\/wp-json\/wp\/v2\/help\/18725"}],"wp:attachment":[{"href":"http:\/\/esim2.clientinternals.webcase.pl\/hu\/wp-json\/wp\/v2\/media?parent=18729"}],"wp:term":[{"taxonomy":"faq-category","embeddable":true,"href":"http:\/\/esim2.clientinternals.webcase.pl\/hu\/wp-json\/wp\/v2\/faq-category?post=18729"}],"curies":[{"name":"wp","href":"https:\/\/api.w.org\/{rel}","templated":true}]}}

Az alkalmazás szerint a készülékem le van zárva. Ez mit jelent?

<p>Ha szerződéses telefont vásárolsz, nem ritka, hogy a szolgáltató blokkolja más szolgáltatók kapcsolatát. Ha a telefonod le van zárva, általában meg kell várnod, amíg a szerződésed lejár – javasoljuk, hogy érdeklődj a szolgáltatónál, hogy fel tudja-e oldani a zárolást. Amíg a telefon zárolva van, sajnos nem tudsz eSIM-et telepíteni. Igen, ez minket is frusztrál.</p>
