{"id":18731,"date":"2024-03-12T11:43:49","date_gmt":"2024-03-12T10:43:49","guid":{"rendered":"https:\/\/esim2.clientinternals.webcase.pl\/?post_type=help&#038;p=18731"},"modified":"2024-03-14T23:42:23","modified_gmt":"2024-03-14T22:42:23","slug":"mi-az-az-esim-es-mit-tehetek-a-red-bull-mobile-esim-alkalmazassal","status":"publish","type":"help","link":"http:\/\/esim2.clientinternals.webcase.pl\/hu\/help\/az-app\/mi-az-az-esim-es-mit-tehetek-a-red-bull-mobile-esim-alkalmazassal\/","title":{"rendered":"Mi az az eSIM? \u00c9s mit tehetek a Red Bull MOBILE eSIM alkalmaz\u00e1ssal?"},"content":{"rendered":"\n<p>Az eSIM nagyon hasonl\u00edt a hagyom\u00e1nyos SIM-k\u00e1rty\u00e1hoz, de nem cser\u00e9lhet\u0151 ki. Az eSIM lehet\u0151v\u00e9 teszi, hogy egyetlen okostelefonon k\u00e9t szolg\u00e1ltat\u00f3t haszn\u00e1lj. Gondolj r\u00e1 \u00fagy, mintha k\u00e9t SIM-k\u00e1rtya lenne egy k\u00e9sz\u00fcl\u00e9kben \u2013 a megl\u00e9v\u0151 \u201efizikai\u201d SIM-k\u00e1rty\u00e1ja \u00e9s egy m\u00e1sodik \u201eelektronikus\u201d SIM-k\u00e1rtya. A Red Bull MOBILE eSIM alkalmaz\u00e1st haszn\u00e1lhatod adatkapcsolathoz, amikor k\u00fcl\u00f6nb\u00f6z\u0151 orsz\u00e1gokba utazol.<\/p>\n","protected":false},"parent":18725,"menu_order":60,"template":"","format":"standard","faq-category":[432],"class_list":["post-18731","help","type-help","status-publish","format-standard","hentry","faq-category-faq-roaming"],"_links":{"self":[{"href":"http:\/\/esim2.clientinternals.webcase.pl\/hu\/wp-json\/wp\/v2\/help\/18731","targetHints":{"allow":["GET"]}}],"collection":[{"href":"http:\/\/esim2.clientinternals.webcase.pl\/hu\/wp-json\/wp\/v2\/help"}],"about":[{"href":"http:\/\/esim2.clientinternals.webcase.pl\/hu\/wp-json\/wp\/v2\/types\/help"}],"up":[{"embeddable":true,"href":"http:\/\/esim2.clientinternals.webcase.pl\/hu\/wp-json\/wp\/v2\/help\/18725"}],"wp:attachment":[{"href":"http:\/\/esim2.clientinternals.webcase.pl\/hu\/wp-json\/wp\/v2\/media?parent=18731"}],"wp:term":[{"taxonomy":"faq-category","embeddable":true,"href":"http:\/\/esim2.clientinternals.webcase.pl\/hu\/wp-json\/wp\/v2\/faq-category?post=18731"}],"curies":[{"name":"wp","href":"https:\/\/api.w.org\/{rel}","templated":true}]}}

Mi az az eSIM? És mit tehetek a Red Bull MOBILE eSIM alkalmazással?

<p>Az eSIM nagyon hasonlít a hagyományos SIM-kártyához, de nem cserélhető ki. Az eSIM lehetővé teszi, hogy egyetlen okostelefonon két szolgáltatót használj. Gondolj rá úgy, mintha két SIM-kártya lenne egy készülékben – a meglévő „fizikai” SIM-kártyája és egy második „elektronikus” SIM-kártya. A Red Bull MOBILE eSIM alkalmazást használhatod adatkapcsolathoz, amikor különböző országokba utazol.</p>
