{"id":18733,"date":"2024-02-22T10:28:02","date_gmt":"2024-02-22T09:28:02","guid":{"rendered":"https:\/\/esim2.clientinternals.webcase.pl\/?post_type=help&#038;p=18733"},"modified":"2024-03-14T23:43:44","modified_gmt":"2024-03-14T22:43:44","slug":"hogyan-telepithetem-a-red-bull-mobile-esim-et","status":"publish","type":"help","link":"http:\/\/esim2.clientinternals.webcase.pl\/hu\/help\/sim-kartya\/hogyan-telepithetem-a-red-bull-mobile-esim-et\/","title":{"rendered":"Hogyan telep\u00edthetem a Red Bull MOBILE eSIM-et?"},"content":{"rendered":"\n<p>Az eSIM-profil \u00e1ltal\u00e1ban automatikusan telep\u00fcl. Ha ez nem m\u0171k\u00f6dik, pr\u00f3b\u00e1lkozz m\u00e1s lehet\u0151s\u00e9gekkel:<\/p>\n\n\n\n<ol class=\"wp-block-list\">\n<li>Gy\u0151z\u0151dj meg r\u00f3la, hogy az \u00f6sszes kor\u00e1bbi k\u00e9sz\u00fcl\u00e9kr\u0151l t\u00f6r\u00f6lted az eSIM-profilod.<\/li>\n\n\n\n<li>Pr\u00f3b\u00e1ld ki a telep\u00edt\u00e9st a profilban megadott QR-k\u00f3d beolvas\u00e1s\u00e1val. -\u2063\u2063\u2063> \u2063\u2063\u2063 eSIM inform\u00e1ci\u00f3k. Ehhez sz\u00fcks\u00e9g van egy m\u00e1sodik eszk\u00f6zre, amelyr\u0151l beolvashatod.<\/li>\n\n\n\n<li>Pr\u00f3b\u00e1ld meg a k\u00e9zi telep\u00edt\u00e9st. M\u00e1sold ki az eSIM-profil \u00e9rt\u00e9keit, \u00e9s add meg azokat a mobilk\u00e9sz\u00fcl\u00e9k be\u00e1ll\u00edt\u00e1saiban k\u00e9zzel.<\/li>\n<\/ol>\n","protected":false},"parent":18732,"menu_order":10,"template":"","format":"standard","faq-category":[],"class_list":["post-18733","help","type-help","status-publish","format-standard","hentry"],"_links":{"self":[{"href":"http:\/\/esim2.clientinternals.webcase.pl\/hu\/wp-json\/wp\/v2\/help\/18733","targetHints":{"allow":["GET"]}}],"collection":[{"href":"http:\/\/esim2.clientinternals.webcase.pl\/hu\/wp-json\/wp\/v2\/help"}],"about":[{"href":"http:\/\/esim2.clientinternals.webcase.pl\/hu\/wp-json\/wp\/v2\/types\/help"}],"up":[{"embeddable":true,"href":"http:\/\/esim2.clientinternals.webcase.pl\/hu\/wp-json\/wp\/v2\/help\/18732"}],"wp:attachment":[{"href":"http:\/\/esim2.clientinternals.webcase.pl\/hu\/wp-json\/wp\/v2\/media?parent=18733"}],"wp:term":[{"taxonomy":"faq-category","embeddable":true,"href":"http:\/\/esim2.clientinternals.webcase.pl\/hu\/wp-json\/wp\/v2\/faq-category?post=18733"}],"curies":[{"name":"wp","href":"https:\/\/api.w.org\/{rel}","templated":true}]}}

Hogyan telepíthetem a Red Bull MOBILE eSIM-et?

<p>Az eSIM-profil általában automatikusan települ. Ha ez nem működik, próbálkozz más lehetőségekkel:</p>



<ol class="wp-block-list">
<li>Győződj meg róla, hogy az összes korábbi készülékről törölted az eSIM-profilod.</li>



<li>Próbáld ki a telepítést a profilban megadott QR-kód beolvasásával. -⁣⁣⁣> ⁣⁣⁣ eSIM információk. Ehhez szükség van egy második eszközre, amelyről beolvashatod.</li>



<li>Próbáld meg a kézi telepítést. Másold ki az eSIM-profil értékeit, és add meg azokat a mobilkészülék beállításaiban kézzel.</li>
</ol>
