{"id":18738,"date":"2024-03-12T11:45:52","date_gmt":"2024-03-12T10:45:52","guid":{"rendered":"https:\/\/esim2.clientinternals.webcase.pl\/?post_type=help&#038;p=18738"},"modified":"2024-03-14T23:45:29","modified_gmt":"2024-03-14T22:45:29","slug":"mukodni-fog-a-meglevo-sim-kartyam-amig-a-red-bull-mobile-esim-telepitve-van","status":"publish","type":"help","link":"http:\/\/esim2.clientinternals.webcase.pl\/hu\/help\/sim-kartya\/mukodni-fog-a-meglevo-sim-kartyam-amig-a-red-bull-mobile-esim-telepitve-van\/","title":{"rendered":"M\u0171k\u00f6dni fog a megl\u00e9v\u0151 SIM-k\u00e1rty\u00e1m, am\u00edg a Red Bull MOBILE eSIM telep\u00edtve van?"},"content":{"rendered":"\n<p>Persze. A megl\u00e9v\u0151 SIM-k\u00e1rty\u00e1d \u00e9s a Red Bull MOBILE eSIM-k\u00e1rty\u00e1ja is kapcsolatban marad \u2013 mindkett\u0151 egyszerre m\u0171k\u00f6dik. A be\u00e1ll\u00edt\u00e1sokban kiv\u00e1laszthatod, hogy a k\u00e9t SIM k\u00f6z\u00fcl melyiket szeretn\u00e9d haszn\u00e1lni adatkapcsolatra.<\/p>\n","protected":false},"parent":18732,"menu_order":60,"template":"","format":"standard","faq-category":[432],"class_list":["post-18738","help","type-help","status-publish","format-standard","hentry","faq-category-faq-roaming"],"_links":{"self":[{"href":"http:\/\/esim2.clientinternals.webcase.pl\/hu\/wp-json\/wp\/v2\/help\/18738","targetHints":{"allow":["GET"]}}],"collection":[{"href":"http:\/\/esim2.clientinternals.webcase.pl\/hu\/wp-json\/wp\/v2\/help"}],"about":[{"href":"http:\/\/esim2.clientinternals.webcase.pl\/hu\/wp-json\/wp\/v2\/types\/help"}],"up":[{"embeddable":true,"href":"http:\/\/esim2.clientinternals.webcase.pl\/hu\/wp-json\/wp\/v2\/help\/18732"}],"wp:attachment":[{"href":"http:\/\/esim2.clientinternals.webcase.pl\/hu\/wp-json\/wp\/v2\/media?parent=18738"}],"wp:term":[{"taxonomy":"faq-category","embeddable":true,"href":"http:\/\/esim2.clientinternals.webcase.pl\/hu\/wp-json\/wp\/v2\/faq-category?post=18738"}],"curies":[{"name":"wp","href":"https:\/\/api.w.org\/{rel}","templated":true}]}}

Működni fog a meglévő SIM-kártyám, amíg a Red Bull MOBILE eSIM telepítve van?

<p>Persze. A meglévő SIM-kártyád és a Red Bull MOBILE eSIM-kártyája is kapcsolatban marad – mindkettő egyszerre működik. A beállításokban kiválaszthatod, hogy a két SIM közül melyiket szeretnéd használni adatkapcsolatra.</p>
