{"id":18743,"date":"2024-03-14T19:56:59","date_gmt":"2024-03-14T18:56:59","guid":{"rendered":"https:\/\/esim2.clientinternals.webcase.pl\/?post_type=help&#038;p=18743"},"modified":"2024-03-14T23:48:10","modified_gmt":"2024-03-14T22:48:10","slug":"a-szemelyes-hotspot-nem-mukodik-mit-tehetek","status":"publish","type":"help","link":"http:\/\/esim2.clientinternals.webcase.pl\/hu\/help\/egyeb\/a-szemelyes-hotspot-nem-mukodik-mit-tehetek\/","title":{"rendered":"A szem\u00e9lyes hotspot nem m\u0171k\u00f6dik \u2013 mit tehetek?"},"content":{"rendered":"\n<p>Bizonyos esetekben a szem\u00e9lyes Hotspot nem m\u0171k\u00f6dik automatikusan. Ha ez a helyzet, k\u00f6vesd az al\u00e1bbi egyszer\u0171 l\u00e9p\u00e9seket az aktiv\u00e1l\u00e1shoz. Menjen a k\u00f6vetkez\u0151 helyre:Be\u00e1ll\u00edt\u00e1sok \u2063\u2063\u2063-> \u2063\u2063\u2063 Mobil adat \u2063\u2063\u2063-> \u2063\u2063\u2063 V\u00e1lassza ki a Red Bull MOBILE adatcsomagot \u2063\u2063\u2063-> \u2063\u2063\u2063 Mobil adath\u00e1l\u00f3zat. <\/p>\n\n\n\n<p>K\u00e9rj\u00fck, \u00edrd be a &#8222;webapn.at&#8221; (id\u00e9z\u0151jelek n\u00e9lk\u00fcl) az <strong>APN<\/strong> mez\u0151kbe mind a <strong>MOBIL ADAT<\/strong>, n\u00e1l, illetve a <strong>SZEM\u00c9LYES HOTSPOT<\/strong> n\u00e1l is. A <strong>felhaszn\u00e1l\u00f3 <\/strong>\u00e9s <strong>jelsz\u00f3 mez\u0151k <\/strong>\u00fcresen maradnak.<\/p>\n","protected":false},"parent":18740,"menu_order":30,"template":"","format":"standard","faq-category":[],"class_list":["post-18743","help","type-help","status-publish","format-standard","hentry"],"_links":{"self":[{"href":"http:\/\/esim2.clientinternals.webcase.pl\/hu\/wp-json\/wp\/v2\/help\/18743","targetHints":{"allow":["GET"]}}],"collection":[{"href":"http:\/\/esim2.clientinternals.webcase.pl\/hu\/wp-json\/wp\/v2\/help"}],"about":[{"href":"http:\/\/esim2.clientinternals.webcase.pl\/hu\/wp-json\/wp\/v2\/types\/help"}],"up":[{"embeddable":true,"href":"http:\/\/esim2.clientinternals.webcase.pl\/hu\/wp-json\/wp\/v2\/help\/18740"}],"wp:attachment":[{"href":"http:\/\/esim2.clientinternals.webcase.pl\/hu\/wp-json\/wp\/v2\/media?parent=18743"}],"wp:term":[{"taxonomy":"faq-category","embeddable":true,"href":"http:\/\/esim2.clientinternals.webcase.pl\/hu\/wp-json\/wp\/v2\/faq-category?post=18743"}],"curies":[{"name":"wp","href":"https:\/\/api.w.org\/{rel}","templated":true}]}}

A személyes hotspot nem működik – mit tehetek?

<p>Bizonyos esetekben a személyes Hotspot nem működik automatikusan. Ha ez a helyzet, kövesd az alábbi egyszerű lépéseket az aktiváláshoz. Menjen a következő helyre:Beállítások ⁣⁣⁣-> ⁣⁣⁣ Mobil adat ⁣⁣⁣-> ⁣⁣⁣ Válassza ki a Red Bull MOBILE adatcsomagot ⁣⁣⁣-> ⁣⁣⁣ Mobil adathálózat. </p>



<p>Kérjük, írd be a &#8222;webapn.at&#8221; (idézőjelek nélkül) az <strong>APN</strong> mezőkbe mind a <strong>MOBIL ADAT</strong>, nál, illetve a <strong>SZEMÉLYES HOTSPOT</strong> nál is. A <strong>felhasználó </strong>és <strong>jelszó mezők </strong>üresen maradnak.</p>
