{"id":15374,"date":"2024-02-23T18:50:13","date_gmt":"2024-02-23T17:50:13","guid":{"rendered":"http:\/\/esim2.clientinternals.webcase.pl\/?post_type=roaming&#038;p=15374"},"modified":"2024-03-14T11:48:22","modified_gmt":"2024-03-14T10:48:22","slug":"esim-kongoi-demokratikus-koztarsasag","status":"publish","type":"roaming","link":"http:\/\/esim2.clientinternals.webcase.pl\/hu\/roaming\/esim-kongoi-demokratikus-koztarsasag\/","title":{"rendered":"Kong\u00f3i Demokratikus K\u00f6zt\u00e1rsas\u00e1g"},"content":{"rendered":"\n<p>\u00cdme n\u00e9h\u00e1ny \u00e9rdekes t\u00e9ny a Kong\u00f3i Demokratikus K\u00f6zt\u00e1rsas\u00e1gr\u00f3l:<\/p>\n\n\n\n<ul class=\"wp-block-list\">\n<li>Orsz\u00e1gk\u00f3d: +243<\/li>\n\n\n\n<li>F\u0151v\u00e1ros: Kinshasa<\/li>\n\n\n\n<li>Egy\u00e9b f\u0151bb v\u00e1rosok: Mbuji-Mayi.<\/li>\n\n\n\n<li>N\u00e9pess\u00e9g: 95,89 milli\u00f3 (2021-es becsl\u00e9s)<\/li>\n\n\n\n<li>Nyelv: Francia<\/li>\n\n\n\n<li>P\u00e9nznem: Frank p\u00e9nznem: kong\u00f3i frank<\/li>\n\n\n\n<li>A Kong\u00f3i Demokratikus K\u00f6zt\u00e1rsas\u00e1g Afrika m\u00e1sodik legnagyobb orsz\u00e1ga, \u00e9s kilenc orsz\u00e1ggal hat\u00e1ros: Angola, Burundi, a K\u00f6z\u00e9p-afrikai K\u00f6zt\u00e1rsas\u00e1g, a Kong\u00f3i K\u00f6zt\u00e1rsas\u00e1g, Ruanda, D\u00e9l-Szud\u00e1n, Tanz\u00e1nia, Uganda \u00e9s Zambia.<\/li>\n\n\n\n<li>Afrika legr\u00e9gebbi nemzeti parkja a kong\u00f3i Virunga Nemzeti Park, amely ritka hegyi gorill\u00e1knak, oroszl\u00e1noknak \u00e9s elef\u00e1ntoknak ad otthont.<\/li>\n\n\n\n<li>T\u00f6bb mint 200 etnikai csoport l\u00e9tezik, \u00e9s k\u00f6zel 250 nyelvet \u00e9s dialektust besz\u00e9lnek orsz\u00e1gszerte.<\/li>\n\n\n\n<li>A Kong\u00f3i Demokratikus K\u00f6zt\u00e1rsas\u00e1g, m\u00e1s n\u00e9ven Kong\u00f3-Kinshasa, Kong\u00f3i Demokratikus K\u00f6zt\u00e1rsas\u00e1g, Kong\u00f3i Demokratikus K\u00f6zt\u00e1rsas\u00e1g vagy egyszer\u0171en Kong\u00f3, 1971-1997 k\u00f6z\u00f6tt Zaire n\u00e9ven is ismert volt.<\/li>\n<\/ul>\n\n\n\n<p>Tudtad, hogy\u2026?<\/p>\n\n\n\n<ul class=\"wp-block-list\">\n<li>Kong\u00f3 ter\u00fclete valamivel nagyobb, mint Spanyolorsz\u00e1g, Franciaorsz\u00e1g, N\u00e9metorsz\u00e1g, Sv\u00e9dorsz\u00e1g \u00e9s Norv\u00e9gia ter\u00fclete egy\u00fcttv\u00e9ve.<\/li>\n\n\n\n<li>A Stanley-hegy a Rwenzori-hegys\u00e9gben tal\u00e1lhat\u00f3, \u00e9s Afrika harmadik legmagasabb hegye.<\/li>\n<\/ul>\n","protected":false},"featured_media":15269,"template":"","region":[335],"class_list":["post-15374","roaming","type-roaming","status-publish","has-post-thumbnail","hentry","region-afrika"],"_links":{"self":[{"href":"http:\/\/esim2.clientinternals.webcase.pl\/hu\/wp-json\/wp\/v2\/roaming\/15374","targetHints":{"allow":["GET"]}}],"collection":[{"href":"http:\/\/esim2.clientinternals.webcase.pl\/hu\/wp-json\/wp\/v2\/roaming"}],"about":[{"href":"http:\/\/esim2.clientinternals.webcase.pl\/hu\/wp-json\/wp\/v2\/types\/roaming"}],"wp:featuredmedia":[{"embeddable":true,"href":"http:\/\/esim2.clientinternals.webcase.pl\/hu\/wp-json\/wp\/v2\/media\/15269"}],"wp:attachment":[{"href":"http:\/\/esim2.clientinternals.webcase.pl\/hu\/wp-json\/wp\/v2\/media?parent=15374"}],"wp:term":[{"taxonomy":"region","embeddable":true,"href":"http:\/\/esim2.clientinternals.webcase.pl\/hu\/wp-json\/wp\/v2\/region?post=15374"}],"curies":[{"name":"wp","href":"https:\/\/api.w.org\/{rel}","templated":true}]}}

Kongói Demokratikus Köztársaság

<p>Íme néhány érdekes tény a Kongói Demokratikus Köztársaságról:</p>



<ul class="wp-block-list">
<li>Országkód: +243</li>



<li>Főváros: Kinshasa</li>



<li>Egyéb főbb városok: Mbuji-Mayi.</li>



<li>Népesség: 95,89 millió (2021-es becslés)</li>



<li>Nyelv: Francia</li>



<li>Pénznem: Frank pénznem: kongói frank</li>



<li>A Kongói Demokratikus Köztársaság Afrika második legnagyobb országa, és kilenc országgal határos: Angola, Burundi, a Közép-afrikai Köztársaság, a Kongói Köztársaság, Ruanda, Dél-Szudán, Tanzánia, Uganda és Zambia.</li>



<li>Afrika legrégebbi nemzeti parkja a kongói Virunga Nemzeti Park, amely ritka hegyi gorilláknak, oroszlánoknak és elefántoknak ad otthont.</li>



<li>Több mint 200 etnikai csoport létezik, és közel 250 nyelvet és dialektust beszélnek országszerte.</li>



<li>A Kongói Demokratikus Köztársaság, más néven Kongó-Kinshasa, Kongói Demokratikus Köztársaság, Kongói Demokratikus Köztársaság vagy egyszerűen Kongó, 1971-1997 között Zaire néven is ismert volt.</li>
</ul>



<p>Tudtad, hogy…?</p>



<ul class="wp-block-list">
<li>Kongó területe valamivel nagyobb, mint Spanyolország, Franciaország, Németország, Svédország és Norvégia területe együttvéve.</li>



<li>A Stanley-hegy a Rwenzori-hegységben található, és Afrika harmadik legmagasabb hegye.</li>
</ul>
