{"id":15378,"date":"2024-02-23T18:53:22","date_gmt":"2024-02-23T17:53:22","guid":{"rendered":"http:\/\/esim2.clientinternals.webcase.pl\/?post_type=roaming&#038;p=15378"},"modified":"2024-03-14T11:20:31","modified_gmt":"2024-03-14T10:20:31","slug":"esim-malawi","status":"publish","type":"roaming","link":"http:\/\/esim2.clientinternals.webcase.pl\/hu\/roaming\/esim-malawi\/","title":{"rendered":"Malawi"},"content":{"rendered":"\n<p>\u00cdme n\u00e9h\u00e1ny \u00e9rdekes t\u00e9ny Malawir\u00f3l:<\/p>\n\n\n\n<ul class=\"wp-block-list\">\n<li>Orsz\u00e1gk\u00f3d: +265<\/li>\n\n\n\n<li>F\u0151v\u00e1ros: Lilongwe<\/li>\n\n\n\n<li>Egy\u00e9b f\u0151bb v\u00e1rosok: Rhumpi, Nkhotakota, Dedza<\/li>\n\n\n\n<li>N\u00e9pess\u00e9g: (2021-es becsl\u00e9s)<\/li>\n\n\n\n<li>Nyelv: Chichewa<\/li>\n\n\n\n<li>P\u00e9nznem: Malawi Kwacha<\/li>\n\n\n\n<li>Malawi egy tengerparttal nem rendelkez\u0151 orsz\u00e1g Afrika d\u00e9lkeleti r\u00e9sz\u00e9n, amelyet a Nagy Hasad\u00e9kv\u00f6lgy \u00e9s a hatalmas Malawi-t\u00f3 \u00e1ltal kett\u00e9szelt hegyvid\u00e9k domborzata hat\u00e1roz meg.<\/li>\n\n\n\n<li>A Malawi-t\u00f3 Nemzeti Park v\u00e1ltozatos \u00e9l\u0151vil\u00e1gnak ad otthont a sz\u00ednes halakt\u00f3l a p\u00e1vi\u00e1nokig, tiszta vize pedig n\u00e9pszer\u0171 b\u00fav\u00e1rkod\u00e1sra \u00e9s cs\u00f3nak\u00e1z\u00e1sra.<\/li>\n\n\n\n<li>A Malawi-t\u00f3 Nemzeti Park, amelyet el\u0151sz\u00f6r 1984-ben vettek fel a list\u00e1ra, \u00e9s a Chongoni Rock Art Area, amelyet 2006-ban vettek fel a list\u00e1ra, az UNESCO Vil\u00e1g\u00f6r\u00f6ks\u00e9g bote.<\/li>\n\n\n\n<li>A Malawi-t\u00f3ban 500-1000 halfaj tal\u00e1lhat\u00f3, ami a vil\u00e1g \u00f6sszes tava k\u00f6z\u00fcl a legt\u00f6bb halfajt tartalmazza.\/li&gt;<\/li>\n<\/ul>\n\n\n\n<p>Tudtad, hogy\u2026?<\/p>\n\n\n\n<ul class=\"wp-block-list\">\n<li>Az orsz\u00e1g k\u00f6r\u00fclbel\u00fcl fele akkora, mint az Egyes\u00fclt Kir\u00e1lys\u00e1g.<\/li>\n\n\n\n<li>\u00dagy t\u0171nik, a Shire-foly\u00f3 rendelkezik a legnagyobb v\u00edzil\u00f3-s\u0171r\u0171s\u00e9ggel Afrik\u00e1ban.<\/li>\n<\/ul>\n","protected":false},"featured_media":15269,"template":"","region":[335],"class_list":["post-15378","roaming","type-roaming","status-publish","has-post-thumbnail","hentry","region-afrika"],"_links":{"self":[{"href":"http:\/\/esim2.clientinternals.webcase.pl\/hu\/wp-json\/wp\/v2\/roaming\/15378","targetHints":{"allow":["GET"]}}],"collection":[{"href":"http:\/\/esim2.clientinternals.webcase.pl\/hu\/wp-json\/wp\/v2\/roaming"}],"about":[{"href":"http:\/\/esim2.clientinternals.webcase.pl\/hu\/wp-json\/wp\/v2\/types\/roaming"}],"wp:featuredmedia":[{"embeddable":true,"href":"http:\/\/esim2.clientinternals.webcase.pl\/hu\/wp-json\/wp\/v2\/media\/15269"}],"wp:attachment":[{"href":"http:\/\/esim2.clientinternals.webcase.pl\/hu\/wp-json\/wp\/v2\/media?parent=15378"}],"wp:term":[{"taxonomy":"region","embeddable":true,"href":"http:\/\/esim2.clientinternals.webcase.pl\/hu\/wp-json\/wp\/v2\/region?post=15378"}],"curies":[{"name":"wp","href":"https:\/\/api.w.org\/{rel}","templated":true}]}}

<p>Íme néhány érdekes tény Malawiról:</p>



<ul class="wp-block-list">
<li>Országkód: +265</li>



<li>Főváros: Lilongwe</li>



<li>Egyéb főbb városok: Rhumpi, Nkhotakota, Dedza</li>



<li>Népesség: (2021-es becslés)</li>



<li>Nyelv: Chichewa</li>



<li>Pénznem: Malawi Kwacha</li>



<li>Malawi egy tengerparttal nem rendelkező ország Afrika délkeleti részén, amelyet a Nagy Hasadékvölgy és a hatalmas Malawi-tó által kettészelt hegyvidék domborzata határoz meg.</li>



<li>A Malawi-tó Nemzeti Park változatos élővilágnak ad otthont a színes halaktól a páviánokig, tiszta vize pedig népszerű búvárkodásra és csónakázásra.</li>



<li>A Malawi-tó Nemzeti Park, amelyet először 1984-ben vettek fel a listára, és a Chongoni Rock Art Area, amelyet 2006-ban vettek fel a listára, az UNESCO Világörökség bote.</li>



<li>A Malawi-tóban 500-1000 halfaj található, ami a világ összes tava közül a legtöbb halfajt tartalmazza./li&gt;</li>
</ul>



<p>Tudtad, hogy…?</p>



<ul class="wp-block-list">
<li>Az ország körülbelül fele akkora, mint az Egyesült Királyság.</li>



<li>Úgy tűnik, a Shire-folyó rendelkezik a legnagyobb víziló-sűrűséggel Afrikában.</li>
</ul>
