{"id":15422,"date":"2024-02-23T18:57:54","date_gmt":"2024-02-23T17:57:54","guid":{"rendered":"http:\/\/esim2.clientinternals.webcase.pl\/?post_type=roaming&#038;p=15422"},"modified":"2024-03-14T15:06:25","modified_gmt":"2024-03-14T14:06:25","slug":"esim-zambia","status":"publish","type":"roaming","link":"http:\/\/esim2.clientinternals.webcase.pl\/hu\/roaming\/esim-zambia\/","title":{"rendered":"Zambia"},"content":{"rendered":"\n<p>\u00cdme n\u00e9h\u00e1ny \u00e9rdekes t\u00e9ny Zambi\u00e1r\u00f3l:<\/p>\n\n\n\n<ul class=\"wp-block-list\">\n<li>Orsz\u00e1gk\u00f3d: +260<\/li>\n\n\n\n<li>F\u0151v\u00e1ros: Lusaka<\/li>\n\n\n\n<li>Egy\u00e9b f\u0151bb v\u00e1rosok: Chipata, Kasama, Mongu<\/li>\n\n\n\n<li>N\u00e9pess\u00e9g: (2021-es becsl\u00e9s)<\/li>\n\n\n\n<li>Nyelv: Bemba (35%), Nyanja (37%), Tonga (25%) Lozi (18%)<\/li>\n\n\n\n<li>P\u00e9nznem: Zambiai Kwacha<\/li>\n\n\n\n<li>Zambia Afrika d\u00e9li r\u00e9sz\u00e9n fekszik, \u00e9s egy tengerparttal nem rendelkez\u0151 orsz\u00e1g, amely sz\u00e1mos parkkal \u00e9s szafari ter\u00fclettel, zord tereppel \u00e9s v\u00e1ltozatos \u00e9l\u0151vil\u00e1ggal rendelkezik.<\/li>\n\n\n\n<li>Zambia nev\u00e9t a Zambezi foly\u00f3r\u00f3l kapta, amely a negyedik leghosszabb foly\u00f3 Afrik\u00e1ban a N\u00edlus, a Kong\u00f3 \u00e9s a Niger ut\u00e1n.<\/li>\n\n\n\n<li>A Vikt\u00f3ria-v\u00edzes\u00e9s Zambi\u00e1ban \u00e9s Zimbabw\u00e9ban is tal\u00e1lhat\u00f3, \u00e9s a vil\u00e1g legnagyobb v\u00edzes\u00e9se.<\/li>\n\n\n\n<li>A Kariba-t\u00f3 a vil\u00e1g legnagyobb mesters\u00e9ges tava \u00e9s v\u00edzt\u00e1roz\u00f3ja, amely Zambia \u00e9s Zimbabwe hat\u00e1r\u00e1n fekszik. Mindk\u00e9t orsz\u00e1got ell\u00e1tja villamos energi\u00e1val.<\/li>\n<\/ul>\n\n\n\n<p>Tudtad, hogy\u2026?<\/p>\n\n\n\n<ul class=\"wp-block-list\">\n<li>A Zambia keleti r\u00e9sz\u00e9n tal\u00e1lhat\u00f3 D\u00e9l-Luangwa Nemzeti Park oroszl\u00e1nok, elef\u00e1ntok, leop\u00e1rdok, orrszarv\u00fak, fokf\u00f6ldi b\u00f6l\u00e9nyek \u00e9s madarak sz\u00e1m\u00e1ra v\u00e9dett ter\u00fclet.<\/li>\n\n\n\n<li>Zambia egyike annak a hat orsz\u00e1gnak, ahol m\u00e9g \u00e9lnek vadkuty\u00e1k, amelyek a vil\u00e1g egyik legvesz\u00e9lyeztetettebb fajai k\u00f6z\u00e9 tartoznak.<\/li>\n<\/ul>\n","protected":false},"featured_media":15269,"template":"","region":[335],"class_list":["post-15422","roaming","type-roaming","status-publish","has-post-thumbnail","hentry","region-afrika"],"_links":{"self":[{"href":"http:\/\/esim2.clientinternals.webcase.pl\/hu\/wp-json\/wp\/v2\/roaming\/15422","targetHints":{"allow":["GET"]}}],"collection":[{"href":"http:\/\/esim2.clientinternals.webcase.pl\/hu\/wp-json\/wp\/v2\/roaming"}],"about":[{"href":"http:\/\/esim2.clientinternals.webcase.pl\/hu\/wp-json\/wp\/v2\/types\/roaming"}],"wp:featuredmedia":[{"embeddable":true,"href":"http:\/\/esim2.clientinternals.webcase.pl\/hu\/wp-json\/wp\/v2\/media\/15269"}],"wp:attachment":[{"href":"http:\/\/esim2.clientinternals.webcase.pl\/hu\/wp-json\/wp\/v2\/media?parent=15422"}],"wp:term":[{"taxonomy":"region","embeddable":true,"href":"http:\/\/esim2.clientinternals.webcase.pl\/hu\/wp-json\/wp\/v2\/region?post=15422"}],"curies":[{"name":"wp","href":"https:\/\/api.w.org\/{rel}","templated":true}]}}

<p>Íme néhány érdekes tény Zambiáról:</p>



<ul class="wp-block-list">
<li>Országkód: +260</li>



<li>Főváros: Lusaka</li>



<li>Egyéb főbb városok: Chipata, Kasama, Mongu</li>



<li>Népesség: (2021-es becslés)</li>



<li>Nyelv: Bemba (35%), Nyanja (37%), Tonga (25%) Lozi (18%)</li>



<li>Pénznem: Zambiai Kwacha</li>



<li>Zambia Afrika déli részén fekszik, és egy tengerparttal nem rendelkező ország, amely számos parkkal és szafari területtel, zord tereppel és változatos élővilággal rendelkezik.</li>



<li>Zambia nevét a Zambezi folyóról kapta, amely a negyedik leghosszabb folyó Afrikában a Nílus, a Kongó és a Niger után.</li>



<li>A Viktória-vízesés Zambiában és Zimbabwéban is található, és a világ legnagyobb vízesése.</li>



<li>A Kariba-tó a világ legnagyobb mesterséges tava és víztározója, amely Zambia és Zimbabwe határán fekszik. Mindkét országot ellátja villamos energiával.</li>
</ul>



<p>Tudtad, hogy…?</p>



<ul class="wp-block-list">
<li>A Zambia keleti részén található Dél-Luangwa Nemzeti Park oroszlánok, elefántok, leopárdok, orrszarvúk, fokföldi bölények és madarak számára védett terület.</li>



<li>Zambia egyike annak a hat országnak, ahol még élnek vadkutyák, amelyek a világ egyik legveszélyeztetettebb fajai közé tartoznak.</li>
</ul>
