{"id":15610,"date":"2024-02-23T18:49:29","date_gmt":"2024-02-23T17:49:29","guid":{"rendered":"http:\/\/esim2.clientinternals.webcase.pl\/?post_type=roaming&#038;p=15610"},"modified":"2024-03-14T14:53:57","modified_gmt":"2024-03-14T13:53:57","slug":"esim-uganda","status":"publish","type":"roaming","link":"http:\/\/esim2.clientinternals.webcase.pl\/hu\/roaming\/esim-uganda\/","title":{"rendered":"Uganda"},"content":{"rendered":"\n<p>\u00cdme n\u00e9h\u00e1ny \u00e9rdekes t\u00e9ny Ugand\u00e1r\u00f3l:<\/p>\n\n\n\n<ul class=\"wp-block-list\">\n<li>Orsz\u00e1gk\u00f3d: +256<\/li>\n\n\n\n<li>F\u0151v\u00e1ros: Kampala<\/li>\n\n\n\n<li>Egy\u00e9b f\u0151bb v\u00e1rosok: Fort Portal, Moroto, Arua<\/li>\n\n\n\n<li>N\u00e9pess\u00e9g: (2021-es becsl\u00e9s)<\/li>\n\n\n\n<li>Nyelv: Angol \u00e9s Luganda<\/li>\n\n\n\n<li>P\u00e9nznem: Ugandai shilling<\/li>\n\n\n\n<li>Uganda egy tengerparttal nem rendelkez\u0151 orsz\u00e1g Kelet-Afrik\u00e1ban.<\/li>\n\n\n\n<li>Hat\u00e1ros Tanz\u00e1ni\u00e1val, Keny\u00e1val, Ruand\u00e1val, a Kong\u00f3i Demokratikus K\u00f6zt\u00e1rsas\u00e1ggal \u00e9s D\u00e9l-Szud\u00e1nnal. Uganda Afrika sz\u00edv\u00e9ben fekszik.<\/li>\n\n\n\n<li>A Vikt\u00f3ria-t\u00f3 Afrika legnagyobb tava \u00e9s a vil\u00e1g m\u00e1sodik legnagyobb \u00e9desv\u00edzi tava. Uganda hat\u00e1rain bel\u00fcl fekszik, \u00e9s k\u00f6r\u00fclbel\u00fcl 400 000 \u00e9ves, \u00e9s a hatalmas N\u00edlus egyik forr\u00e1sa.<\/li>\n\n\n\n<li>A matooke egy hagyom\u00e1nyos \u00e9tel, amelyet z\u00f6ld ban\u00e1n betakar\u00edt\u00e1s\u00e1val, h\u00e1moz\u00e1s\u00e1val, f\u0151z\u00e9s\u00e9vel \u00e9s p\u00e9pes\u00edt\u00e9s\u00e9vel k\u00e9sz\u00edtenek.<\/li>\n<\/ul>\n\n\n\n<p>Tudtad, hogy\u2026?<\/p>\n\n\n\n<ul class=\"wp-block-list\">\n<li>Uganda lakoss\u00e1g\u00e1nak 77%-a 25 \u00e9v alatti, ezzel a vil\u00e1g legfiatalabb n\u00e9pess\u00e9ge.<\/li>\n\n\n\n<li>A nyugat-ugandai Queen Elizabeth Nemzeti Park h\u00edres egyed\u00fcl\u00e1ll\u00f3 f\u00e1ra m\u00e1sz\u00f3 oroszl\u00e1njair\u00f3l, amelyek a h\u0151s\u00e9g el\u0151l menek\u00fclve \u00e9s a rovarcs\u00edp\u00e9sek elker\u00fcl\u00e9se \u00e9rdek\u00e9ben alkalmazkodtak.<\/li>\n<\/ul>\n","protected":false},"featured_media":15269,"template":"","region":[335],"class_list":["post-15610","roaming","type-roaming","status-publish","has-post-thumbnail","hentry","region-afrika"],"_links":{"self":[{"href":"http:\/\/esim2.clientinternals.webcase.pl\/hu\/wp-json\/wp\/v2\/roaming\/15610","targetHints":{"allow":["GET"]}}],"collection":[{"href":"http:\/\/esim2.clientinternals.webcase.pl\/hu\/wp-json\/wp\/v2\/roaming"}],"about":[{"href":"http:\/\/esim2.clientinternals.webcase.pl\/hu\/wp-json\/wp\/v2\/types\/roaming"}],"wp:featuredmedia":[{"embeddable":true,"href":"http:\/\/esim2.clientinternals.webcase.pl\/hu\/wp-json\/wp\/v2\/media\/15269"}],"wp:attachment":[{"href":"http:\/\/esim2.clientinternals.webcase.pl\/hu\/wp-json\/wp\/v2\/media?parent=15610"}],"wp:term":[{"taxonomy":"region","embeddable":true,"href":"http:\/\/esim2.clientinternals.webcase.pl\/hu\/wp-json\/wp\/v2\/region?post=15610"}],"curies":[{"name":"wp","href":"https:\/\/api.w.org\/{rel}","templated":true}]}}

<p>Íme néhány érdekes tény Ugandáról:</p>



<ul class="wp-block-list">
<li>Országkód: +256</li>



<li>Főváros: Kampala</li>



<li>Egyéb főbb városok: Fort Portal, Moroto, Arua</li>



<li>Népesség: (2021-es becslés)</li>



<li>Nyelv: Angol és Luganda</li>



<li>Pénznem: Ugandai shilling</li>



<li>Uganda egy tengerparttal nem rendelkező ország Kelet-Afrikában.</li>



<li>Határos Tanzániával, Kenyával, Ruandával, a Kongói Demokratikus Köztársasággal és Dél-Szudánnal. Uganda Afrika szívében fekszik.</li>



<li>A Viktória-tó Afrika legnagyobb tava és a világ második legnagyobb édesvízi tava. Uganda határain belül fekszik, és körülbelül 400 000 éves, és a hatalmas Nílus egyik forrása.</li>



<li>A matooke egy hagyományos étel, amelyet zöld banán betakarításával, hámozásával, főzésével és pépesítésével készítenek.</li>
</ul>



<p>Tudtad, hogy…?</p>



<ul class="wp-block-list">
<li>Uganda lakosságának 77%-a 25 év alatti, ezzel a világ legfiatalabb népessége.</li>



<li>A nyugat-ugandai Queen Elizabeth Nemzeti Park híres egyedülálló fára mászó oroszlánjairól, amelyek a hőség elől menekülve és a rovarcsípések elkerülése érdekében alkalmazkodtak.</li>
</ul>
