{"id":15647,"date":"2024-02-23T18:48:45","date_gmt":"2024-02-23T17:48:45","guid":{"rendered":"http:\/\/esim2.clientinternals.webcase.pl\/?post_type=roaming&#038;p=15647"},"modified":"2024-03-14T13:34:10","modified_gmt":"2024-03-14T12:34:10","slug":"esim-del-afrika","status":"publish","type":"roaming","link":"http:\/\/esim2.clientinternals.webcase.pl\/hu\/roaming\/esim-del-afrika\/","title":{"rendered":"D\u00e9l-Afrika"},"content":{"rendered":"\n<p>\u00cdme n\u00e9h\u00e1ny \u00e9rdekes \u00e9s sz\u00f3rakoztat\u00f3 t\u00e9ny D\u00e9l-Afrik\u00e1r\u00f3l<\/p>\n\n\n\n<ul class=\"wp-block-list\">\n<li>Orsz\u00e1gk\u00f3d: +27<\/li>\n\n\n\n<li>F\u0151v\u00e1ros: Pretoria (v\u00e9grehajt\u00f3 hatalom), Fokv\u00e1ros (t\u00f6rv\u00e9nyhoz\u00e1s) \u00e9s Bloemfontein (igazs\u00e1gszolg\u00e1ltat\u00e1s).<\/li>\n\n\n\n<li>Egy\u00e9b f\u0151bb v\u00e1rosok: Johannesburg, Durban, Soweto<\/li>\n\n\n\n<li>N\u00e9pess\u00e9g: (2022-es becsl\u00e9s)<\/li>\n\n\n\n<li>Nyelv: D\u00e9l-Afrika tizenegy hivatalos nyelvvel rendelkezik: A leggyakrabban besz\u00e9lt nyelvek a zulu \u00e9s a xhosa, emellett az angol, az afrikaans \u00e9s kilenc etnikai nyelv. B\u00e1r a legt\u00f6bb d\u00e9l-afrikai t\u00f6bb nyelven is tud kommunik\u00e1lni, az angol a leggyakrabban besz\u00e9lt nyelv, \u00e9s ez a hivatalos \u00fczleti \u00e9s kereskedelmi nyelv.<\/li>\n\n\n\n<li>P\u00e9nznem: ZAR<\/li>\n\n\n\n<li>A d\u00e9l-afrikai Fokv\u00e1rosban v\u00e9gezt\u00e9k el a vil\u00e1g els\u0151 sz\u00edv\u00e1t\u00fcltet\u00e9s\u00e9t. Dr. Christiaan Barnard 1967. december 3-\u00e1n v\u00e9gezte el a vil\u00e1g els\u0151 sz\u00edv\u00e1t\u00fcltet\u00e9s\u00e9t a fokv\u00e1rosi Groote Schuur k\u00f3rh\u00e1zban.<\/li>\n\n\n\n<li>A Nyugati-fok \u00e9s Keleti-fok hat\u00e1r\u00e1n tal\u00e1lhat\u00f3 Tsitsikamma a vil\u00e1g legmagasabb kereskedelmi c\u00e9l\u00fa bungee jumpingja! A Bloukrans-h\u00eddr\u00f3l 216 m\u00e9ter magasra ugorhatsz, \u00e9s a leveg\u0151ben a lenti Bloukrans-foly\u00f3 fel\u00e9 sz\u00e1rnyalhatsz.<\/li>\n\n\n\n<li>Fokv\u00e1ros ikonikus Asztalhegye a vil\u00e1g egyik legr\u00e9gebbi hegy\u00e9nek sz\u00e1m\u00edt. A hegy k\u00f6r\u00fclbel\u00fcl 260 milli\u00f3 \u00e9ves, \u00e9s t\u00f6bb ezer n\u00f6v\u00e9nyfajnak ad otthont, k\u00f6zt\u00fck a Cape Floral r\u00e9gi\u00f3ban egyed\u00fcl\u00e1ll\u00f3 fajoknak.<\/li>\n\n\n\n<li>Az Asztal-hegy a vil\u00e1g 7 \u00faj term\u00e9szeti csod\u00e1j\u00e1nak egyike.<\/li>\n<\/ul>\n\n\n\n<p>Tudtad, hogy\u2026?<\/p>\n\n\n\n<ul class=\"wp-block-list\">\n<li>A Red Bull D\u00e9l-Afrika nemzeti irod\u00e1ja a fokv\u00e1rosi V&amp;A Waterfrontban tal\u00e1lhat\u00f3 \u2013 a d\u00e9li f\u00e9lteke legr\u00e9gebbi m\u0171k\u00f6d\u0151 kik\u00f6t\u0151j\u00e9ben \u00e9s Afrika egyik legl\u00e1togatottabb \u00fati c\u00e9lj\u00e1ban. A h\u00edres Table Mountain a h\u00e1tter\u00fcnk, ahonnan sz\u00e9lesk\u00f6r\u0171 kil\u00e1t\u00e1s ny\u00edlik az \u00f3ce\u00e1nra, a v\u00e1rosra \u00e9s a Hottentots-Holland-hegys\u00e9g cs\u00facsaira.<\/li>\n\n\n\n<li>A Red Bull 1997-ben jelent meg a d\u00e9l-afrikai piacon, 10 \u00e9vvel azut\u00e1n, hogy 1987-ben Ausztri\u00e1ban eladt\u00e1k az els\u0151 Red Bull doboz\u00e1t.<\/li>\n<\/ul>\n","protected":false},"featured_media":15269,"template":"","region":[335],"class_list":["post-15647","roaming","type-roaming","status-publish","has-post-thumbnail","hentry","region-afrika"],"_links":{"self":[{"href":"http:\/\/esim2.clientinternals.webcase.pl\/hu\/wp-json\/wp\/v2\/roaming\/15647","targetHints":{"allow":["GET"]}}],"collection":[{"href":"http:\/\/esim2.clientinternals.webcase.pl\/hu\/wp-json\/wp\/v2\/roaming"}],"about":[{"href":"http:\/\/esim2.clientinternals.webcase.pl\/hu\/wp-json\/wp\/v2\/types\/roaming"}],"wp:featuredmedia":[{"embeddable":true,"href":"http:\/\/esim2.clientinternals.webcase.pl\/hu\/wp-json\/wp\/v2\/media\/15269"}],"wp:attachment":[{"href":"http:\/\/esim2.clientinternals.webcase.pl\/hu\/wp-json\/wp\/v2\/media?parent=15647"}],"wp:term":[{"taxonomy":"region","embeddable":true,"href":"http:\/\/esim2.clientinternals.webcase.pl\/hu\/wp-json\/wp\/v2\/region?post=15647"}],"curies":[{"name":"wp","href":"https:\/\/api.w.org\/{rel}","templated":true}]}}

Dél-Afrika

<p>Íme néhány érdekes és szórakoztató tény Dél-Afrikáról</p>



<ul class="wp-block-list">
<li>Országkód: +27</li>



<li>Főváros: Pretoria (végrehajtó hatalom), Fokváros (törvényhozás) és Bloemfontein (igazságszolgáltatás).</li>



<li>Egyéb főbb városok: Johannesburg, Durban, Soweto</li>



<li>Népesség: (2022-es becslés)</li>



<li>Nyelv: Dél-Afrika tizenegy hivatalos nyelvvel rendelkezik: A leggyakrabban beszélt nyelvek a zulu és a xhosa, emellett az angol, az afrikaans és kilenc etnikai nyelv. Bár a legtöbb dél-afrikai több nyelven is tud kommunikálni, az angol a leggyakrabban beszélt nyelv, és ez a hivatalos üzleti és kereskedelmi nyelv.</li>



<li>Pénznem: ZAR</li>



<li>A dél-afrikai Fokvárosban végezték el a világ első szívátültetését. Dr. Christiaan Barnard 1967. december 3-án végezte el a világ első szívátültetését a fokvárosi Groote Schuur kórházban.</li>



<li>A Nyugati-fok és Keleti-fok határán található Tsitsikamma a világ legmagasabb kereskedelmi célú bungee jumpingja! A Bloukrans-hídról 216 méter magasra ugorhatsz, és a levegőben a lenti Bloukrans-folyó felé szárnyalhatsz.</li>



<li>Fokváros ikonikus Asztalhegye a világ egyik legrégebbi hegyének számít. A hegy körülbelül 260 millió éves, és több ezer növényfajnak ad otthont, köztük a Cape Floral régióban egyedülálló fajoknak.</li>



<li>Az Asztal-hegy a világ 7 új természeti csodájának egyike.</li>
</ul>



<p>Tudtad, hogy…?</p>



<ul class="wp-block-list">
<li>A Red Bull Dél-Afrika nemzeti irodája a fokvárosi V&amp;A Waterfrontban található – a déli félteke legrégebbi működő kikötőjében és Afrika egyik leglátogatottabb úti céljában. A híres Table Mountain a hátterünk, ahonnan széleskörű kilátás nyílik az óceánra, a városra és a Hottentots-Holland-hegység csúcsaira.</li>



<li>A Red Bull 1997-ben jelent meg a dél-afrikai piacon, 10 évvel azután, hogy 1987-ben Ausztriában eladták az első Red Bull dobozát.</li>
</ul>
