{"id":15679,"date":"2024-02-23T18:47:50","date_gmt":"2024-02-23T17:47:50","guid":{"rendered":"http:\/\/esim2.clientinternals.webcase.pl\/?post_type=roaming&#038;p=15679"},"modified":"2024-03-14T12:21:24","modified_gmt":"2024-03-14T11:21:24","slug":"esim-ruanda","status":"publish","type":"roaming","link":"http:\/\/esim2.clientinternals.webcase.pl\/hu\/roaming\/esim-ruanda\/","title":{"rendered":"Ruanda"},"content":{"rendered":"\n<p>\u00cdme n\u00e9h\u00e1ny \u00e9rdekes t\u00e9ny Ruand\u00e1r\u00f3l:<\/p>\n\n\n\n<ul class=\"wp-block-list\">\n<li>Orsz\u00e1gk\u00f3d: +250<\/li>\n\n\n\n<li>F\u0151v\u00e1ros: Kigali<\/li>\n\n\n\n<li>Egy\u00e9b f\u0151bb v\u00e1rosok: Nyanza, Byumba, Ruhengeri<\/li>\n\n\n\n<li>N\u00e9pess\u00e9g: (2021-es becsl\u00e9s)<\/li>\n\n\n\n<li>Nyelv: Kinyarwanda<\/li>\n\n\n\n<li>P\u00e9nznem: Frank p\u00e9nznem: ruandai frank<\/li>\n\n\n\n<li>Ruanda egy tengerparttal nem rendelkez\u0151 orsz\u00e1g a k\u00f6z\u00e9p-afrikai Nagy Hasad\u00e9k-v\u00f6lgyben, \u00e9s Uganda, Tanz\u00e1nia, Burundi \u00e9s a Kong\u00f3i Demokratikus K\u00f6zt\u00e1rsas\u00e1g hat\u00e1rolja.<\/li>\n\n\n\n<li>Ruand\u00e1ban a kinyarwanda a leggyakrabban besz\u00e9lt nyelv a francia, az angol \u00e9s a szuah\u00e9li mellett.<\/li>\n\n\n\n<li>A m\u0171anyag zacsk\u00f3k 2008 \u00f3ta tilosak.<\/li>\n\n\n\n<li>Ruand\u00e1ban a vil\u00e1gon a legmagasabb a n\u0151k ar\u00e1nya a parlamentben.<\/li>\n<\/ul>\n\n\n\n<p>Tudtad, hogy\u2026?<\/p>\n\n\n\n<ul class=\"wp-block-list\">\n<li>A hegyi gorill\u00e1k popul\u00e1ci\u00f3j\u00e1nak mintegy 60%-a a Virunga massz\u00edvumban, a Vulk\u00e1nok Nemzeti Parkban tal\u00e1lhat\u00f3.<\/li>\n\n\n\n<li>Ruanda \u00e1tlagosan 1000 m\u00e9terrel van a tengerszint felett, \u00e9s soha nem s\u00fcllyed le a tengerszint al\u00e1.<\/li>\n<\/ul>\n","protected":false},"featured_media":15269,"template":"","region":[335],"class_list":["post-15679","roaming","type-roaming","status-publish","has-post-thumbnail","hentry","region-afrika"],"_links":{"self":[{"href":"http:\/\/esim2.clientinternals.webcase.pl\/hu\/wp-json\/wp\/v2\/roaming\/15679","targetHints":{"allow":["GET"]}}],"collection":[{"href":"http:\/\/esim2.clientinternals.webcase.pl\/hu\/wp-json\/wp\/v2\/roaming"}],"about":[{"href":"http:\/\/esim2.clientinternals.webcase.pl\/hu\/wp-json\/wp\/v2\/types\/roaming"}],"wp:featuredmedia":[{"embeddable":true,"href":"http:\/\/esim2.clientinternals.webcase.pl\/hu\/wp-json\/wp\/v2\/media\/15269"}],"wp:attachment":[{"href":"http:\/\/esim2.clientinternals.webcase.pl\/hu\/wp-json\/wp\/v2\/media?parent=15679"}],"wp:term":[{"taxonomy":"region","embeddable":true,"href":"http:\/\/esim2.clientinternals.webcase.pl\/hu\/wp-json\/wp\/v2\/region?post=15679"}],"curies":[{"name":"wp","href":"https:\/\/api.w.org\/{rel}","templated":true}]}}

<p>Íme néhány érdekes tény Ruandáról:</p>



<ul class="wp-block-list">
<li>Országkód: +250</li>



<li>Főváros: Kigali</li>



<li>Egyéb főbb városok: Nyanza, Byumba, Ruhengeri</li>



<li>Népesség: (2021-es becslés)</li>



<li>Nyelv: Kinyarwanda</li>



<li>Pénznem: Frank pénznem: ruandai frank</li>



<li>Ruanda egy tengerparttal nem rendelkező ország a közép-afrikai Nagy Hasadék-völgyben, és Uganda, Tanzánia, Burundi és a Kongói Demokratikus Köztársaság határolja.</li>



<li>Ruandában a kinyarwanda a leggyakrabban beszélt nyelv a francia, az angol és a szuahéli mellett.</li>



<li>A műanyag zacskók 2008 óta tilosak.</li>



<li>Ruandában a világon a legmagasabb a nők aránya a parlamentben.</li>
</ul>



<p>Tudtad, hogy…?</p>



<ul class="wp-block-list">
<li>A hegyi gorillák populációjának mintegy 60%-a a Virunga masszívumban, a Vulkánok Nemzeti Parkban található.</li>



<li>Ruanda átlagosan 1000 méterrel van a tengerszint felett, és soha nem süllyed le a tengerszint alá.</li>
</ul>
