{"id":15782,"date":"2024-02-23T19:18:35","date_gmt":"2024-02-23T18:18:35","guid":{"rendered":"http:\/\/esim2.clientinternals.webcase.pl\/?post_type=roaming&#038;p=15782"},"modified":"2024-03-15T08:57:26","modified_gmt":"2024-03-15T07:57:26","slug":"esim-torokorszag","status":"publish","type":"roaming","link":"http:\/\/esim2.clientinternals.webcase.pl\/hu\/roaming\/esim-torokorszag\/","title":{"rendered":"T\u00fcrkiye (T\u00f6r\u00f6korsz\u00e1g)"},"content":{"rendered":"\n<p>\u00cdme n\u00e9h\u00e1ny \u00e9rdekes \u00e9s sz\u00f3rakoztat\u00f3 t\u00e9ny T\u00fcrkiy\u00e9r\u0151l (T\u00f6r\u00f6korsz\u00e1g): <\/p>\n\n\n\n<ul class=\"wp-block-list\">\n<li>Orsz\u00e1gk\u00f3d: +90<\/li>\n\n\n\n<li>F\u0151v\u00e1ros: Ankara<\/li>\n\n\n\n<li>Egy\u00e9b f\u0151bb v\u00e1rosok: Isztambul, Antalya, Izmir, Bodrum.<\/li>\n\n\n\n<li>N\u00e9pess\u00e9g: 85,3 milli\u00f3 (2022-es becsl\u00e9s)<\/li>\n\n\n\n<li>Nyelv: A lakoss\u00e1g 90%-a t\u00f6r\u00f6k\u00fcl besz\u00e9l, de val\u00f3j\u00e1ban t\u00f6bb mint 30 kisebbs\u00e9gi nyelvet besz\u00e9lnek T\u00f6r\u00f6korsz\u00e1gban.<\/li>\n\n\n\n<li>P\u00e9nznem: T\u00f6r\u00f6k l\u00edra<\/li>\n\n\n\n<li>T\u00fcrkiye (T\u00f6r\u00f6korsz\u00e1g), hivatalosan T\u00f6r\u00f6k K\u00f6zt\u00e1rsas\u00e1g, egy transzkontinent\u00e1lis orsz\u00e1g, amely f\u0151k\u00e9nt az Anat\u00f3liai-f\u00e9lszigeten fekszik Nyugat-\u00c1zsi\u00e1ban, egy kis r\u00e9sz\u00e9vel a Balk\u00e1n-f\u00e9lszigeten, D\u00e9lkelet-Eur\u00f3p\u00e1ban.<\/li>\n\n\n\n<li>Isztambul k\u00e9t kontinensen \u00e9l. A v\u00e1rost a Boszporusz, egy szoros v\u00e1lasztja el egym\u00e1st\u00f3l, \u00e9s egy eur\u00f3pai \u00e9s egy \u00e1zsiai r\u00e9szb\u0151l \u00e1ll. T\u00f6r\u00f6korsz\u00e1g 95%-a \u00c1zsi\u00e1ban, 5%-a pedig Eur\u00f3p\u00e1ban tal\u00e1lhat\u00f3.<\/li>\n<\/ul>\n\n\n\n<p>Tudtad, hogy\u2026?<\/p>\n\n\n\n<ul class=\"wp-block-list\">\n<li>A T\u00f6r\u00f6k Nagyd\u00edj (T\u00fcrkiye Grand Prix) egy Formula-1-es aut\u00f3verseny, amelyet a Hermann Tilke \u00e1ltal tervezett Isztambul Parkban rendeznek. A verseny 2005 \u00e9s 2011 k\u00f6z\u00f6tt, valamint 2020 \u00e9s 2021 k\u00f6z\u00f6tt az F1-es vil\u00e1gbajnoks\u00e1g r\u00e9sze volt.<\/li>\n\n\n\n<li>Ez az a hely, ahol Sebastian Vettel 2011-ben bajnoki c\u00edmet szerzett a Red Bull Racingnek.<\/li>\n<\/ul>\n","protected":false},"featured_media":15738,"template":"","region":[337],"class_list":["post-15782","roaming","type-roaming","status-publish","has-post-thumbnail","hentry","region-azsia"],"_links":{"self":[{"href":"http:\/\/esim2.clientinternals.webcase.pl\/hu\/wp-json\/wp\/v2\/roaming\/15782","targetHints":{"allow":["GET"]}}],"collection":[{"href":"http:\/\/esim2.clientinternals.webcase.pl\/hu\/wp-json\/wp\/v2\/roaming"}],"about":[{"href":"http:\/\/esim2.clientinternals.webcase.pl\/hu\/wp-json\/wp\/v2\/types\/roaming"}],"wp:featuredmedia":[{"embeddable":true,"href":"http:\/\/esim2.clientinternals.webcase.pl\/hu\/wp-json\/wp\/v2\/media\/15738"}],"wp:attachment":[{"href":"http:\/\/esim2.clientinternals.webcase.pl\/hu\/wp-json\/wp\/v2\/media?parent=15782"}],"wp:term":[{"taxonomy":"region","embeddable":true,"href":"http:\/\/esim2.clientinternals.webcase.pl\/hu\/wp-json\/wp\/v2\/region?post=15782"}],"curies":[{"name":"wp","href":"https:\/\/api.w.org\/{rel}","templated":true}]}}

Türkiye (Törökország)

<p>Íme néhány érdekes és szórakoztató tény Türkiyéről (Törökország): </p>



<ul class="wp-block-list">
<li>Országkód: +90</li>



<li>Főváros: Ankara</li>



<li>Egyéb főbb városok: Isztambul, Antalya, Izmir, Bodrum.</li>



<li>Népesség: 85,3 millió (2022-es becslés)</li>



<li>Nyelv: A lakosság 90%-a törökül beszél, de valójában több mint 30 kisebbségi nyelvet beszélnek Törökországban.</li>



<li>Pénznem: Török líra</li>



<li>Türkiye (Törökország), hivatalosan Török Köztársaság, egy transzkontinentális ország, amely főként az Anatóliai-félszigeten fekszik Nyugat-Ázsiában, egy kis részével a Balkán-félszigeten, Délkelet-Európában.</li>



<li>Isztambul két kontinensen él. A várost a Boszporusz, egy szoros választja el egymástól, és egy európai és egy ázsiai részből áll. Törökország 95%-a Ázsiában, 5%-a pedig Európában található.</li>
</ul>



<p>Tudtad, hogy…?</p>



<ul class="wp-block-list">
<li>A Török Nagydíj (Türkiye Grand Prix) egy Formula-1-es autóverseny, amelyet a Hermann Tilke által tervezett Isztambul Parkban rendeznek. A verseny 2005 és 2011 között, valamint 2020 és 2021 között az F1-es világbajnokság része volt.</li>



<li>Ez az a hely, ahol Sebastian Vettel 2011-ben bajnoki címet szerzett a Red Bull Racingnek.</li>
</ul>
