{"id":15894,"date":"2024-02-23T19:15:10","date_gmt":"2024-02-23T18:15:10","guid":{"rendered":"http:\/\/esim2.clientinternals.webcase.pl\/?post_type=roaming&#038;p=15894"},"modified":"2024-03-14T22:47:26","modified_gmt":"2024-03-14T21:47:26","slug":"esim-fulop-szigetek","status":"publish","type":"roaming","link":"http:\/\/esim2.clientinternals.webcase.pl\/hu\/roaming\/esim-fulop-szigetek\/","title":{"rendered":"F\u00fcl\u00f6p-szigetek"},"content":{"rendered":"\n<p>\u00cdme n\u00e9h\u00e1ny \u00e9rdekes t\u00e9ny a F\u00fcl\u00f6p-szigetekr\u0151l:<\/p>\n\n\n\n<ul class=\"wp-block-list\">\n<li>Orsz\u00e1gk\u00f3d: +63<\/li>\n\n\n\n<li>F\u0151v\u00e1ros: Manila<\/li>\n\n\n\n<li>Egy\u00e9b f\u0151bb v\u00e1rosok: Taguig, Caloocan, Pasig<\/li>\n\n\n\n<li>N\u00e9pess\u00e9g: (2021-es becsl\u00e9s)<\/li>\n\n\n\n<li>Nyelv: F\u00fcl\u00f6p-szigeteki \u00e9s angol<\/li>\n\n\n\n<li>P\u00e9nznem: F\u00fcl\u00f6p-szigeteki peso<\/li>\n\n\n\n<li>A F\u00fcl\u00f6p-szigetek lakoss\u00e1g\u00e1nak mintegy fele tagalog \u00e9s cebuano nyelven besz\u00e9l. Csak a filipp\u00edn\u00f3 \u00e9s az angol a hivatalos nyelv, \u00e9s ezeket tan\u00edtj\u00e1k az iskol\u00e1kban.<\/li>\n\n\n\n<li>A F\u00fcl\u00f6p-szigetek 7641 szigetb\u0151l \u00e1ll, amelyeket nagyj\u00e1b\u00f3l h\u00e1rom f\u0151 f\u00f6ldrajzi oszt\u00e1lyba sorolnak \u00e9szakr\u00f3l d\u00e9lre: Luzon, Visayas \u00e9s Mindanao.<\/li>\n\n\n\n<li>A vil\u00e1g legnagyobb \u00e9s legdr\u00e1g\u00e1bb gy\u00f6ngy\u00e9t a F\u00fcl\u00f6p-szigeteken, Palawanban tal\u00e1lt\u00e1k, 75 font s\u00faly\u00fa \u00e9s 100 milli\u00f3 doll\u00e1rra becs\u00fclt\u00e9k.<\/li>\n\n\n\n<li>A Puerta Princesa F\u00f6ldalatti Foly\u00f3 Nemzeti Park \u00e9vmilli\u00f3kkal ezel\u0151tt j\u00f6tt l\u00e9tre, \u00e9s 24 km hosszan h\u00faz\u00f3dik a hegyek alatt. Ez a leghosszabb haj\u00f3zhat\u00f3 f\u00f6ldalatti foly\u00f3.<\/li>\n<\/ul>\n\n\n\n<p>Tudtad, hogy\u2026?<\/p>\n\n\n\n<ul class=\"wp-block-list\">\n<li>A vil\u00e1g t\u00edz legnagyobb bev\u00e1s\u00e1rl\u00f3k\u00f6zpontja k\u00f6z\u00fcl h\u00e1rom a F\u00fcl\u00f6p-szigeteken tal\u00e1lhat\u00f3.<\/li>\n\n\n\n<li>Camiguin az egyetlen sziget a F\u00f6ld\u00f6n, ahol t\u00f6bb vulk\u00e1n van, mint v\u00e1ros.<\/li>\n<\/ul>\n","protected":false},"featured_media":15738,"template":"","region":[337],"class_list":["post-15894","roaming","type-roaming","status-publish","has-post-thumbnail","hentry","region-azsia"],"_links":{"self":[{"href":"http:\/\/esim2.clientinternals.webcase.pl\/hu\/wp-json\/wp\/v2\/roaming\/15894","targetHints":{"allow":["GET"]}}],"collection":[{"href":"http:\/\/esim2.clientinternals.webcase.pl\/hu\/wp-json\/wp\/v2\/roaming"}],"about":[{"href":"http:\/\/esim2.clientinternals.webcase.pl\/hu\/wp-json\/wp\/v2\/types\/roaming"}],"wp:featuredmedia":[{"embeddable":true,"href":"http:\/\/esim2.clientinternals.webcase.pl\/hu\/wp-json\/wp\/v2\/media\/15738"}],"wp:attachment":[{"href":"http:\/\/esim2.clientinternals.webcase.pl\/hu\/wp-json\/wp\/v2\/media?parent=15894"}],"wp:term":[{"taxonomy":"region","embeddable":true,"href":"http:\/\/esim2.clientinternals.webcase.pl\/hu\/wp-json\/wp\/v2\/region?post=15894"}],"curies":[{"name":"wp","href":"https:\/\/api.w.org\/{rel}","templated":true}]}}

Fülöp-szigetek

<p>Íme néhány érdekes tény a Fülöp-szigetekről:</p>



<ul class="wp-block-list">
<li>Országkód: +63</li>



<li>Főváros: Manila</li>



<li>Egyéb főbb városok: Taguig, Caloocan, Pasig</li>



<li>Népesség: (2021-es becslés)</li>



<li>Nyelv: Fülöp-szigeteki és angol</li>



<li>Pénznem: Fülöp-szigeteki peso</li>



<li>A Fülöp-szigetek lakosságának mintegy fele tagalog és cebuano nyelven beszél. Csak a filippínó és az angol a hivatalos nyelv, és ezeket tanítják az iskolákban.</li>



<li>A Fülöp-szigetek 7641 szigetből áll, amelyeket nagyjából három fő földrajzi osztályba sorolnak északról délre: Luzon, Visayas és Mindanao.</li>



<li>A világ legnagyobb és legdrágább gyöngyét a Fülöp-szigeteken, Palawanban találták, 75 font súlyú és 100 millió dollárra becsülték.</li>



<li>A Puerta Princesa Földalatti Folyó Nemzeti Park évmilliókkal ezelőtt jött létre, és 24 km hosszan húzódik a hegyek alatt. Ez a leghosszabb hajózható földalatti folyó.</li>
</ul>



<p>Tudtad, hogy…?</p>



<ul class="wp-block-list">
<li>A világ tíz legnagyobb bevásárlóközpontja közül három a Fülöp-szigeteken található.</li>



<li>Camiguin az egyetlen sziget a Földön, ahol több vulkán van, mint város.</li>
</ul>
