{"id":16242,"date":"2024-02-23T19:12:45","date_gmt":"2024-02-23T18:12:45","guid":{"rendered":"http:\/\/esim2.clientinternals.webcase.pl\/?post_type=roaming&#038;p=16242"},"modified":"2024-03-14T21:18:11","modified_gmt":"2024-03-14T20:18:11","slug":"esim-makao","status":"publish","type":"roaming","link":"http:\/\/esim2.clientinternals.webcase.pl\/hu\/roaming\/esim-makao\/","title":{"rendered":"Maka\u00f3"},"content":{"rendered":"\n<p>\u00cdme n\u00e9h\u00e1ny \u00e9rdekes t\u00e9ny Maka\u00f3r\u00f3l:<\/p>\n\n\n\n<ul class=\"wp-block-list\">\n<li>Orsz\u00e1gk\u00f3d: +853<\/li>\n\n\n\n<li>F\u0151v\u00e1ros: Maka\u00f3nak nincs f\u0151v\u00e1rosa, ez a saj\u00e1t f\u0151v\u00e1rosa.<\/li>\n\n\n\n<li>N\u00e9pess\u00e9g: (2021-es becsl\u00e9s)<\/li>\n\n\n\n<li>Nyelv: Maka\u00f3 hivatalos nyelvei a portug\u00e1l \u00e9s a standard k\u00ednai; a legelterjedtebb helyi nyelv a kantoni.<\/li>\n\n\n\n<li>P\u00e9nznem: Pataca<\/li>\n\n\n\n<li>Maka\u00f3 egy auton\u00f3m r\u00e9gi\u00f3 K\u00edna d\u00e9li partvid\u00e9k\u00e9n. Hongkonggal szemben a Gy\u00f6ngy-foly\u00f3 delt\u00e1j\u00e1ban fekszik.<\/li>\n\n\n\n<li>1999-ig portug\u00e1l ter\u00fclet volt, \u00e9s a kultur\u00e1lis hat\u00e1sok kevered\u00e9s\u00e9t t\u00fckr\u00f6zi.<\/li>\n\n\n\n<li>Maka\u00f3 volt Eur\u00f3pa els\u0151 \u00e9s egyben utols\u00f3 gyarmati el\u0151retolt \u00e1ll\u00e1sa \u00c1zsi\u00e1ban, ahol a portug\u00e1lok 442 \u00e9ven \u00e1t, 1999-ig uralkodtak.<\/li>\n\n\n\n<li>Maka\u00f3nak m\u00e1s t\u00f6rv\u00e9nyei vannak, mint K\u00edn\u00e1nak, \u00e9s megtartja a saj\u00e1t jogrendszere \u00e9s bev\u00e1ndorl\u00e1si politik\u00e1ja feletti ellen\u0151rz\u00e9st. Az \u201eEgy orsz\u00e1g, k\u00e9t rendszer\u201d politika a szuverenit\u00e1s \u00e1tad\u00e1s\u00e1t\u00f3l sz\u00e1m\u00edtott 50 \u00e9vig \u2013 2049-ig \u2013 van \u00e9rv\u00e9nyben.<\/li>\n<\/ul>\n\n\n\n<p>Tudtad, hogy\u2026?<\/p>\n\n\n\n<ul class=\"wp-block-list\">\n<li>A Cotai Strip \u00f3ri\u00e1si kaszin\u00f3i \u00e9s bev\u00e1s\u00e1rl\u00f3k\u00f6zpontjai miatt a v\u00e1ros az \u201e\u00c1zsia Las Vegas-a\u201d becenevet kapta.<\/li>\n\n\n\n<li>A maka\u00f3i torony ad otthont a vil\u00e1g legmagasabb, 233 m\u00e9teres kereskedelmi c\u00e9l\u00fa bungee jumpj\u00e1nak.<\/li>\n<\/ul>\n","protected":false},"featured_media":15738,"template":"","region":[337],"class_list":["post-16242","roaming","type-roaming","status-publish","has-post-thumbnail","hentry","region-azsia"],"_links":{"self":[{"href":"http:\/\/esim2.clientinternals.webcase.pl\/hu\/wp-json\/wp\/v2\/roaming\/16242","targetHints":{"allow":["GET"]}}],"collection":[{"href":"http:\/\/esim2.clientinternals.webcase.pl\/hu\/wp-json\/wp\/v2\/roaming"}],"about":[{"href":"http:\/\/esim2.clientinternals.webcase.pl\/hu\/wp-json\/wp\/v2\/types\/roaming"}],"wp:featuredmedia":[{"embeddable":true,"href":"http:\/\/esim2.clientinternals.webcase.pl\/hu\/wp-json\/wp\/v2\/media\/15738"}],"wp:attachment":[{"href":"http:\/\/esim2.clientinternals.webcase.pl\/hu\/wp-json\/wp\/v2\/media?parent=16242"}],"wp:term":[{"taxonomy":"region","embeddable":true,"href":"http:\/\/esim2.clientinternals.webcase.pl\/hu\/wp-json\/wp\/v2\/region?post=16242"}],"curies":[{"name":"wp","href":"https:\/\/api.w.org\/{rel}","templated":true}]}}

Makaó

<p>Íme néhány érdekes tény Makaóról:</p>



<ul class="wp-block-list">
<li>Országkód: +853</li>



<li>Főváros: Makaónak nincs fővárosa, ez a saját fővárosa.</li>



<li>Népesség: (2021-es becslés)</li>



<li>Nyelv: Makaó hivatalos nyelvei a portugál és a standard kínai; a legelterjedtebb helyi nyelv a kantoni.</li>



<li>Pénznem: Pataca</li>



<li>Makaó egy autonóm régió Kína déli partvidékén. Hongkonggal szemben a Gyöngy-folyó deltájában fekszik.</li>



<li>1999-ig portugál terület volt, és a kulturális hatások keveredését tükrözi.</li>



<li>Makaó volt Európa első és egyben utolsó gyarmati előretolt állása Ázsiában, ahol a portugálok 442 éven át, 1999-ig uralkodtak.</li>



<li>Makaónak más törvényei vannak, mint Kínának, és megtartja a saját jogrendszere és bevándorlási politikája feletti ellenőrzést. Az „Egy ország, két rendszer” politika a szuverenitás átadásától számított 50 évig – 2049-ig – van érvényben.</li>
</ul>



<p>Tudtad, hogy…?</p>



<ul class="wp-block-list">
<li>A Cotai Strip óriási kaszinói és bevásárlóközpontjai miatt a város az „Ázsia Las Vegas-a” becenevet kapta.</li>



<li>A makaói torony ad otthont a világ legmagasabb, 233 méteres kereskedelmi célú bungee jumpjának.</li>
</ul>
