{"id":16537,"date":"2024-02-23T19:06:33","date_gmt":"2024-02-23T18:06:33","guid":{"rendered":"http:\/\/esim2.clientinternals.webcase.pl\/?post_type=roaming&#038;p=16537"},"modified":"2024-03-15T07:35:43","modified_gmt":"2024-03-15T06:35:43","slug":"esim-sri-lanka","status":"publish","type":"roaming","link":"http:\/\/esim2.clientinternals.webcase.pl\/hu\/roaming\/esim-sri-lanka\/","title":{"rendered":"Sri Lanka"},"content":{"rendered":"\n<p>\u00cdme n\u00e9h\u00e1ny \u00e9rdekes \u00e9s sz\u00f3rakoztat\u00f3 t\u00e9ny Sri Lank\u00e1r\u00f3l:<\/p>\n\n\n\n<ul class=\"wp-block-list\">\n<li>Orsz\u00e1gk\u00f3d: +94<\/li>\n\n\n\n<li>F\u0151v\u00e1ros: Colombo a v\u00e9grehajt\u00f3 \u00e9s igazs\u00e1g\u00fcgyi f\u0151v\u00e1ros, Sri Jayewardenepura Kotte pedig a t\u00f6rv\u00e9nyhoz\u00e1s f\u0151v\u00e1rosa.<\/li>\n\n\n\n<li>Egy\u00e9b f\u0151bb v\u00e1rosok: Kotte, Negombo, Anuradhapura, Sri Jayawardenepura Kotte.<\/li>\n\n\n\n<li>N\u00e9pess\u00e9g: 22,16 milli\u00f3 (2021-es becsl\u00e9s)<\/li>\n\n\n\n<li>Nyelv: nyelv: szingal\u00e9z \u00e9s tamil,<\/li>\n\n\n\n<li>P\u00e9nznem: R\u00fapia<\/li>\n\n\n\n<li>Sr\u00ed Lanka egy szigetorsz\u00e1g D\u00e9l-\u00c1zsi\u00e1ban.<\/li>\n\n\n\n<li>Sr\u00ed Lanka t\u00f6rt\u00e9nelmileg Ceylon n\u00e9ven ismert, hivatalosan pedig Sr\u00ed Lanka Demokratikus Szocialista K\u00f6zt\u00e1rsas\u00e1g.<\/li>\n\n\n\n<li>A sziget az Indiai-\u00f3ce\u00e1nban, a Beng\u00e1li-\u00f6b\u00f6lt\u0151l d\u00e9lnyugatra fekszik, az Indiai-f\u00e9lszigett\u0151l a Mann\u00e1r-\u00f6b\u00f6l \u00e9s a Palk-szoros v\u00e1lasztja el.<\/li>\n\n\n\n<li>A Lipton te\u00e1t 1890-ben alap\u00edtott\u00e1k Sri Lank\u00e1n.<\/li>\n<\/ul>\n\n\n\n<p>Tudtad, hogy\u2026?<\/p>\n\n\n\n<ul class=\"wp-block-list\">\n<li>Sr\u00ed Lank\u00e1t India \u201ek\u00f6nnycseppjek\u00e9nt\u201d ismerik, mivel k\u00fcl\u00f6nleges alakja \u00e9s elhelyezked\u00e9se miatt India d\u00e9li r\u00e9sz\u00e9n fekszik.<\/li>\n\n\n\n<li>A Jungfraujoch vas\u00fat\u00e1llom\u00e1st \u201eEur\u00f3pa cs\u00facsak\u00e9nt\u201d ismerik.<\/li>\n\n\n\n<li>1960-ban Sirimavo Bandaranaike lett a vil\u00e1g els\u0151 n\u0151i minisztereln\u00f6ke.<\/li>\n<\/ul>\n","protected":false},"featured_media":15738,"template":"","region":[337],"class_list":["post-16537","roaming","type-roaming","status-publish","has-post-thumbnail","hentry","region-azsia"],"_links":{"self":[{"href":"http:\/\/esim2.clientinternals.webcase.pl\/hu\/wp-json\/wp\/v2\/roaming\/16537","targetHints":{"allow":["GET"]}}],"collection":[{"href":"http:\/\/esim2.clientinternals.webcase.pl\/hu\/wp-json\/wp\/v2\/roaming"}],"about":[{"href":"http:\/\/esim2.clientinternals.webcase.pl\/hu\/wp-json\/wp\/v2\/types\/roaming"}],"wp:featuredmedia":[{"embeddable":true,"href":"http:\/\/esim2.clientinternals.webcase.pl\/hu\/wp-json\/wp\/v2\/media\/15738"}],"wp:attachment":[{"href":"http:\/\/esim2.clientinternals.webcase.pl\/hu\/wp-json\/wp\/v2\/media?parent=16537"}],"wp:term":[{"taxonomy":"region","embeddable":true,"href":"http:\/\/esim2.clientinternals.webcase.pl\/hu\/wp-json\/wp\/v2\/region?post=16537"}],"curies":[{"name":"wp","href":"https:\/\/api.w.org\/{rel}","templated":true}]}}

<p>Íme néhány érdekes és szórakoztató tény Sri Lankáról:</p>



<ul class="wp-block-list">
<li>Országkód: +94</li>



<li>Főváros: Colombo a végrehajtó és igazságügyi főváros, Sri Jayewardenepura Kotte pedig a törvényhozás fővárosa.</li>



<li>Egyéb főbb városok: Kotte, Negombo, Anuradhapura, Sri Jayawardenepura Kotte.</li>



<li>Népesség: 22,16 millió (2021-es becslés)</li>



<li>Nyelv: nyelv: szingaléz és tamil,</li>



<li>Pénznem: Rúpia</li>



<li>Srí Lanka egy szigetország Dél-Ázsiában.</li>



<li>Srí Lanka történelmileg Ceylon néven ismert, hivatalosan pedig Srí Lanka Demokratikus Szocialista Köztársaság.</li>



<li>A sziget az Indiai-óceánban, a Bengáli-öböltől délnyugatra fekszik, az Indiai-félszigettől a Mannár-öböl és a Palk-szoros választja el.</li>



<li>A Lipton teát 1890-ben alapították Sri Lankán.</li>
</ul>



<p>Tudtad, hogy…?</p>



<ul class="wp-block-list">
<li>Srí Lankát India „könnycseppjeként” ismerik, mivel különleges alakja és elhelyezkedése miatt India déli részén fekszik.</li>



<li>A Jungfraujoch vasútállomást „Európa csúcsaként” ismerik.</li>



<li>1960-ban Sirimavo Bandaranaike lett a világ első női miniszterelnöke.</li>
</ul>
