{"id":16597,"date":"2024-02-23T19:03:12","date_gmt":"2024-02-23T18:03:12","guid":{"rendered":"http:\/\/esim2.clientinternals.webcase.pl\/?post_type=roaming&#038;p=16597"},"modified":"2024-03-14T22:34:17","modified_gmt":"2024-03-14T21:34:17","slug":"esim-pakisztan","status":"publish","type":"roaming","link":"http:\/\/esim2.clientinternals.webcase.pl\/hu\/roaming\/esim-pakisztan\/","title":{"rendered":"Pakiszt\u00e1n"},"content":{"rendered":"\n<p>\u00cdme n\u00e9h\u00e1ny \u00e9rdekes t\u00e9ny Pakiszt\u00e1nr\u00f3l:<\/p>\n\n\n\n<ul class=\"wp-block-list\">\n<li>F\u0151v\u00e1ros: Iszl\u00e1m\u00e1b\u00e1d<\/li>\n\n\n\n<li>N\u00e9pess\u00e9g: 231,4 milli\u00f3 (becsl\u00e9s szerint 2021)<\/li>\n\n\n\n<li>Orsz\u00e1gk\u00f3d: +92<\/li>\n\n\n\n<li>P\u00e9nznem: Pakiszt\u00e1ni r\u00fapia<\/li>\n\n\n\n<li>Nyelv: Urdu<\/li>\n\n\n\n<li>Egy\u00e9b \u00e9rdekes helyek: Peshawar, Multan, Gwadar.<\/li>\n\n\n\n<li>A Pakiszt\u00e1ni Iszl\u00e1m K\u00f6zt\u00e1rsas\u00e1g egy d\u00e9l-\u00e1zsiai orsz\u00e1g.<\/li>\n\n\n\n<li>Pakiszt\u00e1n ad otthont a m\u00e1sodik legmagasabb hegynek \u2013 a K2-nek.<\/li>\n\n\n\n<li>A vil\u00e1gh\u00edr\u0171 r\u00f3zsasz\u00edn himal\u00e1jai s\u00f3t Pakiszt\u00e1nban b\u00e1ny\u00e1ssz\u00e1k.<\/li>\n\n\n\n<li>A vil\u00e1g legmagasabb aszfaltozott \u00fatja, a vil\u00e1g nyolcadik csod\u00e1ja (a K\u00edna-Pakiszt\u00e1n bar\u00e1ts\u00e1gi aut\u00f3p\u00e1lya vagy Karakorum aut\u00f3p\u00e1lya) Pakiszt\u00e1nban tal\u00e1lhat\u00f3.<\/li>\n<\/ul>\n\n\n\n<p>Tudtad, hogy\u2026?<\/p>\n\n\n\n<ul class=\"wp-block-list\">\n<li>A \u201eKhewra s\u00f3b\u00e1nya\u201d a vil\u00e1g m\u00e1sodik legnagyobb \u00e9s legr\u00e9gebbi s\u00f3b\u00e1ny\u00e1ja.<\/li>\n\n\n\n<li>A gwadari kik\u00f6t\u0151 a vil\u00e1g legnagyobb m\u00e9lytengeri kik\u00f6t\u0151je.<\/li>\n<\/ul>\n","protected":false},"featured_media":15738,"template":"","region":[337],"class_list":["post-16597","roaming","type-roaming","status-publish","has-post-thumbnail","hentry","region-azsia"],"_links":{"self":[{"href":"http:\/\/esim2.clientinternals.webcase.pl\/hu\/wp-json\/wp\/v2\/roaming\/16597","targetHints":{"allow":["GET"]}}],"collection":[{"href":"http:\/\/esim2.clientinternals.webcase.pl\/hu\/wp-json\/wp\/v2\/roaming"}],"about":[{"href":"http:\/\/esim2.clientinternals.webcase.pl\/hu\/wp-json\/wp\/v2\/types\/roaming"}],"wp:featuredmedia":[{"embeddable":true,"href":"http:\/\/esim2.clientinternals.webcase.pl\/hu\/wp-json\/wp\/v2\/media\/15738"}],"wp:attachment":[{"href":"http:\/\/esim2.clientinternals.webcase.pl\/hu\/wp-json\/wp\/v2\/media?parent=16597"}],"wp:term":[{"taxonomy":"region","embeddable":true,"href":"http:\/\/esim2.clientinternals.webcase.pl\/hu\/wp-json\/wp\/v2\/region?post=16597"}],"curies":[{"name":"wp","href":"https:\/\/api.w.org\/{rel}","templated":true}]}}

Pakisztán

<p>Íme néhány érdekes tény Pakisztánról:</p>



<ul class="wp-block-list">
<li>Főváros: Iszlámábád</li>



<li>Népesség: 231,4 millió (becslés szerint 2021)</li>



<li>Országkód: +92</li>



<li>Pénznem: Pakisztáni rúpia</li>



<li>Nyelv: Urdu</li>



<li>Egyéb érdekes helyek: Peshawar, Multan, Gwadar.</li>



<li>A Pakisztáni Iszlám Köztársaság egy dél-ázsiai ország.</li>



<li>Pakisztán ad otthont a második legmagasabb hegynek – a K2-nek.</li>



<li>A világhírű rózsaszín himalájai sót Pakisztánban bányásszák.</li>



<li>A világ legmagasabb aszfaltozott útja, a világ nyolcadik csodája (a Kína-Pakisztán barátsági autópálya vagy Karakorum autópálya) Pakisztánban található.</li>
</ul>



<p>Tudtad, hogy…?</p>



<ul class="wp-block-list">
<li>A „Khewra sóbánya” a világ második legnagyobb és legrégebbi sóbányája.</li>



<li>A gwadari kikötő a világ legnagyobb mélytengeri kikötője.</li>
</ul>
