{"id":16608,"date":"2024-02-23T19:02:35","date_gmt":"2024-02-23T18:02:35","guid":{"rendered":"http:\/\/esim2.clientinternals.webcase.pl\/?post_type=roaming&#038;p=16608"},"modified":"2024-03-14T22:04:18","modified_gmt":"2024-03-14T21:04:18","slug":"esim-mianmar","status":"publish","type":"roaming","link":"http:\/\/esim2.clientinternals.webcase.pl\/hu\/roaming\/esim-mianmar\/","title":{"rendered":"Mianmar"},"content":{"rendered":"\n<p>\u00cdme n\u00e9h\u00e1ny \u00e9rdekes t\u00e9ny Mianmarr\u00f3l:<\/p>\n\n\n\n<ul class=\"wp-block-list\">\n<li>Orsz\u00e1gk\u00f3d: +95<\/li>\n\n\n\n<li>F\u0151v\u00e1ros: Naypyidaw<\/li>\n\n\n\n<li>Egy\u00e9b f\u0151bb v\u00e1rosok: Taunggyi, Monywa, Yangon<\/li>\n\n\n\n<li>N\u00e9pess\u00e9g: (2021-es becsl\u00e9s)<\/li>\n\n\n\n<li>Nyelv: Burmai<\/li>\n\n\n\n<li>P\u00e9nznem: Mianmar Kyat<\/li>\n\n\n\n<li>M\u00edg az orsz\u00e1g f\u0151v\u00e1rosa Naypyidaw, addig a legnagyobb v\u00e1ros Yangon (kor\u00e1bban Rangoon).<\/li>\n\n\n\n<li>Yangon ny\u00fczsg\u0151 piacoknak, sz\u00e1mos parknak \u00e9s t\u00f3nak ad otthont, valamint a 6. sz\u00e1zadb\u00f3l sz\u00e1rmaz\u00f3, buddhista erekly\u00e9ket tartalmaz\u00f3, tornyos, aranyozott Shwedagon pagod\u00e1nak.<\/li>\n\n\n\n<li>A Thanaka egy kiv\u00e1lasztott f\u00e1k k\u00e9rg\u00e9b\u0151l k\u00e9sz\u00fclt kozmetikai paszta, amely \u00e1ll\u00edt\u00f3lag sim\u00e1n tartja a b\u0151rt \u00e9s v\u00e9d a nap k\u00e1rosod\u00e1s\u00e1t\u00f3l.<\/li>\n\n\n\n<li>Mianmar egyike annak a h\u00e1rom orsz\u00e1gnak a vil\u00e1gon, amely nem haszn\u00e1lja a metrikus rendszert. Az orsz\u00e1g m\u00e9g mindig saj\u00e1t m\u00e9rt\u00e9kegys\u00e9geket haszn\u00e1l.<\/li>\n<\/ul>\n\n\n\n<p>Tudtad, hogy\u2026?<\/p>\n\n\n\n<ul class=\"wp-block-list\">\n<li>Mianmarban tal\u00e1lhat\u00f3k a vil\u00e1g legjobb rubinjai, amelyeknek magas a kr\u00f3m- \u00e9s alacsony a vastartalmuk, ami magas fluoreszcenci\u00e1t \u00e9s a h\u0151n \u00e1h\u00edtott \u201egalambv\u00e9r\u201d \u00e1rnyalatot k\u00f6lcs\u00f6n\u00f6z nekik.<\/li>\n\n\n\n<li>Burm\u00e1ban t\u00f6bb mint 130 etnikai csoport \u00e9l, \u00e9s a vil\u00e1g 75. kultur\u00e1lisan \u00e9s etnikailag legv\u00e1ltozatosabb orsz\u00e1ga.<\/li>\n<\/ul>\n","protected":false},"featured_media":15738,"template":"","region":[337],"class_list":["post-16608","roaming","type-roaming","status-publish","has-post-thumbnail","hentry","region-azsia"],"_links":{"self":[{"href":"http:\/\/esim2.clientinternals.webcase.pl\/hu\/wp-json\/wp\/v2\/roaming\/16608","targetHints":{"allow":["GET"]}}],"collection":[{"href":"http:\/\/esim2.clientinternals.webcase.pl\/hu\/wp-json\/wp\/v2\/roaming"}],"about":[{"href":"http:\/\/esim2.clientinternals.webcase.pl\/hu\/wp-json\/wp\/v2\/types\/roaming"}],"wp:featuredmedia":[{"embeddable":true,"href":"http:\/\/esim2.clientinternals.webcase.pl\/hu\/wp-json\/wp\/v2\/media\/15738"}],"wp:attachment":[{"href":"http:\/\/esim2.clientinternals.webcase.pl\/hu\/wp-json\/wp\/v2\/media?parent=16608"}],"wp:term":[{"taxonomy":"region","embeddable":true,"href":"http:\/\/esim2.clientinternals.webcase.pl\/hu\/wp-json\/wp\/v2\/region?post=16608"}],"curies":[{"name":"wp","href":"https:\/\/api.w.org\/{rel}","templated":true}]}}

<p>Íme néhány érdekes tény Mianmarról:</p>



<ul class="wp-block-list">
<li>Országkód: +95</li>



<li>Főváros: Naypyidaw</li>



<li>Egyéb főbb városok: Taunggyi, Monywa, Yangon</li>



<li>Népesség: (2021-es becslés)</li>



<li>Nyelv: Burmai</li>



<li>Pénznem: Mianmar Kyat</li>



<li>Míg az ország fővárosa Naypyidaw, addig a legnagyobb város Yangon (korábban Rangoon).</li>



<li>Yangon nyüzsgő piacoknak, számos parknak és tónak ad otthont, valamint a 6. századból származó, buddhista ereklyéket tartalmazó, tornyos, aranyozott Shwedagon pagodának.</li>



<li>A Thanaka egy kiválasztott fák kérgéből készült kozmetikai paszta, amely állítólag simán tartja a bőrt és véd a nap károsodásától.</li>



<li>Mianmar egyike annak a három országnak a világon, amely nem használja a metrikus rendszert. Az ország még mindig saját mértékegységeket használ.</li>
</ul>



<p>Tudtad, hogy…?</p>



<ul class="wp-block-list">
<li>Mianmarban találhatók a világ legjobb rubinjai, amelyeknek magas a króm- és alacsony a vastartalmuk, ami magas fluoreszcenciát és a hőn áhított „galambvér” árnyalatot kölcsönöz nekik.</li>



<li>Burmában több mint 130 etnikai csoport él, és a világ 75. kulturálisan és etnikailag legváltozatosabb országa.</li>
</ul>
