{"id":16656,"date":"2024-02-23T19:20:04","date_gmt":"2024-02-23T18:20:04","guid":{"rendered":"http:\/\/esim2.clientinternals.webcase.pl\/?post_type=roaming&#038;p=16656"},"modified":"2024-03-15T10:23:57","modified_gmt":"2024-03-15T09:23:57","slug":"esim-uj-zeland","status":"publish","type":"roaming","link":"http:\/\/esim2.clientinternals.webcase.pl\/hu\/roaming\/esim-uj-zeland\/","title":{"rendered":"\u00daj-Z\u00e9land"},"content":{"rendered":"\n<p>\u00cdme n\u00e9h\u00e1ny \u00e9rdekes \u00e9s sz\u00f3rakoztat\u00f3 t\u00e9ny \u00daj-Z\u00e9landr\u00f3l:<\/p>\n\n\n\n<ul class=\"wp-block-list\">\n<li>Orsz\u00e1gk\u00f3d: +64<\/li>\n\n\n\n<li>F\u0151v\u00e1ros: Wellington<\/li>\n\n\n\n<li>Egy\u00e9b f\u0151bb v\u00e1rosok: Gisborne, Hastings, New Plymouth<\/li>\n\n\n\n<li>N\u00e9pess\u00e9g: (2022-es becsl\u00e9s)<\/li>\n\n\n\n<li>Nyelv: A m\u0101ori \u00e9s az \u00faj-z\u00e9landi jelnyelv a t\u00f6rv\u00e9ny szerint hivatalos nyelvk\u00e9nt k\u00fcl\u00f6nleges st\u00e1tusszal rendelkezik.<\/li>\n\n\n\n<li>P\u00e9nznem: doll\u00e1r (NZ)<\/li>\n\n\n\n<li>A Guinness Rekordok K\u00f6nyve szerint a vil\u00e1g legmeredekebb utc\u00e1ja \u00daj-Z\u00e9land d\u00e9li sziget\u00e9n, a Baldwin Street-en tal\u00e1lhat\u00f3, 19 fokos lejt\u00e9ssel!<\/li>\n\n\n\n<li>\u00daj-Z\u00e9land volt az utols\u00f3 olyan orsz\u00e1g a vil\u00e1gon, amelyet emberek laktak. Az els\u0151 emberek csak 800 \u00e9vvel ezel\u0151tt lakt\u00e1k, \u00e9s a maorik \u00e9rkeztek ide el\u0151sz\u00f6r.<\/li>\n\n\n\n<li>Az \u00faj-z\u00e9landiakat kiwiknek is h\u00edvj\u00e1k. A \u201ekiwi\u201d elnevez\u00e9s az \u00daj-Z\u00e9landon egyed\u00fcl\u00e1ll\u00f3, r\u00f6pk\u00e9ptelen kis mad\u00e1rr\u00f3l sz\u00e1rmazik.<\/li>\n<\/ul>\n\n\n\n<p>Tudtad, hogy\u2026?<\/p>\n\n\n\n<ul class=\"wp-block-list\">\n<li>\u00daj-Z\u00e9land, vagy maori nyelven Aotearoa, m\u00e9g soha nem adott otthont nagyd\u00edjnak, de sz\u00e1mos neves versenyz\u0151t nevelt. Denny Hulme 1967-ben vil\u00e1gbajnok volt, a kiwi Bruce McLaren pedig 1963-ban alap\u00edtotta a McLarent.<\/li>\n\n\n\n<li>Az \u00faj-z\u00e9landi Liam Lawson a Red Bull Junior Team jelenlegi versenyz\u0151i fejleszt\u00e9si programj\u00e1nak egyik legcsod\u00e1latosabb tehets\u00e9ge. Deb\u00fct\u00e1l\u00e1sakor minden kateg\u00f3ri\u00e1ban gy\u0151z\u00f6tt, amelyben versenyzett: Formula First, Formula Ford, Formula Four, Formula Three Asia \u00e9s a Toyota Racing Series, amelyet 2019-ben \u00f6sszes\u00edt\u00e9sben megnyert.<\/li>\n<\/ul>\n","protected":false},"featured_media":15738,"template":"","region":[339],"class_list":["post-16656","roaming","type-roaming","status-publish","has-post-thumbnail","hentry","region-ausztralia-oceania"],"_links":{"self":[{"href":"http:\/\/esim2.clientinternals.webcase.pl\/hu\/wp-json\/wp\/v2\/roaming\/16656","targetHints":{"allow":["GET"]}}],"collection":[{"href":"http:\/\/esim2.clientinternals.webcase.pl\/hu\/wp-json\/wp\/v2\/roaming"}],"about":[{"href":"http:\/\/esim2.clientinternals.webcase.pl\/hu\/wp-json\/wp\/v2\/types\/roaming"}],"wp:featuredmedia":[{"embeddable":true,"href":"http:\/\/esim2.clientinternals.webcase.pl\/hu\/wp-json\/wp\/v2\/media\/15738"}],"wp:attachment":[{"href":"http:\/\/esim2.clientinternals.webcase.pl\/hu\/wp-json\/wp\/v2\/media?parent=16656"}],"wp:term":[{"taxonomy":"region","embeddable":true,"href":"http:\/\/esim2.clientinternals.webcase.pl\/hu\/wp-json\/wp\/v2\/region?post=16656"}],"curies":[{"name":"wp","href":"https:\/\/api.w.org\/{rel}","templated":true}]}}

Új-Zéland

<p>Íme néhány érdekes és szórakoztató tény Új-Zélandról:</p>



<ul class="wp-block-list">
<li>Országkód: +64</li>



<li>Főváros: Wellington</li>



<li>Egyéb főbb városok: Gisborne, Hastings, New Plymouth</li>



<li>Népesség: (2022-es becslés)</li>



<li>Nyelv: A māori és az új-zélandi jelnyelv a törvény szerint hivatalos nyelvként különleges státusszal rendelkezik.</li>



<li>Pénznem: dollár (NZ)</li>



<li>A Guinness Rekordok Könyve szerint a világ legmeredekebb utcája Új-Zéland déli szigetén, a Baldwin Street-en található, 19 fokos lejtéssel!</li>



<li>Új-Zéland volt az utolsó olyan ország a világon, amelyet emberek laktak. Az első emberek csak 800 évvel ezelőtt lakták, és a maorik érkeztek ide először.</li>



<li>Az új-zélandiakat kiwiknek is hívják. A „kiwi” elnevezés az Új-Zélandon egyedülálló, röpképtelen kis madárról származik.</li>
</ul>



<p>Tudtad, hogy…?</p>



<ul class="wp-block-list">
<li>Új-Zéland, vagy maori nyelven Aotearoa, még soha nem adott otthont nagydíjnak, de számos neves versenyzőt nevelt. Denny Hulme 1967-ben világbajnok volt, a kiwi Bruce McLaren pedig 1963-ban alapította a McLarent.</li>



<li>Az új-zélandi Liam Lawson a Red Bull Junior Team jelenlegi versenyzői fejlesztési programjának egyik legcsodálatosabb tehetsége. Debütálásakor minden kategóriában győzött, amelyben versenyzett: Formula First, Formula Ford, Formula Four, Formula Three Asia és a Toyota Racing Series, amelyet 2019-ben összesítésben megnyert.</li>
</ul>
