{"id":16678,"date":"2024-02-23T18:25:09","date_gmt":"2024-02-23T17:25:09","guid":{"rendered":"http:\/\/esim2.clientinternals.webcase.pl\/?post_type=roaming&#038;p=16678"},"modified":"2024-03-15T10:09:53","modified_gmt":"2024-03-15T09:09:53","slug":"esim-ausztralia","status":"publish","type":"roaming","link":"http:\/\/esim2.clientinternals.webcase.pl\/hu\/roaming\/esim-ausztralia\/","title":{"rendered":"Ausztr\u00e1lia"},"content":{"rendered":"\n<ul class=\"wp-block-list\">\n<li>Orsz\u00e1gk\u00f3d: +61<\/li>\n\n\n\n<li>F\u0151v\u00e1ros: Canberra<\/li>\n\n\n\n<li>P\u00e9nznem: Ausztr\u00e1l doll\u00e1r<\/li>\n\n\n\n<li>Egy\u00e9b f\u0151bb v\u00e1rosok: Sydney, Melbourne, Brisbane, Perth, Adelaide<\/li>\n\n\n\n<li>Hivatalos n\u00e9v: Ausztr\u00e1l \u00c1llamsz\u00f6vets\u00e9g<\/li>\n\n\n\n<li>Korm\u00e1ny: Parlamenti demokr\u00e1cia<\/li>\n\n\n\n<li>Korm\u00e1nyzati honlap: www.australia.gov.au<\/li>\n\n\n\n<li>\u00c1llamf\u0151: K\u00e1roly kir\u00e1ly: Ausztr\u00e1lia kir\u00e1lya, \u0150fels\u00e9ge III. Az ausztr\u00e1l alkotm\u00e1ny \u00e9rtelm\u00e9ben a v\u00e9grehajt\u00f3 hatalmat a f\u0151korm\u00e1nyz\u00f3 gyakorolja a kir\u00e1ly k\u00e9pvisel\u0151jek\u00e9nt.<\/li>\n\n\n\n<li>Korm\u00e1nyf\u0151: Albanese minisztereln\u00f6k 2022 \u00f3ta<\/li>\n\n\n\n<li>N\u00e9pess\u00e9g: 25,9 milli\u00f3 (2022-es becsl\u00e9s)<\/li>\n\n\n\n<li>Nyelv: A nyelv: Ausztr\u00e1li\u00e1nak nincs hivatalos nyelve. A f\u0151 nyelv az angol, b\u00e1r t\u00f6bb mint 100 ausztr\u00e1l \u0151shonos nyelvet is besz\u00e9lnek.<\/li>\n\n\n\n<li>F\u0151bb kereskedelmi partnerek: K\u00edna, Jap\u00e1n, USA, D\u00e9l-Korea<\/li>\n<\/ul>\n\n\n\n<p>Tudtad, hogy\u2026?<\/p>\n\n\n\n<ul class=\"wp-block-list\">\n<li>Az Ausztr\u00e1l Nagyd\u00edj 1996-ban kezd\u0151d\u00f6tt a Melbourne Grand Prix Circuit (Albert Park) versenyp\u00e1ly\u00e1n, amely az 1985-1995 k\u00f6z\u00f6tt a futamnak otthont ad\u00f3 Adelaide-t v\u00e1ltotta. Az ideiglenes p\u00e1ly\u00e1t k\u00f6r\u00fclbel\u00fcl hat h\u00e9ttel a verseny el\u0151tt szerelik \u00f6ssze, majd n\u00e9gy h\u00e9ttel a verseny ut\u00e1n ism\u00e9t sz\u00e9tszerelik.<\/li>\n\n\n\n<li>Az elm\u00falt \u00e9vekben a melbourne-i h\u00e9tv\u00e9g\u00e9n jellemz\u0151en 300 000 n\u00e9z\u0151 l\u00e1togatott ki, a futam napj\u00e1n pedig t\u00f6bb mint 100 000 n\u00e9z\u0151, \u00edgy ez az egyik legl\u00e1togatottabb futam a jelenlegi F1-es versenynapt\u00e1rban. 2022-ben, amikor az F1 a COVID-j\u00e1rv\u00e1ny miatti k\u00e9t\u00e9ves k\u00e9nyszer\u0171 t\u00e1voll\u00e9t ut\u00e1n visszat\u00e9rt az Albert Parkba, a l\u00e1togatotts\u00e1g meghaladta a 400 000 f\u0151t. 1996 \u00f3ta ez volt a legl\u00e1togatottabb Ausztr\u00e1l Nagyd\u00edj.<\/li>\n<\/ul>\n","protected":false},"featured_media":16679,"template":"","region":[339],"class_list":["post-16678","roaming","type-roaming","status-publish","has-post-thumbnail","hentry","region-ausztralia-oceania"],"_links":{"self":[{"href":"http:\/\/esim2.clientinternals.webcase.pl\/hu\/wp-json\/wp\/v2\/roaming\/16678","targetHints":{"allow":["GET"]}}],"collection":[{"href":"http:\/\/esim2.clientinternals.webcase.pl\/hu\/wp-json\/wp\/v2\/roaming"}],"about":[{"href":"http:\/\/esim2.clientinternals.webcase.pl\/hu\/wp-json\/wp\/v2\/types\/roaming"}],"wp:featuredmedia":[{"embeddable":true,"href":"http:\/\/esim2.clientinternals.webcase.pl\/hu\/wp-json\/wp\/v2\/media\/16679"}],"wp:attachment":[{"href":"http:\/\/esim2.clientinternals.webcase.pl\/hu\/wp-json\/wp\/v2\/media?parent=16678"}],"wp:term":[{"taxonomy":"region","embeddable":true,"href":"http:\/\/esim2.clientinternals.webcase.pl\/hu\/wp-json\/wp\/v2\/region?post=16678"}],"curies":[{"name":"wp","href":"https:\/\/api.w.org\/{rel}","templated":true}]}}

Ausztrália

<ul class="wp-block-list">
<li>Országkód: +61</li>



<li>Főváros: Canberra</li>



<li>Pénznem: Ausztrál dollár</li>



<li>Egyéb főbb városok: Sydney, Melbourne, Brisbane, Perth, Adelaide</li>



<li>Hivatalos név: Ausztrál Államszövetség</li>



<li>Kormány: Parlamenti demokrácia</li>



<li>Kormányzati honlap: www.australia.gov.au</li>



<li>Államfő: Károly király: Ausztrália királya, Őfelsége III. Az ausztrál alkotmány értelmében a végrehajtó hatalmat a főkormányzó gyakorolja a király képviselőjeként.</li>



<li>Kormányfő: Albanese miniszterelnök 2022 óta</li>



<li>Népesség: 25,9 millió (2022-es becslés)</li>



<li>Nyelv: A nyelv: Ausztráliának nincs hivatalos nyelve. A fő nyelv az angol, bár több mint 100 ausztrál őshonos nyelvet is beszélnek.</li>



<li>Főbb kereskedelmi partnerek: Kína, Japán, USA, Dél-Korea</li>
</ul>



<p>Tudtad, hogy…?</p>



<ul class="wp-block-list">
<li>Az Ausztrál Nagydíj 1996-ban kezdődött a Melbourne Grand Prix Circuit (Albert Park) versenypályán, amely az 1985-1995 között a futamnak otthont adó Adelaide-t váltotta. Az ideiglenes pályát körülbelül hat héttel a verseny előtt szerelik össze, majd négy héttel a verseny után ismét szétszerelik.</li>



<li>Az elmúlt években a melbourne-i hétvégén jellemzően 300 000 néző látogatott ki, a futam napján pedig több mint 100 000 néző, így ez az egyik leglátogatottabb futam a jelenlegi F1-es versenynaptárban. 2022-ben, amikor az F1 a COVID-járvány miatti kétéves kényszerű távollét után visszatért az Albert Parkba, a látogatottság meghaladta a 400 000 főt. 1996 óta ez volt a leglátogatottabb Ausztrál Nagydíj.</li>
</ul>
