{"id":16703,"date":"2024-02-23T19:50:27","date_gmt":"2024-02-23T18:50:27","guid":{"rendered":"http:\/\/esim2.clientinternals.webcase.pl\/?post_type=roaming&#038;p=16703"},"modified":"2024-03-17T22:45:21","modified_gmt":"2024-03-17T21:45:21","slug":"esim-ukrajna","status":"publish","type":"roaming","link":"http:\/\/esim2.clientinternals.webcase.pl\/hu\/roaming\/esim-ukrajna\/","title":{"rendered":"Ukrajna"},"content":{"rendered":"\n<p>\u00cdme n\u00e9h\u00e1ny \u00e9rdekes t\u00e9ny Ukrajn\u00e1r\u00f3l:<\/p>\n\n\n\n<ul class=\"wp-block-list\">\n<li>Orsz\u00e1gk\u00f3d: +380<\/li>\n\n\n\n<li>F\u0151v\u00e1ros: Kijev<\/li>\n\n\n\n<li>Egy\u00e9b f\u0151bb v\u00e1rosok: Mykolaiv, Kherson, Dnipro.<\/li>\n\n\n\n<li>N\u00e9pess\u00e9g: (2021-es becsl\u00e9s)<\/li>\n\n\n\n<li>Nyelv: Ukr\u00e1n<\/li>\n\n\n\n<li>P\u00e9nznem: Nemzeti valuta: ukr\u00e1n hrivnya<\/li>\n\n\n\n<li>Ukrajna a m\u00e1sodik legnagyobb kelet-eur\u00f3pai orsz\u00e1g Oroszorsz\u00e1g ut\u00e1n, amely keleten \u00e9s \u00e9szakkeleten hat\u00e1ros vele.<\/li>\n\n\n\n<li>A vyshyvanka az ukr\u00e1n nemzeti viselet, amelyet k\u00e9zzel sz\u0151tt d\u00edszes, vir\u00e1gos r\u00e9szletekkel d\u00edsz\u00edtett h\u00edmz\u00e9sek d\u00edsz\u00edtenek.<\/li>\n\n\n\n<li>1986-ban Ukrajn\u00e1ban t\u00f6rt\u00e9nt a vil\u00e1g legs\u00falyosabb atomer\u0151m\u0171-katasztr\u00f3f\u00e1ja, amely a csernobili atomer\u0151m\u0171ben k\u00f6vetkezett be.<\/li>\n\n\n\n<li>A legn\u00e9pszer\u0171bb hagyom\u00e1nyos ukr\u00e1n \u00e9telek k\u00f6z\u00e9 tartozik a Borsh \u00e9s a Varenyky.<\/li>\n<\/ul>\n\n\n\n<p>Tudtad, hogy\u2026?<\/p>\n\n\n\n<ul class=\"wp-block-list\">\n<li>Az ukr\u00e1nok ritk\u00e1n mosolyognak nyilv\u00e1nosan.<\/li>\n\n\n\n<li>Az els\u0151 g\u00e1zl\u00e1mp\u00e1t Lembergben tal\u00e1lt\u00e1k fel.<\/li>\n<\/ul>\n","protected":false},"featured_media":15738,"template":"","region":[341],"class_list":["post-16703","roaming","type-roaming","status-publish","has-post-thumbnail","hentry","region-europa"],"_links":{"self":[{"href":"http:\/\/esim2.clientinternals.webcase.pl\/hu\/wp-json\/wp\/v2\/roaming\/16703","targetHints":{"allow":["GET"]}}],"collection":[{"href":"http:\/\/esim2.clientinternals.webcase.pl\/hu\/wp-json\/wp\/v2\/roaming"}],"about":[{"href":"http:\/\/esim2.clientinternals.webcase.pl\/hu\/wp-json\/wp\/v2\/types\/roaming"}],"wp:featuredmedia":[{"embeddable":true,"href":"http:\/\/esim2.clientinternals.webcase.pl\/hu\/wp-json\/wp\/v2\/media\/15738"}],"wp:attachment":[{"href":"http:\/\/esim2.clientinternals.webcase.pl\/hu\/wp-json\/wp\/v2\/media?parent=16703"}],"wp:term":[{"taxonomy":"region","embeddable":true,"href":"http:\/\/esim2.clientinternals.webcase.pl\/hu\/wp-json\/wp\/v2\/region?post=16703"}],"curies":[{"name":"wp","href":"https:\/\/api.w.org\/{rel}","templated":true}]}}

<p>Íme néhány érdekes tény Ukrajnáról:</p>



<ul class="wp-block-list">
<li>Országkód: +380</li>



<li>Főváros: Kijev</li>



<li>Egyéb főbb városok: Mykolaiv, Kherson, Dnipro.</li>



<li>Népesség: (2021-es becslés)</li>



<li>Nyelv: Ukrán</li>



<li>Pénznem: Nemzeti valuta: ukrán hrivnya</li>



<li>Ukrajna a második legnagyobb kelet-európai ország Oroszország után, amely keleten és északkeleten határos vele.</li>



<li>A vyshyvanka az ukrán nemzeti viselet, amelyet kézzel szőtt díszes, virágos részletekkel díszített hímzések díszítenek.</li>



<li>1986-ban Ukrajnában történt a világ legsúlyosabb atomerőmű-katasztrófája, amely a csernobili atomerőműben következett be.</li>



<li>A legnépszerűbb hagyományos ukrán ételek közé tartozik a Borsh és a Varenyky.</li>
</ul>



<p>Tudtad, hogy…?</p>



<ul class="wp-block-list">
<li>Az ukránok ritkán mosolyognak nyilvánosan.</li>



<li>Az első gázlámpát Lembergben találták fel.</li>
</ul>
