{"id":16779,"date":"2024-02-23T19:48:08","date_gmt":"2024-02-23T18:48:08","guid":{"rendered":"http:\/\/esim2.clientinternals.webcase.pl\/?post_type=roaming&#038;p=16779"},"modified":"2024-03-17T21:47:56","modified_gmt":"2024-03-17T20:47:56","slug":"esim-szerbia","status":"publish","type":"roaming","link":"http:\/\/esim2.clientinternals.webcase.pl\/hu\/roaming\/esim-szerbia\/","title":{"rendered":"Szerbia"},"content":{"rendered":"\n<p>\u00cdme n\u00e9h\u00e1ny \u00e9rdekes t\u00e9ny Szerbi\u00e1r\u00f3l:<\/p>\n\n\n\n<ul class=\"wp-block-list\">\n<li>F\u0151v\u00e1ros: Belgr\u00e1d<\/li>\n\n\n\n<li>N\u00e9pess\u00e9g: (becs\u00fclt 2021)<\/li>\n\n\n\n<li>Orsz\u00e1gk\u00f3d: +381<\/li>\n\n\n\n<li>P\u00e9nznem: Dinar<\/li>\n\n\n\n<li>Nyelv: Szerb<\/li>\n\n\n\n<li>Egy\u00e9b \u00e9rdekes helyek: Vr\u0161ac, Leskovac, Vranje.<\/li>\n\n\n\n<li>A Szerb K\u00f6zt\u00e1rsas\u00e1g egy tengerparttal nem rendelkez\u0151 orsz\u00e1g D\u00e9lkelet- \u00e9s K\u00f6z\u00e9p-Eur\u00f3p\u00e1ban, a Pannon-medence \u00e9s a Balk\u00e1n keresztez\u0151d\u00e9s\u00e9ben.<\/li>\n\n\n\n<li>Szerbia a vil\u00e1g egyik legnagyobb m\u00e1lnaexport\u0151re.<\/li>\n\n\n\n<li>R\u00f3ma \u00f3kori uralkod\u00f3inak egy\u00f6t\u00f6de Szerbi\u00e1ban sz\u00fcletett.<\/li>\n\n\n\n<li>Szerbia a t\u00f6rt\u00e9nelem legh\u00edresebb feltal\u00e1l\u00f3it, tud\u00f3sait \u00e9s k\u00e9mikusait hozta ki, k\u00f6zt\u00fck Pupint, Milankovicot, Marie-t \u00e9s Karadzicot.<\/li>\n<\/ul>\n\n\n\n<p>Tudtad, hogy\u2026?<\/p>\n\n\n\n<ul class=\"wp-block-list\">\n<li>A vil\u00e1g legdr\u00e1g\u00e1bb sajtja szam\u00e1rtejb\u0151l k\u00e9sz\u00fcl, a Pule.<\/li>\n\n\n\n<li>A Duna az orsz\u00e1g leghosszabb foly\u00f3ja.<\/li>\n<\/ul>\n","protected":false},"featured_media":15329,"template":"","region":[341],"class_list":["post-16779","roaming","type-roaming","status-publish","has-post-thumbnail","hentry","region-europa"],"_links":{"self":[{"href":"http:\/\/esim2.clientinternals.webcase.pl\/hu\/wp-json\/wp\/v2\/roaming\/16779","targetHints":{"allow":["GET"]}}],"collection":[{"href":"http:\/\/esim2.clientinternals.webcase.pl\/hu\/wp-json\/wp\/v2\/roaming"}],"about":[{"href":"http:\/\/esim2.clientinternals.webcase.pl\/hu\/wp-json\/wp\/v2\/types\/roaming"}],"wp:featuredmedia":[{"embeddable":true,"href":"http:\/\/esim2.clientinternals.webcase.pl\/hu\/wp-json\/wp\/v2\/media\/15329"}],"wp:attachment":[{"href":"http:\/\/esim2.clientinternals.webcase.pl\/hu\/wp-json\/wp\/v2\/media?parent=16779"}],"wp:term":[{"taxonomy":"region","embeddable":true,"href":"http:\/\/esim2.clientinternals.webcase.pl\/hu\/wp-json\/wp\/v2\/region?post=16779"}],"curies":[{"name":"wp","href":"https:\/\/api.w.org\/{rel}","templated":true}]}}

<p>Íme néhány érdekes tény Szerbiáról:</p>



<ul class="wp-block-list">
<li>Főváros: Belgrád</li>



<li>Népesség: (becsült 2021)</li>



<li>Országkód: +381</li>



<li>Pénznem: Dinar</li>



<li>Nyelv: Szerb</li>



<li>Egyéb érdekes helyek: Vršac, Leskovac, Vranje.</li>



<li>A Szerb Köztársaság egy tengerparttal nem rendelkező ország Délkelet- és Közép-Európában, a Pannon-medence és a Balkán kereszteződésében.</li>



<li>Szerbia a világ egyik legnagyobb málnaexportőre.</li>



<li>Róma ókori uralkodóinak egyötöde Szerbiában született.</li>



<li>Szerbia a történelem leghíresebb feltalálóit, tudósait és kémikusait hozta ki, köztük Pupint, Milankovicot, Marie-t és Karadzicot.</li>
</ul>



<p>Tudtad, hogy…?</p>



<ul class="wp-block-list">
<li>A világ legdrágább sajtja szamártejből készül, a Pule.</li>



<li>A Duna az ország leghosszabb folyója.</li>
</ul>
