{"id":16875,"date":"2024-02-23T19:45:31","date_gmt":"2024-02-23T18:45:31","guid":{"rendered":"http:\/\/esim2.clientinternals.webcase.pl\/?post_type=roaming&#038;p=16875"},"modified":"2024-03-17T20:51:21","modified_gmt":"2024-03-17T19:51:21","slug":"esim-eszak-macedonia","status":"publish","type":"roaming","link":"http:\/\/esim2.clientinternals.webcase.pl\/hu\/roaming\/esim-eszak-macedonia\/","title":{"rendered":"\u00c9szak-Maced\u00f3nia"},"content":{"rendered":"\n<p>\u00cdme n\u00e9h\u00e1ny \u00e9rdekes t\u00e9ny \u00c9szak-Maced\u00f3ni\u00e1r\u00f3l:<\/p>\n\n\n\n<ul class=\"wp-block-list\">\n<li>F\u0151v\u00e1ros: Skopje<\/li>\n\n\n\n<li>N\u00e9pess\u00e9g: 2,06 milli\u00f3 (becsl\u00e9s szerint 2021)<\/li>\n\n\n\n<li>Orsz\u00e1gk\u00f3d: +389<\/li>\n\n\n\n<li>P\u00e9nznem: D\u00e9n\u00e1r: maced\u00f3n d\u00e9n\u00e1r<\/li>\n\n\n\n<li>Nyelv: Macedonian<\/li>\n\n\n\n<li>Egy\u00e9b \u00e9rdekes helyek: Tetovo, Strumica, Tetovo<\/li>\n\n\n\n<li>\u00c9szak-Maced\u00f3nia Koszov\u00f3, Szerbia, Bulg\u00e1ria, G\u00f6r\u00f6gorsz\u00e1g \u00e9s Alb\u00e1nia k\u00f6z\u00f6tt fekszik.<\/li>\n\n\n\n<li>Az Ohridi-t\u00f3 Eur\u00f3pa egyik legr\u00e9gebbi \u00e9s legm\u00e9lyebb tava, legnagyobb m\u00e9lys\u00e9ge 288 m\u00e9ter.<\/li>\n\n\n\n<li>A vil\u00e1g egyik legr\u00e9gebbi csillagvizsg\u00e1l\u00f3ja, a Kokino csillagvizsg\u00e1l\u00f3 t\u00f6bb mint 3800 \u00e9ves m\u00faltra tekint vissza.<\/li>\n\n\n\n<li>A cirill \u00e1b\u00e9c\u00e9 Maced\u00f3ni\u00e1b\u00f3l sz\u00e1rmazik. Ez egy olyan \u00edr\u00e1srendszer, amelyet Eur\u00e1zsia orsz\u00e1gaiban haszn\u00e1lnak, \u00e9s nemzeti \u00edr\u00e1sk\u00e9nt a szl\u00e1v, t\u00f6r\u00f6k, mongol, ur\u00e1li \u00e9s ir\u00e1ni nyelv\u0171 d\u00e9lkelet-eur\u00f3pai orsz\u00e1gokban.<\/li>\n<\/ul>\n\n\n\n<p>Tudtad, hogy\u2026?<\/p>\n\n\n\n<ul class=\"wp-block-list\">\n<li>Struga v\u00e1rosa ad otthont a vil\u00e1g legr\u00e9gebbi nemzetk\u00f6zi k\u00f6lt\u00e9szeti fesztiv\u00e1lj\u00e1nak, a Struga Poetry Eveningsnek (SPE).<\/li>\n\n\n\n<li>\u00c9szak-Maced\u00f3nia t\u00f6bb hegys\u00e9ggel \u00e9s hegycs\u00faccsal rendelkezik, mint b\u00e1rmely m\u00e1s orsz\u00e1g a vil\u00e1gon.<\/li>\n<\/ul>\n","protected":false},"featured_media":15329,"template":"","region":[341],"class_list":["post-16875","roaming","type-roaming","status-publish","has-post-thumbnail","hentry","region-europa"],"_links":{"self":[{"href":"http:\/\/esim2.clientinternals.webcase.pl\/hu\/wp-json\/wp\/v2\/roaming\/16875","targetHints":{"allow":["GET"]}}],"collection":[{"href":"http:\/\/esim2.clientinternals.webcase.pl\/hu\/wp-json\/wp\/v2\/roaming"}],"about":[{"href":"http:\/\/esim2.clientinternals.webcase.pl\/hu\/wp-json\/wp\/v2\/types\/roaming"}],"wp:featuredmedia":[{"embeddable":true,"href":"http:\/\/esim2.clientinternals.webcase.pl\/hu\/wp-json\/wp\/v2\/media\/15329"}],"wp:attachment":[{"href":"http:\/\/esim2.clientinternals.webcase.pl\/hu\/wp-json\/wp\/v2\/media?parent=16875"}],"wp:term":[{"taxonomy":"region","embeddable":true,"href":"http:\/\/esim2.clientinternals.webcase.pl\/hu\/wp-json\/wp\/v2\/region?post=16875"}],"curies":[{"name":"wp","href":"https:\/\/api.w.org\/{rel}","templated":true}]}}

Észak-Macedónia

<p>Íme néhány érdekes tény Észak-Macedóniáról:</p>



<ul class="wp-block-list">
<li>Főváros: Skopje</li>



<li>Népesség: 2,06 millió (becslés szerint 2021)</li>



<li>Országkód: +389</li>



<li>Pénznem: Dénár: macedón dénár</li>



<li>Nyelv: Macedonian</li>



<li>Egyéb érdekes helyek: Tetovo, Strumica, Tetovo</li>



<li>Észak-Macedónia Koszovó, Szerbia, Bulgária, Görögország és Albánia között fekszik.</li>



<li>Az Ohridi-tó Európa egyik legrégebbi és legmélyebb tava, legnagyobb mélysége 288 méter.</li>



<li>A világ egyik legrégebbi csillagvizsgálója, a Kokino csillagvizsgáló több mint 3800 éves múltra tekint vissza.</li>



<li>A cirill ábécé Macedóniából származik. Ez egy olyan írásrendszer, amelyet Eurázsia országaiban használnak, és nemzeti írásként a szláv, török, mongol, uráli és iráni nyelvű délkelet-európai országokban.</li>
</ul>



<p>Tudtad, hogy…?</p>



<ul class="wp-block-list">
<li>Struga városa ad otthont a világ legrégebbi nemzetközi költészeti fesztiváljának, a Struga Poetry Eveningsnek (SPE).</li>



<li>Észak-Macedónia több hegységgel és hegycsúccsal rendelkezik, mint bármely más ország a világon.</li>
</ul>
