{"id":16886,"date":"2024-02-23T19:44:32","date_gmt":"2024-02-23T18:44:32","guid":{"rendered":"http:\/\/esim2.clientinternals.webcase.pl\/?post_type=roaming&#038;p=16886"},"modified":"2024-03-17T18:25:04","modified_gmt":"2024-03-17T17:25:04","slug":"esim-montenegro","status":"publish","type":"roaming","link":"http:\/\/esim2.clientinternals.webcase.pl\/hu\/roaming\/esim-montenegro\/","title":{"rendered":"Montenegr\u00f3"},"content":{"rendered":"\n<p>\u00cdme n\u00e9h\u00e1ny \u00e9rdekes t\u00e9ny Montenegr\u00f3r\u00f3l:<\/p>\n\n\n\n<ul class=\"wp-block-list\">\n<li>Orsz\u00e1gk\u00f3d: +382<\/li>\n\n\n\n<li>F\u0151v\u00e1ros: Podgorica<\/li>\n\n\n\n<li>Egy\u00e9b f\u0151bb v\u00e1rosok: Niksic, Tivat, Rozaje<\/li>\n\n\n\n<li>N\u00e9pess\u00e9g: (2021-es becsl\u00e9s)<\/li>\n\n\n\n<li>Nyelv: Montenegr\u00f3i<\/li>\n\n\n\n<li>P\u00e9nznem: Euro<\/li>\n\n\n\n<li>A hivatalos nyelv a montenegr\u00f3i, de a szerb, a horv\u00e1t, a bosny\u00e1k \u00e9s az alb\u00e1n is elismert hivatalos nyelv.<\/li>\n\n\n\n<li>Az orsz\u00e1g 4 \u00e9ghajlati \u00f6vezetben helyezkedik el.<\/li>\n\n\n\n<li>\u00c9szakon Szerbi\u00e1val, d\u00e9lkeleten Koszov\u00f3val \u00e9s Alb\u00e1ni\u00e1val, d\u00e9len az Adriai-tengerrel, a m\u00e1sik oldalon Olaszorsz\u00e1ggal, nyugaton pedig Horv\u00e1torsz\u00e1ggal \u00e9s Bosznia-Hercegovin\u00e1val hat\u00e1ros.<\/li>\n\n\n\n<li>Montenegr\u00f3 1991-ben lett a vil\u00e1g els\u0151 \u00f6kol\u00f3giai \u00e1llama.<\/li>\n<\/ul>\n\n\n\n<p>Tudtad, hogy\u2026?<\/p>\n\n\n\n<ul class=\"wp-block-list\">\n<li>A Tara-kanyon a maga 1300 m\u00e9ter\u00e9vel Eur\u00f3pa legm\u00e9lyebb kanyonja.<\/li>\n\n\n\n<li>A Kotori-\u00f6b\u00f6l a vil\u00e1g legd\u00e9lebbi fjordja.<\/li>\n<\/ul>\n","protected":false},"featured_media":15329,"template":"","region":[341],"class_list":["post-16886","roaming","type-roaming","status-publish","has-post-thumbnail","hentry","region-europa"],"_links":{"self":[{"href":"http:\/\/esim2.clientinternals.webcase.pl\/hu\/wp-json\/wp\/v2\/roaming\/16886","targetHints":{"allow":["GET"]}}],"collection":[{"href":"http:\/\/esim2.clientinternals.webcase.pl\/hu\/wp-json\/wp\/v2\/roaming"}],"about":[{"href":"http:\/\/esim2.clientinternals.webcase.pl\/hu\/wp-json\/wp\/v2\/types\/roaming"}],"wp:featuredmedia":[{"embeddable":true,"href":"http:\/\/esim2.clientinternals.webcase.pl\/hu\/wp-json\/wp\/v2\/media\/15329"}],"wp:attachment":[{"href":"http:\/\/esim2.clientinternals.webcase.pl\/hu\/wp-json\/wp\/v2\/media?parent=16886"}],"wp:term":[{"taxonomy":"region","embeddable":true,"href":"http:\/\/esim2.clientinternals.webcase.pl\/hu\/wp-json\/wp\/v2\/region?post=16886"}],"curies":[{"name":"wp","href":"https:\/\/api.w.org\/{rel}","templated":true}]}}

Montenegró

<p>Íme néhány érdekes tény Montenegróról:</p>



<ul class="wp-block-list">
<li>Országkód: +382</li>



<li>Főváros: Podgorica</li>



<li>Egyéb főbb városok: Niksic, Tivat, Rozaje</li>



<li>Népesség: (2021-es becslés)</li>



<li>Nyelv: Montenegrói</li>



<li>Pénznem: Euro</li>



<li>A hivatalos nyelv a montenegrói, de a szerb, a horvát, a bosnyák és az albán is elismert hivatalos nyelv.</li>



<li>Az ország 4 éghajlati övezetben helyezkedik el.</li>



<li>Északon Szerbiával, délkeleten Koszovóval és Albániával, délen az Adriai-tengerrel, a másik oldalon Olaszországgal, nyugaton pedig Horvátországgal és Bosznia-Hercegovinával határos.</li>



<li>Montenegró 1991-ben lett a világ első ökológiai állama.</li>
</ul>



<p>Tudtad, hogy…?</p>



<ul class="wp-block-list">
<li>A Tara-kanyon a maga 1300 méterével Európa legmélyebb kanyonja.</li>



<li>A Kotori-öböl a világ legdélebbi fjordja.</li>
</ul>
