{"id":16902,"date":"2024-02-23T19:43:55","date_gmt":"2024-02-23T18:43:55","guid":{"rendered":"http:\/\/esim2.clientinternals.webcase.pl\/?post_type=roaming&#038;p=16902"},"modified":"2024-03-17T18:06:35","modified_gmt":"2024-03-17T17:06:35","slug":"esim-malta","status":"publish","type":"roaming","link":"http:\/\/esim2.clientinternals.webcase.pl\/hu\/roaming\/esim-malta\/","title":{"rendered":"M\u00e1lta"},"content":{"rendered":"\n<p>\u00cdme n\u00e9h\u00e1ny \u00e9rdekes t\u00e9ny M\u00e1lt\u00e1r\u00f3l:<\/p>\n\n\n\n<ul class=\"wp-block-list\">\n<li>F\u0151v\u00e1ros: Valletta<\/li>\n\n\n\n<li>N\u00e9pess\u00e9g: (becs\u00fclt 2021)<\/li>\n\n\n\n<li>Orsz\u00e1gk\u00f3d: +356<\/li>\n\n\n\n<li>P\u00e9nznem: Euro<\/li>\n\n\n\n<li>Nemzeti nyelv: M\u00e1ltai<\/li>\n\n\n\n<li>Egy\u00e9b \u00e9rdekes helyek: Birgu, Victoria, Popeye Village<\/li>\n\n\n\n<li>M\u00e1lt\u00e1n k\u00e9t hivatalos nyelv van, a m\u00e1ltai \u00e9s az angol, de a m\u00e1ltai a nemzeti nyelv. 1934-ig az olasz is hivatalos nyelv volt.<\/li>\n\n\n\n<li>M\u00e1lta a F\u00f6ldk\u00f6zi-tenger k\u00f6z\u00e9ps\u0151 r\u00e9sz\u00e9n, Szic\u00edlia \u00e9s az \u00e9szak-afrikai partok k\u00f6z\u00f6tt fekv\u0151 sziget.<\/li>\n\n\n\n<li>M\u00e1lta azon kev\u00e9s orsz\u00e1gok egyike a vil\u00e1gon, ahol az emberek az \u00fat bal oldal\u00e1n k\u00f6zlekednek.<\/li>\n\n\n\n<li>M\u00e1lta meleg \u00e9ghajlat\u00e1r\u00f3l \u00e9s l\u00e9legzetel\u00e1ll\u00edt\u00f3 t\u00e1jair\u00f3l ismert.<\/li>\n<\/ul>\n\n\n\n<p>Tudtad, hogy\u2026?<\/p>\n\n\n\n<ul class=\"wp-block-list\">\n<li>M\u00e1lta n\u00e9pszer\u0171 forgat\u00e1si helysz\u00edn filmes produkci\u00f3khoz.<\/li>\n\n\n\n<li>M\u00e1lta h\u00e1rom UNESCO-vil\u00e1g\u00f6r\u00f6ks\u00e9gi helysz\u00ednnel rendelkezik.<\/li>\n<\/ul>\n","protected":false},"featured_media":15738,"template":"","region":[341],"class_list":["post-16902","roaming","type-roaming","status-publish","has-post-thumbnail","hentry","region-europa"],"_links":{"self":[{"href":"http:\/\/esim2.clientinternals.webcase.pl\/hu\/wp-json\/wp\/v2\/roaming\/16902","targetHints":{"allow":["GET"]}}],"collection":[{"href":"http:\/\/esim2.clientinternals.webcase.pl\/hu\/wp-json\/wp\/v2\/roaming"}],"about":[{"href":"http:\/\/esim2.clientinternals.webcase.pl\/hu\/wp-json\/wp\/v2\/types\/roaming"}],"wp:featuredmedia":[{"embeddable":true,"href":"http:\/\/esim2.clientinternals.webcase.pl\/hu\/wp-json\/wp\/v2\/media\/15738"}],"wp:attachment":[{"href":"http:\/\/esim2.clientinternals.webcase.pl\/hu\/wp-json\/wp\/v2\/media?parent=16902"}],"wp:term":[{"taxonomy":"region","embeddable":true,"href":"http:\/\/esim2.clientinternals.webcase.pl\/hu\/wp-json\/wp\/v2\/region?post=16902"}],"curies":[{"name":"wp","href":"https:\/\/api.w.org\/{rel}","templated":true}]}}

Málta

<p>Íme néhány érdekes tény Máltáról:</p>



<ul class="wp-block-list">
<li>Főváros: Valletta</li>



<li>Népesség: (becsült 2021)</li>



<li>Országkód: +356</li>



<li>Pénznem: Euro</li>



<li>Nemzeti nyelv: Máltai</li>



<li>Egyéb érdekes helyek: Birgu, Victoria, Popeye Village</li>



<li>Máltán két hivatalos nyelv van, a máltai és az angol, de a máltai a nemzeti nyelv. 1934-ig az olasz is hivatalos nyelv volt.</li>



<li>Málta a Földközi-tenger középső részén, Szicília és az észak-afrikai partok között fekvő sziget.</li>



<li>Málta azon kevés országok egyike a világon, ahol az emberek az út bal oldalán közlekednek.</li>



<li>Málta meleg éghajlatáról és lélegzetelállító tájairól ismert.</li>
</ul>



<p>Tudtad, hogy…?</p>



<ul class="wp-block-list">
<li>Málta népszerű forgatási helyszín filmes produkciókhoz.</li>



<li>Málta három UNESCO-világörökségi helyszínnel rendelkezik.</li>
</ul>
