{"id":16913,"date":"2024-02-23T19:42:35","date_gmt":"2024-02-23T18:42:35","guid":{"rendered":"http:\/\/esim2.clientinternals.webcase.pl\/?post_type=roaming&#038;p=16913"},"modified":"2024-03-17T17:30:38","modified_gmt":"2024-03-17T16:30:38","slug":"esim-lettorszag","status":"publish","type":"roaming","link":"http:\/\/esim2.clientinternals.webcase.pl\/hu\/roaming\/esim-lettorszag\/","title":{"rendered":"Lettorsz\u00e1g"},"content":{"rendered":"\n<p>\u00cdme n\u00e9h\u00e1ny \u00e9rdekes t\u00e9ny Lettorsz\u00e1gr\u00f3l:<\/p>\n\n\n\n<ul class=\"wp-block-list\">\n<li>F\u0151v\u00e1ros: Riga<\/li>\n\n\n\n<li>N\u00e9pess\u00e9g: (becs\u00fclt 2021)<\/li>\n\n\n\n<li>Orsz\u00e1gk\u00f3d: +371<\/li>\n\n\n\n<li>P\u00e9nznem: Euro<\/li>\n\n\n\n<li>Nyelv: Lett<\/li>\n\n\n\n<li>Egy\u00e9b \u00e9rdekes helyek Lettorsz\u00e1gban: Liep\u0101ja, C\u0113sis, Ventspils<\/li>\n\n\n\n<li>Lettorsz\u00e1g a Balti-tengeren fekszik Litv\u00e1nia \u00e9s \u00c9sztorsz\u00e1g k\u00f6z\u00f6tt.<\/li>\n\n\n\n<li>Jacob W. Davis, egy lett szab\u00f3 1872-ben alkotta meg az els\u0151 farmernadr\u00e1got.<\/li>\n\n\n\n<li>A Lett Dal- \u00e9s T\u00e1ncfesztiv\u00e1l a vil\u00e1g legnagyobb amat\u0151r dal- \u00e9s t\u00e1ncfesztiv\u00e1lja.<\/li>\n\n\n\n<li>A Kuldiga-h\u00edd Eur\u00f3pa legr\u00e9gebbi m\u0171k\u00f6d\u0151 t\u00e9glah\u00eddja 1874 \u00f3ta.<\/li>\n<\/ul>\n\n\n\n<p>Tudtad, hogy\u2026?<\/p>\n\n\n\n<ul class=\"wp-block-list\">\n<li>A Kuld\u012bg\u00e1ban tal\u00e1lhat\u00f3 Ventas Rumba Eur\u00f3pa legsz\u00e9lesebb v\u00edzes\u00e9se.<\/li>\n\n\n\n<li>Mark Rothko fest\u0151 a d\u00e9lkelet-lettorsz\u00e1gi Daugavpilsben sz\u00fcletett.<\/li>\n<\/ul>\n","protected":false},"featured_media":16261,"template":"","region":[341],"class_list":["post-16913","roaming","type-roaming","status-publish","has-post-thumbnail","hentry","region-europa"],"_links":{"self":[{"href":"http:\/\/esim2.clientinternals.webcase.pl\/hu\/wp-json\/wp\/v2\/roaming\/16913","targetHints":{"allow":["GET"]}}],"collection":[{"href":"http:\/\/esim2.clientinternals.webcase.pl\/hu\/wp-json\/wp\/v2\/roaming"}],"about":[{"href":"http:\/\/esim2.clientinternals.webcase.pl\/hu\/wp-json\/wp\/v2\/types\/roaming"}],"wp:featuredmedia":[{"embeddable":true,"href":"http:\/\/esim2.clientinternals.webcase.pl\/hu\/wp-json\/wp\/v2\/media\/16261"}],"wp:attachment":[{"href":"http:\/\/esim2.clientinternals.webcase.pl\/hu\/wp-json\/wp\/v2\/media?parent=16913"}],"wp:term":[{"taxonomy":"region","embeddable":true,"href":"http:\/\/esim2.clientinternals.webcase.pl\/hu\/wp-json\/wp\/v2\/region?post=16913"}],"curies":[{"name":"wp","href":"https:\/\/api.w.org\/{rel}","templated":true}]}}

Lettország

<p>Íme néhány érdekes tény Lettországról:</p>



<ul class="wp-block-list">
<li>Főváros: Riga</li>



<li>Népesség: (becsült 2021)</li>



<li>Országkód: +371</li>



<li>Pénznem: Euro</li>



<li>Nyelv: Lett</li>



<li>Egyéb érdekes helyek Lettországban: Liepāja, Cēsis, Ventspils</li>



<li>Lettország a Balti-tengeren fekszik Litvánia és Észtország között.</li>



<li>Jacob W. Davis, egy lett szabó 1872-ben alkotta meg az első farmernadrágot.</li>



<li>A Lett Dal- és Táncfesztivál a világ legnagyobb amatőr dal- és táncfesztiválja.</li>



<li>A Kuldiga-híd Európa legrégebbi működő téglahídja 1874 óta.</li>
</ul>



<p>Tudtad, hogy…?</p>



<ul class="wp-block-list">
<li>A Kuldīgában található Ventas Rumba Európa legszélesebb vízesése.</li>



<li>Mark Rothko festő a délkelet-lettországi Daugavpilsben született.</li>
</ul>
