{"id":16924,"date":"2024-02-23T19:41:56","date_gmt":"2024-02-23T18:41:56","guid":{"rendered":"http:\/\/esim2.clientinternals.webcase.pl\/?post_type=roaming&#038;p=16924"},"modified":"2024-03-17T11:01:26","modified_gmt":"2024-03-17T10:01:26","slug":"esim-olaszorszag","status":"publish","type":"roaming","link":"http:\/\/esim2.clientinternals.webcase.pl\/hu\/roaming\/esim-olaszorszag\/","title":{"rendered":"Olaszorsz\u00e1g"},"content":{"rendered":"\n<p>\u00cdme n\u00e9h\u00e1ny \u00e9rdekes \u00e9s sz\u00f3rakoztat\u00f3 t\u00e9ny Olaszorsz\u00e1gr\u00f3l:<\/p>\n\n\n\n<ul class=\"wp-block-list\">\n<li>Orsz\u00e1gk\u00f3d: +39<\/li>\n\n\n\n<li>F\u0151v\u00e1ros: R\u00f3ma<\/li>\n\n\n\n<li>Egy\u00e9b f\u0151bb v\u00e1rosok: Verona, N\u00e1poly, Pisa<\/li>\n\n\n\n<li>N\u00e9pess\u00e9g: (2022-es becsl\u00e9s)<\/li>\n\n\n\n<li>Nyelv: Olasz<\/li>\n\n\n\n<li>P\u00e9nznem: Euro<\/li>\n\n\n\n<li>Az \u00e9telek az egyik oka annak, hogy Olaszorsz\u00e1got k\u00fclf\u00f6ld\u00f6n is ismerik, \u00e9s az orsz\u00e1g t\u00e9szta ir\u00e1nti megsz\u00e1llotts\u00e1ga j\u00f3l dokument\u00e1lt. A r\u00f3mai carbonara, a genovai pesto \u00e9s a bolognai bolognai bolognai (olaszul ragu\u2019) a legh\u00edresebb p\u00e9ld\u00e1k k\u00f6z\u00e9 tartozik.<\/li>\n\n\n\n<li>A n\u00e1polyi pizza k\u00e9sz\u00edt\u00e9s\u00e9nek k\u00e9pess\u00e9ge annyira egyed\u00fcl\u00e1ll\u00f3, hogy az UNESCO a szellemi vil\u00e1g\u00f6r\u00f6ks\u00e9g r\u00e9sz\u00e9v\u00e9 nyilv\u00e1n\u00edtotta.<\/li>\n\n\n\n<li>Alessandro Volta olasz fizikusnak tulajdon\u00edtj\u00e1k az els\u0151 m\u0171k\u00f6d\u0151k\u00e9pes akkumul\u00e1tor megalkot\u00e1s\u00e1t. Az elektromoss\u00e1ggal kapcsolatos fejleszt\u00e9seinek \u00e9s k\u00eds\u00e9rleteinek k\u00f6sz\u00f6nhet\u0151en hozz\u00e1j\u00e1rult ahhoz, hogy a vil\u00e1g megismerje a mobil elektromos t\u00f6lt\u00e9seket. Munk\u00e1ss\u00e1ga tisztelet\u00e9re a voltot r\u00f3la nevezt\u00e9k el.<\/li>\n\n\n\n<li>A vil\u00e1g legr\u00e9gebbi egyeteme Olaszorsz\u00e1gban tal\u00e1lhat\u00f3. A Bolognai Egyetemet 1088-ban alap\u00edtott\u00e1k.<\/li>\n<\/ul>\n\n\n\n<p>Tudtad, hogy\u2026?<\/p>\n\n\n\n<ul class=\"wp-block-list\">\n<li>Az Olasz Nagyd\u00edj az \u00f6t\u00f6dik legr\u00e9gebbi nemzeti nagyd\u00edj, amelyet 1921 \u00f3ta rendeznek meg. Ez egyike annak a k\u00e9t Nagyd\u00edjnak (a britekkel egy\u00fctt), amely a Forma-1-es vil\u00e1gbajnoks\u00e1g Nagyd\u00edjainak egyik esem\u00e9nye minden szezonban, folyamatosan, a bajnoks\u00e1g 1950-es bevezet\u00e9se \u00f3ta. A vil\u00e1gbajnoks\u00e1gok idej\u00e9n a Forma-1-es Olasz Nagyd\u00edj minden alkalommal Monz\u00e1ban ker\u00fclt megrendez\u00e9sre, kiv\u00e9ve 1980-ban, amikor Imol\u00e1ban tartott\u00e1k.<\/li>\n\n\n\n<li>Max Verstappen 2022-ben zsin\u00f3rban \u00f6t\u00f6dik gy\u0151zelm\u00e9t aratva v\u00e9gre megh\u00f3d\u00edtotta Monz\u00e1t. A gy\u0151zelem a Red Bull els\u0151 gy\u0151zelme volt Monz\u00e1ban 2013 \u00f3ta, \u00e9s a csapat 12. gy\u0151zelme a szezonban.<\/li>\n<\/ul>\n\n\n\n<p>Szerezd be az alkalmaz\u00e1st, \u00e9s kezd el a<\/p>\n","protected":false},"featured_media":16261,"template":"","region":[341],"class_list":["post-16924","roaming","type-roaming","status-publish","has-post-thumbnail","hentry","region-europa"],"_links":{"self":[{"href":"http:\/\/esim2.clientinternals.webcase.pl\/hu\/wp-json\/wp\/v2\/roaming\/16924","targetHints":{"allow":["GET"]}}],"collection":[{"href":"http:\/\/esim2.clientinternals.webcase.pl\/hu\/wp-json\/wp\/v2\/roaming"}],"about":[{"href":"http:\/\/esim2.clientinternals.webcase.pl\/hu\/wp-json\/wp\/v2\/types\/roaming"}],"wp:featuredmedia":[{"embeddable":true,"href":"http:\/\/esim2.clientinternals.webcase.pl\/hu\/wp-json\/wp\/v2\/media\/16261"}],"wp:attachment":[{"href":"http:\/\/esim2.clientinternals.webcase.pl\/hu\/wp-json\/wp\/v2\/media?parent=16924"}],"wp:term":[{"taxonomy":"region","embeddable":true,"href":"http:\/\/esim2.clientinternals.webcase.pl\/hu\/wp-json\/wp\/v2\/region?post=16924"}],"curies":[{"name":"wp","href":"https:\/\/api.w.org\/{rel}","templated":true}]}}

Olaszország

<p>Íme néhány érdekes és szórakoztató tény Olaszországról:</p>



<ul class="wp-block-list">
<li>Országkód: +39</li>



<li>Főváros: Róma</li>



<li>Egyéb főbb városok: Verona, Nápoly, Pisa</li>



<li>Népesség: (2022-es becslés)</li>



<li>Nyelv: Olasz</li>



<li>Pénznem: Euro</li>



<li>Az ételek az egyik oka annak, hogy Olaszországot külföldön is ismerik, és az ország tészta iránti megszállottsága jól dokumentált. A római carbonara, a genovai pesto és a bolognai bolognai bolognai (olaszul ragu’) a leghíresebb példák közé tartozik.</li>



<li>A nápolyi pizza készítésének képessége annyira egyedülálló, hogy az UNESCO a szellemi világörökség részévé nyilvánította.</li>



<li>Alessandro Volta olasz fizikusnak tulajdonítják az első működőképes akkumulátor megalkotását. Az elektromossággal kapcsolatos fejlesztéseinek és kísérleteinek köszönhetően hozzájárult ahhoz, hogy a világ megismerje a mobil elektromos töltéseket. Munkássága tiszteletére a voltot róla nevezték el.</li>



<li>A világ legrégebbi egyeteme Olaszországban található. A Bolognai Egyetemet 1088-ban alapították.</li>
</ul>



<p>Tudtad, hogy…?</p>



<ul class="wp-block-list">
<li>Az Olasz Nagydíj az ötödik legrégebbi nemzeti nagydíj, amelyet 1921 óta rendeznek meg. Ez egyike annak a két Nagydíjnak (a britekkel együtt), amely a Forma-1-es világbajnokság Nagydíjainak egyik eseménye minden szezonban, folyamatosan, a bajnokság 1950-es bevezetése óta. A világbajnokságok idején a Forma-1-es Olasz Nagydíj minden alkalommal Monzában került megrendezésre, kivéve 1980-ban, amikor Imolában tartották.</li>



<li>Max Verstappen 2022-ben zsinórban ötödik győzelmét aratva végre meghódította Monzát. A győzelem a Red Bull első győzelme volt Monzában 2013 óta, és a csapat 12. győzelme a szezonban.</li>
</ul>



<p>Szerezd be az alkalmazást, és kezd el a</p>
