{"id":16959,"date":"2024-02-23T19:39:56","date_gmt":"2024-02-23T18:39:56","guid":{"rendered":"http:\/\/esim2.clientinternals.webcase.pl\/?post_type=roaming&#038;p=16959"},"modified":"2024-03-17T08:06:43","modified_gmt":"2024-03-17T07:06:43","slug":"esim-nemetorszag","status":"publish","type":"roaming","link":"http:\/\/esim2.clientinternals.webcase.pl\/hu\/roaming\/esim-nemetorszag\/","title":{"rendered":"N\u00e9metorsz\u00e1g"},"content":{"rendered":"\n<p>\u00cdme n\u00e9h\u00e1ny \u00e9rdekes \u00e9s sz\u00f3rakoztat\u00f3 t\u00e9ny N\u00e9metorsz\u00e1gr\u00f3l<\/p>\n\n\n\n<ul class=\"wp-block-list\">\n<li>Orsz\u00e1gk\u00f3d: +49<\/li>\n\n\n\n<li>F\u0151v\u00e1ros: Berlin<\/li>\n\n\n\n<li>Egy\u00e9b f\u0151bb v\u00e1rosok: Frankfurt, M\u00fcnchen, K\u00f6ln<\/li>\n\n\n\n<li>N\u00e9pess\u00e9g: 84,3 milli\u00f3 (2022-es becsl\u00e9s)<\/li>\n\n\n\n<li>Nyelv: N\u00e9met<\/li>\n\n\n\n<li>P\u00e9nznem: Euro<\/li>\n\n\n\n<li>N\u00e9metorsz\u00e1g a vil\u00e1g egyik legnagyobb aut\u00f3gy\u00e1rt\u00f3ja, \u00e9s a legnagyobb Eur\u00f3p\u00e1ban.<\/li>\n\n\n\n<li>N\u00e9metorsz\u00e1g tizenhat \u00e1llamb\u00f3l \u00e1ll. Az \u00e1llamoknak saj\u00e1t alkotm\u00e1nyuk van, \u00e9s bels\u0151 szervez\u0151d\u00e9s\u00fcket tekintve nagym\u00e9rt\u00e9kben auton\u00f3mok.<\/li>\n\n\n\n<li>N\u00e9metorsz\u00e1g kilenc m\u00e1sik orsz\u00e1ggal hat\u00e1ros: D\u00e1nia, Lengyelorsz\u00e1g, Csehorsz\u00e1g, Ausztria, Sv\u00e1jc, Franciaorsz\u00e1g, Belgium, Luxemburg \u00e9s Hollandia.<\/li>\n<\/ul>\n\n\n\n<p>Tudtad, hogy\u2026?<\/p>\n\n\n\n<ul class=\"wp-block-list\">\n<li>Sebastian Vettel 2009-t\u0151l 2014-ig volt a Red Bull Racing versenyz\u0151je. Els\u0151 bajnoki c\u00edm\u00e9t 23 \u00e9vesen szerezte. 2011-ben teljesen domin\u00e1lt, \u00e9s \u0151 lett a legfiatalabb k\u00e9tszeres vil\u00e1gbajnok. 2012-ben zsin\u00f3rban harmadik versenyz\u0151i c\u00edme volt, amelyet kem\u00e9nyen meg\u00e9rdemelt \u00e9s meg\u00e9rdemelt. 2013-ban 26 \u00e9vesen \u0151 lett minden id\u0151k legfiatalabb n\u00e9gyszeres vil\u00e1gbajnoka.<\/li>\n\n\n\n<li>Csak 1994-ben, a Forma-1-es vil\u00e1gbajnoks\u00e1g k\u00f6zel n\u00e9gy \u00e9s f\u00e9l \u00e9vtizedes t\u00f6rt\u00e9net\u00e9ben fordult el\u0151, hogy egy n\u00e9met pil\u00f3ta megnyerte a motorsport legnagyobb d\u00edj\u00e1t.<\/li>\n\n\n\n<li>Az\u00f3ta h\u00e1rom n\u00e9met versenyz\u0151 12 bajnoki c\u00edmet szerzett, \u00e9s h\u00e9t n\u00e9met nyert futamot.<\/li>\n<\/ul>\n","protected":false},"featured_media":16261,"template":"","region":[341],"class_list":["post-16959","roaming","type-roaming","status-publish","has-post-thumbnail","hentry","region-europa"],"_links":{"self":[{"href":"http:\/\/esim2.clientinternals.webcase.pl\/hu\/wp-json\/wp\/v2\/roaming\/16959","targetHints":{"allow":["GET"]}}],"collection":[{"href":"http:\/\/esim2.clientinternals.webcase.pl\/hu\/wp-json\/wp\/v2\/roaming"}],"about":[{"href":"http:\/\/esim2.clientinternals.webcase.pl\/hu\/wp-json\/wp\/v2\/types\/roaming"}],"wp:featuredmedia":[{"embeddable":true,"href":"http:\/\/esim2.clientinternals.webcase.pl\/hu\/wp-json\/wp\/v2\/media\/16261"}],"wp:attachment":[{"href":"http:\/\/esim2.clientinternals.webcase.pl\/hu\/wp-json\/wp\/v2\/media?parent=16959"}],"wp:term":[{"taxonomy":"region","embeddable":true,"href":"http:\/\/esim2.clientinternals.webcase.pl\/hu\/wp-json\/wp\/v2\/region?post=16959"}],"curies":[{"name":"wp","href":"https:\/\/api.w.org\/{rel}","templated":true}]}}

Németország

<p>Íme néhány érdekes és szórakoztató tény Németországról</p>



<ul class="wp-block-list">
<li>Országkód: +49</li>



<li>Főváros: Berlin</li>



<li>Egyéb főbb városok: Frankfurt, München, Köln</li>



<li>Népesség: 84,3 millió (2022-es becslés)</li>



<li>Nyelv: Német</li>



<li>Pénznem: Euro</li>



<li>Németország a világ egyik legnagyobb autógyártója, és a legnagyobb Európában.</li>



<li>Németország tizenhat államból áll. Az államoknak saját alkotmányuk van, és belső szerveződésüket tekintve nagymértékben autonómok.</li>



<li>Németország kilenc másik országgal határos: Dánia, Lengyelország, Csehország, Ausztria, Svájc, Franciaország, Belgium, Luxemburg és Hollandia.</li>
</ul>



<p>Tudtad, hogy…?</p>



<ul class="wp-block-list">
<li>Sebastian Vettel 2009-től 2014-ig volt a Red Bull Racing versenyzője. Első bajnoki címét 23 évesen szerezte. 2011-ben teljesen dominált, és ő lett a legfiatalabb kétszeres világbajnok. 2012-ben zsinórban harmadik versenyzői címe volt, amelyet keményen megérdemelt és megérdemelt. 2013-ban 26 évesen ő lett minden idők legfiatalabb négyszeres világbajnoka.</li>



<li>Csak 1994-ben, a Forma-1-es világbajnokság közel négy és fél évtizedes történetében fordult elő, hogy egy német pilóta megnyerte a motorsport legnagyobb díját.</li>



<li>Azóta három német versenyző 12 bajnoki címet szerzett, és hét német nyert futamot.</li>
</ul>
