{"id":16970,"date":"2024-02-23T19:39:19","date_gmt":"2024-02-23T18:39:19","guid":{"rendered":"http:\/\/esim2.clientinternals.webcase.pl\/?post_type=roaming&#038;p=16970"},"modified":"2024-03-17T07:46:51","modified_gmt":"2024-03-17T06:46:51","slug":"esim-franciaorszag","status":"publish","type":"roaming","link":"http:\/\/esim2.clientinternals.webcase.pl\/hu\/roaming\/esim-franciaorszag\/","title":{"rendered":"Franciaorsz\u00e1g"},"content":{"rendered":"\n<p>\u00cdme n\u00e9h\u00e1ny \u00e9rdekes \u00e9s sz\u00f3rakoztat\u00f3 t\u00e9ny Franciaorsz\u00e1gr\u00f3l<\/p>\n\n\n\n<ul class=\"wp-block-list\">\n<li>Orsz\u00e1gk\u00f3d: +33<\/li>\n\n\n\n<li>F\u0151v\u00e1ros: P\u00e1rizs<\/li>\n\n\n\n<li>Egy\u00e9b f\u0151bb v\u00e1rosok: Marseille, Lyon, Toulouse<\/li>\n\n\n\n<li>N\u00e9pess\u00e9g: (2022-es becsl\u00e9s)<\/li>\n\n\n\n<li>Nyelv: Francia<\/li>\n\n\n\n<li>P\u00e9nznem: Euro<\/li>\n\n\n\n<li>Franciaorsz\u00e1g Nyugat-Eur\u00f3pa legnagyobb orsz\u00e1ga \u00e9s a vil\u00e1g egyik legl\u00e1togatottabb orsz\u00e1ga.<\/li>\n\n\n\n<li>2016-ban Franciaorsz\u00e1g t\u00f6rv\u00e9nyt fogadott el az \u00e9lelmiszer-pazarl\u00e1s elleni k\u00fczdelemr\u0151l, amelynek \u00e9rtelm\u00e9ben a szupermarketeknek tilos volt megsemmis\u00edteni\u00fck az eladatlan \u00e9lelmiszereket, \u00e9s helyette adom\u00e1nyozniuk kellett azokat.<\/li>\n\n\n\n<li>A francia a hivatalos nyelv, de a nyelv\u00e9szek becsl\u00e9se szerint Franciaorsz\u00e1gban mintegy 75 region\u00e1lis nyelv l\u00e9tezik!<\/li>\n\n\n\n<li>A vil\u00e1gon az els\u0151 arc- \u00e9s sz\u00edv\u00e1t\u00fcltet\u00e9sre Franciaorsz\u00e1gban ker\u00fclt sor. Francia seb\u00e9szek 2005-ben v\u00e9gezt\u00e9k el az els\u0151 arc\u00e1t\u00fcltet\u00e9st, m\u00edg az els\u0151 sz\u00edv\u00e1t\u00fcltet\u00e9sre 2013-ban ker\u00fclt sor a p\u00e1rizsi Georges Pompidou k\u00f3rh\u00e1zban.<\/li>\n<\/ul>\n\n\n\n<p>Tudtad, hogy\u2026?<\/p>\n\n\n\n<ul class=\"wp-block-list\">\n<li>A Red Bull 2008-ban jelent meg Franciaorsz\u00e1gban, t\u00f6bb mint 20 \u00e9vvel azut\u00e1n, hogy 1987-ben Ausztri\u00e1ban eladt\u00e1k az els\u0151 Red Bull doboz\u00e1t. Ma a Red Bull t\u00f6bb mint 172 orsz\u00e1gban m\u0171k\u00f6dik, \u00e9s \u00e9vente t\u00f6bb mint 9,8 milli\u00e1rd dobozt ad el, \u00e9s egyre n\u00f6vekszik!<\/li>\n\n\n\n<li>A Francia Nagyd\u00edj egy aut\u00f3verseny, amelyet a Nemzetk\u00f6zi Automobil Sz\u00f6vets\u00e9g (F\u00e9d\u00e9ration Internationale de l\u2019Automobile) \u00e9vente megrendezett Formula-1 vil\u00e1gbajnoks\u00e1g\u00e1nak r\u00e9szek\u00e9nt rendeznek. Ez a vil\u00e1g egyik legr\u00e9gebbi aut\u00f3versenye \u00e9s egyben az els\u0151 \u201eGrand Prix\u201d.<\/li>\n\n\n\n<li>Az utols\u00f3 versenyt 2022-ben rendezt\u00e9k meg.<\/li>\n<\/ul>\n","protected":false},"featured_media":16261,"template":"","region":[341],"class_list":["post-16970","roaming","type-roaming","status-publish","has-post-thumbnail","hentry","region-europa"],"_links":{"self":[{"href":"http:\/\/esim2.clientinternals.webcase.pl\/hu\/wp-json\/wp\/v2\/roaming\/16970","targetHints":{"allow":["GET"]}}],"collection":[{"href":"http:\/\/esim2.clientinternals.webcase.pl\/hu\/wp-json\/wp\/v2\/roaming"}],"about":[{"href":"http:\/\/esim2.clientinternals.webcase.pl\/hu\/wp-json\/wp\/v2\/types\/roaming"}],"wp:featuredmedia":[{"embeddable":true,"href":"http:\/\/esim2.clientinternals.webcase.pl\/hu\/wp-json\/wp\/v2\/media\/16261"}],"wp:attachment":[{"href":"http:\/\/esim2.clientinternals.webcase.pl\/hu\/wp-json\/wp\/v2\/media?parent=16970"}],"wp:term":[{"taxonomy":"region","embeddable":true,"href":"http:\/\/esim2.clientinternals.webcase.pl\/hu\/wp-json\/wp\/v2\/region?post=16970"}],"curies":[{"name":"wp","href":"https:\/\/api.w.org\/{rel}","templated":true}]}}

Franciaország

<p>Íme néhány érdekes és szórakoztató tény Franciaországról</p>



<ul class="wp-block-list">
<li>Országkód: +33</li>



<li>Főváros: Párizs</li>



<li>Egyéb főbb városok: Marseille, Lyon, Toulouse</li>



<li>Népesség: (2022-es becslés)</li>



<li>Nyelv: Francia</li>



<li>Pénznem: Euro</li>



<li>Franciaország Nyugat-Európa legnagyobb országa és a világ egyik leglátogatottabb országa.</li>



<li>2016-ban Franciaország törvényt fogadott el az élelmiszer-pazarlás elleni küzdelemről, amelynek értelmében a szupermarketeknek tilos volt megsemmisíteniük az eladatlan élelmiszereket, és helyette adományozniuk kellett azokat.</li>



<li>A francia a hivatalos nyelv, de a nyelvészek becslése szerint Franciaországban mintegy 75 regionális nyelv létezik!</li>



<li>A világon az első arc- és szívátültetésre Franciaországban került sor. Francia sebészek 2005-ben végezték el az első arcátültetést, míg az első szívátültetésre 2013-ban került sor a párizsi Georges Pompidou kórházban.</li>
</ul>



<p>Tudtad, hogy…?</p>



<ul class="wp-block-list">
<li>A Red Bull 2008-ban jelent meg Franciaországban, több mint 20 évvel azután, hogy 1987-ben Ausztriában eladták az első Red Bull dobozát. Ma a Red Bull több mint 172 országban működik, és évente több mint 9,8 milliárd dobozt ad el, és egyre növekszik!</li>



<li>A Francia Nagydíj egy autóverseny, amelyet a Nemzetközi Automobil Szövetség (Fédération Internationale de l’Automobile) évente megrendezett Formula-1 világbajnokságának részeként rendeznek. Ez a világ egyik legrégebbi autóversenye és egyben az első „Grand Prix”.</li>



<li>Az utolsó versenyt 2022-ben rendezték meg.</li>
</ul>
