{"id":16981,"date":"2024-02-23T19:38:27","date_gmt":"2024-02-23T18:38:27","guid":{"rendered":"http:\/\/esim2.clientinternals.webcase.pl\/?post_type=roaming&#038;p=16981"},"modified":"2024-03-16T14:29:37","modified_gmt":"2024-03-16T13:29:37","slug":"esim-europai-unio","status":"publish","type":"roaming","link":"http:\/\/esim2.clientinternals.webcase.pl\/hu\/roaming\/esim-europai-unio\/","title":{"rendered":"Eur\u00f3pai Uni\u00f3"},"content":{"rendered":"\n<p>N\u00e9h\u00e1ny \u00e9rdekes \u00e9s sz\u00f3rakoztat\u00f3 t\u00e9ny az Eur\u00f3pai Uni\u00f3r\u00f3l<\/p>\n\n\n\n<ul class=\"wp-block-list\">\n<li>Az Eur\u00f3pai Uni\u00f3nak (EU) 2023 janu\u00e1rj\u00e1t\u00f3l 27 tag\u00e1llama lesz.<\/li>\n\n\n\n<li>Nyelv: Az EU 24 hivatalos nyelvvel rendelkezik<\/li>\n\n\n\n<li>F\u0151v\u00e1ros: Br\u00fcsszel<\/li>\n\n\n\n<li>N\u00e9pess\u00e9g: (2022-es becsl\u00e9s)<\/li>\n\n\n\n<li>F\u0151 p\u00e9nznem: Euro<\/li>\n\n\n\n<li>Az EU ter\u00fclete t\u00f6bb mint 4 milli\u00f3 km\u00b2. Ter\u00fclet\u00e9t tekintve Franciaorsz\u00e1g a legnagyobb, M\u00e1lta pedig a legkisebb uni\u00f3s orsz\u00e1g.<\/li>\n\n\n\n<li>Az EU legnagyobb n\u00e9pess\u00e9g\u0171 orsz\u00e1ga N\u00e9metorsz\u00e1g.<\/li>\n\n\n\n<li>Az Eur\u00f3pai Uni\u00f3 z\u00e1szlaja k\u00e9k alapon 12 aranysz\u00edn\u0171 csillagot \u00e1br\u00e1zol, amelyek az eur\u00f3pai tagorsz\u00e1gok k\u00f6z\u00f6tti egys\u00e9get, szolidarit\u00e1st \u00e9s harm\u00f3ni\u00e1t jelk\u00e9pezik.<\/li>\n\n\n\n<li>N\u00e9gy v\u00e1ros nagyon fontos az Eur\u00f3pai Uni\u00f3 sz\u00e1m\u00e1ra:<br>Br\u00fcsszel (Belgium) (az EU sz\u00e9khelye)<br>Strasbourg Franciaorsz\u00e1gban (Eur\u00f3pai Parlament)<br>Frankfurt\/Main (N\u00e9metorsz\u00e1g) (Eur\u00f3pai K\u00f6zponti Bank)<br>Luxemburg v\u00e1ros Luxemburgban (az Eur\u00f3pai Parlament \u00e9s az Eur\u00f3pai B\u00edr\u00f3s\u00e1g sz\u00e9khelye)<\/li>\n<\/ul>\n\n\n\n<p>Tudtad, hogy\u2026?<\/p>\n\n\n\n<ul class=\"wp-block-list\">\n<li>A franciaorsz\u00e1gi P\u00e1rizs Charles de Gaulle rep\u00fcl\u0151t\u00e9r az EU legforgalmasabb rep\u00fcl\u0151tere.<\/li>\n\n\n\n<li>Az Eur\u00f3pai K\u00f6zponti Bankot 1998-ban alap\u00edtott\u00e1k, az eur\u00f3t pedig 2002-ben vezett\u00e9k be.<\/li>\n<\/ul>\n","protected":false},"featured_media":16261,"template":"","region":[341],"class_list":["post-16981","roaming","type-roaming","status-publish","has-post-thumbnail","hentry","region-europa"],"_links":{"self":[{"href":"http:\/\/esim2.clientinternals.webcase.pl\/hu\/wp-json\/wp\/v2\/roaming\/16981","targetHints":{"allow":["GET"]}}],"collection":[{"href":"http:\/\/esim2.clientinternals.webcase.pl\/hu\/wp-json\/wp\/v2\/roaming"}],"about":[{"href":"http:\/\/esim2.clientinternals.webcase.pl\/hu\/wp-json\/wp\/v2\/types\/roaming"}],"wp:featuredmedia":[{"embeddable":true,"href":"http:\/\/esim2.clientinternals.webcase.pl\/hu\/wp-json\/wp\/v2\/media\/16261"}],"wp:attachment":[{"href":"http:\/\/esim2.clientinternals.webcase.pl\/hu\/wp-json\/wp\/v2\/media?parent=16981"}],"wp:term":[{"taxonomy":"region","embeddable":true,"href":"http:\/\/esim2.clientinternals.webcase.pl\/hu\/wp-json\/wp\/v2\/region?post=16981"}],"curies":[{"name":"wp","href":"https:\/\/api.w.org\/{rel}","templated":true}]}}

Európai Unió

<p>Néhány érdekes és szórakoztató tény az Európai Unióról</p>



<ul class="wp-block-list">
<li>Az Európai Uniónak (EU) 2023 januárjától 27 tagállama lesz.</li>



<li>Nyelv: Az EU 24 hivatalos nyelvvel rendelkezik</li>



<li>Főváros: Brüsszel</li>



<li>Népesség: (2022-es becslés)</li>



<li>Fő pénznem: Euro</li>



<li>Az EU területe több mint 4 millió km². Területét tekintve Franciaország a legnagyobb, Málta pedig a legkisebb uniós ország.</li>



<li>Az EU legnagyobb népességű országa Németország.</li>



<li>Az Európai Unió zászlaja kék alapon 12 aranyszínű csillagot ábrázol, amelyek az európai tagországok közötti egységet, szolidaritást és harmóniát jelképezik.</li>



<li>Négy város nagyon fontos az Európai Unió számára:<br>Brüsszel (Belgium) (az EU székhelye)<br>Strasbourg Franciaországban (Európai Parlament)<br>Frankfurt/Main (Németország) (Európai Központi Bank)<br>Luxemburg város Luxemburgban (az Európai Parlament és az Európai Bíróság székhelye)</li>
</ul>



<p>Tudtad, hogy…?</p>



<ul class="wp-block-list">
<li>A franciaországi Párizs Charles de Gaulle repülőtér az EU legforgalmasabb repülőtere.</li>



<li>Az Európai Központi Bankot 1998-ban alapították, az eurót pedig 2002-ben vezették be.</li>
</ul>
