{"id":17014,"date":"2024-02-23T19:35:51","date_gmt":"2024-02-23T18:35:51","guid":{"rendered":"http:\/\/esim2.clientinternals.webcase.pl\/?post_type=roaming&#038;p=17014"},"modified":"2024-03-17T22:56:13","modified_gmt":"2024-03-17T21:56:13","slug":"esim-egyesult-kiralysag","status":"publish","type":"roaming","link":"http:\/\/esim2.clientinternals.webcase.pl\/hu\/roaming\/esim-egyesult-kiralysag\/","title":{"rendered":"Egyes\u00fclt Kir\u00e1lys\u00e1g"},"content":{"rendered":"\n<ul class=\"wp-block-list\">\n<li>Orsz\u00e1gk\u00f3d: +44<\/li>\n\n\n\n<li>F\u0151v\u00e1ros: London<\/li>\n\n\n\n<li>P\u00e9nznem: Font sterling<\/li>\n\n\n\n<li>Egy\u00e9b f\u0151bb v\u00e1rosok: Bristol, Bath, Glasgow, Edinburgh<\/li>\n\n\n\n<li>N\u00e9pess\u00e9g: (2022-es becsl\u00e9s)<\/li>\n\n\n\n<li>Hivatalos nyelvek: Angol; angol \u00e9s sk\u00f3t gael nyelv Sk\u00f3ci\u00e1ban; angol \u00e9s walesi nyelv Walesben.<\/li>\n\n\n\n<li>Korm\u00e1nyzati forma: Parlamenti demokr\u00e1cia alkotm\u00e1nyos monarchia keretein bel\u00fcl.<\/li>\n\n\n\n<li>Az Egyes\u00fclt Kir\u00e1lys\u00e1g egy szigetorsz\u00e1g \u00c9szaknyugat-Eur\u00f3p\u00e1ban, amely Angli\u00e1b\u00f3l, Sk\u00f3ci\u00e1b\u00f3l, Walesb\u0151l \u00e9s \u00c9szak-\u00cdrorsz\u00e1gb\u00f3l \u00e1ll.<\/li>\n\n\n\n<li>Az Egyes\u00fclt Kir\u00e1lys\u00e1got a Csatorna-alag\u00fat k\u00f6ti \u00f6ssze az eur\u00f3pai kontinent\u00e1lis sz\u00e1razf\u00f6lddel. Calais (Franciaorsz\u00e1g) \u00e9s Dover (Anglia) v\u00e1ros\u00e1t k\u00f6ti \u00f6ssze.<\/li>\n\n\n\n<li>A focit, a krikettet \u00e9s a teniszt az Egyes\u00fclt Kir\u00e1lys\u00e1gban tal\u00e1lt\u00e1k fel.<\/li>\n<\/ul>\n\n\n\n<p>Tudtad, hogy\u2026?<\/p>\n\n\n\n<ul class=\"wp-block-list\">\n<li>Az Egyes\u00fclt Kir\u00e1lys\u00e1gban az emberek t\u00f6bb mint 80 sz\u00e1zal\u00e9ka Angli\u00e1ban \u00e9l. London, Anglia \u00e9s az Egyes\u00fclt Kir\u00e1lys\u00e1g f\u0151v\u00e1rosa, valamivel kevesebb mint kilencmilli\u00f3 lakosnak ad otthont.<\/li>\n\n\n\n<li>Erzs\u00e9bet kir\u00e1lyn\u0151 volt a vil\u00e1g leghosszabb ideig uralkod\u00f3 n\u0151i uralkod\u00f3ja, 1952-t\u0151l 2022-ig volt kir\u00e1lyn\u0151.<\/li>\n<\/ul>\n","protected":false},"featured_media":15329,"template":"","region":[341],"class_list":["post-17014","roaming","type-roaming","status-publish","has-post-thumbnail","hentry","region-europa"],"_links":{"self":[{"href":"http:\/\/esim2.clientinternals.webcase.pl\/hu\/wp-json\/wp\/v2\/roaming\/17014","targetHints":{"allow":["GET"]}}],"collection":[{"href":"http:\/\/esim2.clientinternals.webcase.pl\/hu\/wp-json\/wp\/v2\/roaming"}],"about":[{"href":"http:\/\/esim2.clientinternals.webcase.pl\/hu\/wp-json\/wp\/v2\/types\/roaming"}],"wp:featuredmedia":[{"embeddable":true,"href":"http:\/\/esim2.clientinternals.webcase.pl\/hu\/wp-json\/wp\/v2\/media\/15329"}],"wp:attachment":[{"href":"http:\/\/esim2.clientinternals.webcase.pl\/hu\/wp-json\/wp\/v2\/media?parent=17014"}],"wp:term":[{"taxonomy":"region","embeddable":true,"href":"http:\/\/esim2.clientinternals.webcase.pl\/hu\/wp-json\/wp\/v2\/region?post=17014"}],"curies":[{"name":"wp","href":"https:\/\/api.w.org\/{rel}","templated":true}]}}

Egyesült Királyság

<ul class="wp-block-list">
<li>Országkód: +44</li>



<li>Főváros: London</li>



<li>Pénznem: Font sterling</li>



<li>Egyéb főbb városok: Bristol, Bath, Glasgow, Edinburgh</li>



<li>Népesség: (2022-es becslés)</li>



<li>Hivatalos nyelvek: Angol; angol és skót gael nyelv Skóciában; angol és walesi nyelv Walesben.</li>



<li>Kormányzati forma: Parlamenti demokrácia alkotmányos monarchia keretein belül.</li>



<li>Az Egyesült Királyság egy szigetország Északnyugat-Európában, amely Angliából, Skóciából, Walesből és Észak-Írországból áll.</li>



<li>Az Egyesült Királyságot a Csatorna-alagút köti össze az európai kontinentális szárazfölddel. Calais (Franciaország) és Dover (Anglia) városát köti össze.</li>



<li>A focit, a krikettet és a teniszt az Egyesült Királyságban találták fel.</li>
</ul>



<p>Tudtad, hogy…?</p>



<ul class="wp-block-list">
<li>Az Egyesült Királyságban az emberek több mint 80 százaléka Angliában él. London, Anglia és az Egyesült Királyság fővárosa, valamivel kevesebb mint kilencmillió lakosnak ad otthont.</li>



<li>Erzsébet királynő volt a világ leghosszabb ideig uralkodó női uralkodója, 1952-től 2022-ig volt királynő.</li>
</ul>
