{"id":17025,"date":"2024-02-23T19:35:01","date_gmt":"2024-02-23T18:35:01","guid":{"rendered":"http:\/\/esim2.clientinternals.webcase.pl\/?post_type=roaming&#038;p=17025"},"modified":"2024-03-17T22:35:52","modified_gmt":"2024-03-17T21:35:52","slug":"esim-svajc","status":"publish","type":"roaming","link":"http:\/\/esim2.clientinternals.webcase.pl\/hu\/roaming\/esim-svajc\/","title":{"rendered":"Sv\u00e1jc"},"content":{"rendered":"\n<p>\u00cdme n\u00e9h\u00e1ny \u00e9rdekes \u00e9s sz\u00f3rakoztat\u00f3 t\u00e9ny Sv\u00e1jcr\u00f3l<\/p>\n\n\n\n<ul class=\"wp-block-list\">\n<li>Orsz\u00e1gk\u00f3d: +41<\/li>\n\n\n\n<li>F\u0151v\u00e1ros: Bern<\/li>\n\n\n\n<li>Egy\u00e9b f\u0151bb v\u00e1rosok: Zermatt, Lausanne, Basel<\/li>\n\n\n\n<li>N\u00e9pess\u00e9g: 8,82 milli\u00f3 (2023-as becsl\u00e9s)<\/li>\n\n\n\n<li>Nyelv: Sv\u00e1jcban n\u00e9gy nemzeti nyelv l\u00e9tezik: N\u00e9met, francia, olasz \u00e9s rom\u00e1n.<\/li>\n\n\n\n<li>P\u00e9nznem: sv\u00e1jci frank<\/li>\n\n\n\n<li>A sv\u00e1jci n\u00e9met a legelterjedtebb nyelv Sv\u00e1jcban, a lakoss\u00e1g valamivel t\u00f6bb mint 60 sz\u00e1zal\u00e9ka besz\u00e9li. A helyi lakosok Schwyzerd\u00fctsch-nek h\u00edvj\u00e1k, \u00e9s az orsz\u00e1g \u00e9szaki, k\u00f6z\u00e9ps\u0151 \u00e9s keleti r\u00e9sz\u00e9n koncentr\u00e1l\u00f3dik.<\/li>\n\n\n\n<li>Sv\u00e1jcban tal\u00e1lhat\u00f3 a vil\u00e1g leghosszabb l\u00e9pcs\u0151je, 11 674 l\u00e9pcs\u0151fok, amely a Niesen hegyi vas\u00fat mellett tal\u00e1lhat\u00f3. A l\u00e9pcs\u0151 3,4 km hossz\u00fa, de 1669 m magass\u00e1got kell megm\u00e1szni.<\/li>\n\n\n\n<li>A sv\u00e1jciak olyan nagyszer\u0171 tal\u00e1lm\u00e1nyok\u00e9rt is felel\u0151sek, mint a t\u00e9p\u0151z\u00e1r, az abszint, a m\u00fczli \u00e9s az alum\u00edniumf\u00f3lia.<\/li>\n\n\n\n<li>A sv\u00e1jciak a csokol\u00e1d\u00e9jukr\u00f3l ismertek, a sv\u00e1jci fond\u00fc pedig a legn\u00e9pszer\u0171bb \u00e9tel Sv\u00e1jcban, amely kiemeli a sv\u00e1jci sajt v\u00e1ltozatos \u00edzvil\u00e1g\u00e1t.<\/li>\n<\/ul>\n\n\n\n<p>Tudtad, hogy\u2026?<\/p>\n\n\n\n<ul class=\"wp-block-list\">\n<li>A sv\u00e1jci \u00f3r\u00e1k \u00e9s a sv\u00e1jci bicsk\u00e1k a legh\u00edresebb nem ehet\u0151 sv\u00e1jci szuven\u00edr.<\/li>\n\n\n\n<li>A Jungfraujoch vas\u00fat\u00e1llom\u00e1st \u201eEur\u00f3pa cs\u00facsak\u00e9nt\u201d ismerik.<\/li>\n\n\n\n<li>Sz\u00e1mos h\u00f3bor\u00edtotta, havas falu mellett halad el, k\u00f6zt\u00fck Grindelwald, amely Sv\u00e1jc egyik legh\u00edresebb alpesi faluja.<\/li>\n<\/ul>\n","protected":false},"featured_media":15329,"template":"","region":[341],"class_list":["post-17025","roaming","type-roaming","status-publish","has-post-thumbnail","hentry","region-europa"],"_links":{"self":[{"href":"http:\/\/esim2.clientinternals.webcase.pl\/hu\/wp-json\/wp\/v2\/roaming\/17025","targetHints":{"allow":["GET"]}}],"collection":[{"href":"http:\/\/esim2.clientinternals.webcase.pl\/hu\/wp-json\/wp\/v2\/roaming"}],"about":[{"href":"http:\/\/esim2.clientinternals.webcase.pl\/hu\/wp-json\/wp\/v2\/types\/roaming"}],"wp:featuredmedia":[{"embeddable":true,"href":"http:\/\/esim2.clientinternals.webcase.pl\/hu\/wp-json\/wp\/v2\/media\/15329"}],"wp:attachment":[{"href":"http:\/\/esim2.clientinternals.webcase.pl\/hu\/wp-json\/wp\/v2\/media?parent=17025"}],"wp:term":[{"taxonomy":"region","embeddable":true,"href":"http:\/\/esim2.clientinternals.webcase.pl\/hu\/wp-json\/wp\/v2\/region?post=17025"}],"curies":[{"name":"wp","href":"https:\/\/api.w.org\/{rel}","templated":true}]}}

Svájc

<p>Íme néhány érdekes és szórakoztató tény Svájcról</p>



<ul class="wp-block-list">
<li>Országkód: +41</li>



<li>Főváros: Bern</li>



<li>Egyéb főbb városok: Zermatt, Lausanne, Basel</li>



<li>Népesség: 8,82 millió (2023-as becslés)</li>



<li>Nyelv: Svájcban négy nemzeti nyelv létezik: Német, francia, olasz és román.</li>



<li>Pénznem: svájci frank</li>



<li>A svájci német a legelterjedtebb nyelv Svájcban, a lakosság valamivel több mint 60 százaléka beszéli. A helyi lakosok Schwyzerdütsch-nek hívják, és az ország északi, középső és keleti részén koncentrálódik.</li>



<li>Svájcban található a világ leghosszabb lépcsője, 11 674 lépcsőfok, amely a Niesen hegyi vasút mellett található. A lépcső 3,4 km hosszú, de 1669 m magasságot kell megmászni.</li>



<li>A svájciak olyan nagyszerű találmányokért is felelősek, mint a tépőzár, az abszint, a müzli és az alumíniumfólia.</li>



<li>A svájciak a csokoládéjukról ismertek, a svájci fondü pedig a legnépszerűbb étel Svájcban, amely kiemeli a svájci sajt változatos ízvilágát.</li>
</ul>



<p>Tudtad, hogy…?</p>



<ul class="wp-block-list">
<li>A svájci órák és a svájci bicskák a leghíresebb nem ehető svájci szuvenír.</li>



<li>A Jungfraujoch vasútállomást „Európa csúcsaként” ismerik.</li>



<li>Számos hóborította, havas falu mellett halad el, köztük Grindelwald, amely Svájc egyik leghíresebb alpesi faluja.</li>
</ul>
