{"id":17036,"date":"2024-02-23T19:34:19","date_gmt":"2024-02-23T18:34:19","guid":{"rendered":"http:\/\/esim2.clientinternals.webcase.pl\/?post_type=roaming&#038;p=17036"},"modified":"2024-03-17T22:16:51","modified_gmt":"2024-03-17T21:16:51","slug":"esim-spanyolorszag","status":"publish","type":"roaming","link":"http:\/\/esim2.clientinternals.webcase.pl\/hu\/roaming\/esim-spanyolorszag\/","title":{"rendered":"Spanyolorsz\u00e1g"},"content":{"rendered":"\n<p>\u00cdme n\u00e9h\u00e1ny \u00e9rdekes \u00e9s sz\u00f3rakoztat\u00f3 t\u00e9ny Spanyolorsz\u00e1gr\u00f3l:<\/p>\n\n\n\n<ul class=\"wp-block-list\">\n<li>Orsz\u00e1gk\u00f3d: +34<\/li>\n\n\n\n<li>F\u0151v\u00e1ros: Madrid<\/li>\n\n\n\n<li>Egy\u00e9b f\u0151bb v\u00e1rosok: Sevilla, C\u00f3rdoba, Bilbao<\/li>\n\n\n\n<li>N\u00e9pess\u00e9g: (2022-es becsl\u00e9s)<\/li>\n\n\n\n<li>Nyelv: Spanyol<\/li>\n\n\n\n<li>P\u00e9nznem: Euro<\/li>\n\n\n\n<li>Spanyolorsz\u00e1gnak sz\u00e1razf\u00f6ldi hat\u00e1ra van egy afrikai orsz\u00e1ggal, Marokk\u00f3val, nem pedig tengeri. Spanyolorsz\u00e1g Ceuta n\u00e9ven egy kis el\u0151\u0151rs\u00f6t tart fenn az afrikai kontinensen.<\/li>\n\n\n\n<li>Spanyolorsz\u00e1g volt a vil\u00e1g els\u0151 glob\u00e1lis birodalma, \u00e9s egy ideig a vil\u00e1g leger\u0151sebb orsz\u00e1ga.<\/li>\n\n\n\n<li>A spanyol a m\u00e1sodik leggyakrabban besz\u00e9lt nyelv a vil\u00e1gon; a mandarin k\u00ednai ut\u00e1n a m\u00e1sodik.<\/li>\n\n\n\n<li>Spanyolorsz\u00e1g a vil\u00e1g legnagyobb ol\u00edvaolaj-termel\u0151je. Spanyolorsz\u00e1g ide\u00e1lis \u00e9ghajlata \u00e9s fekv\u00e9se egy\u00fcttesen a legjobb orsz\u00e1g az olajbogy\u00f3 termeszt\u00e9s\u00e9re.<\/li>\n<\/ul>\n\n\n\n<p>Tudtad, hogy\u2026?<\/p>\n\n\n\n<ul class=\"wp-block-list\">\n<li>A Red Bull 2006-ban jelent meg a spanyol piacon, k\u00f6zel 20 \u00e9vvel azut\u00e1n, hogy 1987-ben Ausztri\u00e1ban eladt\u00e1k az els\u0151 Red Bull doboz\u00e1t. Ma a Red Bull t\u00f6bb mint 172 orsz\u00e1gban m\u0171k\u00f6dik, \u00e9s \u00e9vente t\u00f6bb mint 9,8 milli\u00e1rd dobozt ad el, \u00e9s egyre n\u00f6vekszik!<\/li>\n\n\n\n<li>A Spanyol Nagyd\u00edjat jelenleg a Circuit de Barcelona-Catalunya p\u00e1ly\u00e1n rendezik. A verseny a vil\u00e1g egyik legr\u00e9gebbi, m\u00e9g mindig megrendezett versenye, amely 2013-ban \u00fcnnepli sz\u00e1zadik sz\u00fclet\u00e9snapj\u00e1t.<\/li>\n\n\n\n<li>A Red Bull Racing 2010-ben, 2011-ben, 2016-ban \u00e9s 2022-ben nyert a Spanyol Nagyd\u00edjon.<\/li>\n<\/ul>\n","protected":false},"featured_media":15329,"template":"","region":[341],"class_list":["post-17036","roaming","type-roaming","status-publish","has-post-thumbnail","hentry","region-europa"],"_links":{"self":[{"href":"http:\/\/esim2.clientinternals.webcase.pl\/hu\/wp-json\/wp\/v2\/roaming\/17036","targetHints":{"allow":["GET"]}}],"collection":[{"href":"http:\/\/esim2.clientinternals.webcase.pl\/hu\/wp-json\/wp\/v2\/roaming"}],"about":[{"href":"http:\/\/esim2.clientinternals.webcase.pl\/hu\/wp-json\/wp\/v2\/types\/roaming"}],"wp:featuredmedia":[{"embeddable":true,"href":"http:\/\/esim2.clientinternals.webcase.pl\/hu\/wp-json\/wp\/v2\/media\/15329"}],"wp:attachment":[{"href":"http:\/\/esim2.clientinternals.webcase.pl\/hu\/wp-json\/wp\/v2\/media?parent=17036"}],"wp:term":[{"taxonomy":"region","embeddable":true,"href":"http:\/\/esim2.clientinternals.webcase.pl\/hu\/wp-json\/wp\/v2\/region?post=17036"}],"curies":[{"name":"wp","href":"https:\/\/api.w.org\/{rel}","templated":true}]}}

Spanyolország

<p>Íme néhány érdekes és szórakoztató tény Spanyolországról:</p>



<ul class="wp-block-list">
<li>Országkód: +34</li>



<li>Főváros: Madrid</li>



<li>Egyéb főbb városok: Sevilla, Córdoba, Bilbao</li>



<li>Népesség: (2022-es becslés)</li>



<li>Nyelv: Spanyol</li>



<li>Pénznem: Euro</li>



<li>Spanyolországnak szárazföldi határa van egy afrikai országgal, Marokkóval, nem pedig tengeri. Spanyolország Ceuta néven egy kis előőrsöt tart fenn az afrikai kontinensen.</li>



<li>Spanyolország volt a világ első globális birodalma, és egy ideig a világ legerősebb országa.</li>



<li>A spanyol a második leggyakrabban beszélt nyelv a világon; a mandarin kínai után a második.</li>



<li>Spanyolország a világ legnagyobb olívaolaj-termelője. Spanyolország ideális éghajlata és fekvése együttesen a legjobb ország az olajbogyó termesztésére.</li>
</ul>



<p>Tudtad, hogy…?</p>



<ul class="wp-block-list">
<li>A Red Bull 2006-ban jelent meg a spanyol piacon, közel 20 évvel azután, hogy 1987-ben Ausztriában eladták az első Red Bull dobozát. Ma a Red Bull több mint 172 országban működik, és évente több mint 9,8 milliárd dobozt ad el, és egyre növekszik!</li>



<li>A Spanyol Nagydíjat jelenleg a Circuit de Barcelona-Catalunya pályán rendezik. A verseny a világ egyik legrégebbi, még mindig megrendezett versenye, amely 2013-ban ünnepli századik születésnapját.</li>



<li>A Red Bull Racing 2010-ben, 2011-ben, 2016-ban és 2022-ben nyert a Spanyol Nagydíjon.</li>
</ul>
