{"id":17047,"date":"2024-02-23T19:33:37","date_gmt":"2024-02-23T18:33:37","guid":{"rendered":"http:\/\/esim2.clientinternals.webcase.pl\/?post_type=roaming&#038;p=17047"},"modified":"2024-03-17T21:57:24","modified_gmt":"2024-03-17T20:57:24","slug":"esim-szlovakia","status":"publish","type":"roaming","link":"http:\/\/esim2.clientinternals.webcase.pl\/hu\/roaming\/esim-szlovakia\/","title":{"rendered":"Szlov\u00e1kia"},"content":{"rendered":"\n<p>\u00cdme n\u00e9h\u00e1ny \u00e9rdekes t\u00e9ny Szlov\u00e1ki\u00e1r\u00f3l:<\/p>\n\n\n\n<ul class=\"wp-block-list\">\n<li>F\u0151v\u00e1ros: Pozsony<\/li>\n\n\n\n<li>N\u00e9pess\u00e9g: (becs\u00fclt 2021)<\/li>\n\n\n\n<li>Orsz\u00e1gk\u00f3d: +421<\/li>\n\n\n\n<li>P\u00e9nznem: Euro<\/li>\n\n\n\n<li>Nyelv: Szlov\u00e1k<\/li>\n\n\n\n<li>Egy\u00e9b \u00e9rdekes helyek: Levo\u010da, Star\u00e1 \u013dubov\u0148a, Bardejov.<\/li>\n\n\n\n<li>Szlov\u00e1kia \u00e9szakon Lengyelorsz\u00e1ggal, keleten Ukrajn\u00e1val, d\u00e9len Magyarorsz\u00e1ggal, d\u00e9lnyugaton Ausztri\u00e1val, \u00e9szaknyugaton pedig a Cseh K\u00f6zt\u00e1rsas\u00e1ggal hat\u00e1ros.<\/li>\n\n\n\n<li>A rekonstru\u00e1lt pozsonyi v\u00e1r az \u00f3v\u00e1rosra \u00e9s a Dun\u00e1ra n\u00e9z.<\/li>\n\n\n\n<li>Kremnica, egy k\u00f6z\u00e9p-szlov\u00e1kiai kisv\u00e1ros ad otthont a vil\u00e1g legr\u00e9gebbi, m\u00e9g m\u0171k\u00f6d\u0151 \u00e9rmem\u0171hely\u00e9nek.<\/li>\n\n\n\n<li>Szlov\u00e1kia legmagasabb hegyvonulata a T\u00e1tra.<\/li>\n<\/ul>\n\n\n\n<p>Tudtad, hogy\u2026?<\/p>\n\n\n\n<ul class=\"wp-block-list\">\n<li>Sz\u00e1mos term\u00e9szeti er\u0151forr\u00e1s, p\u00e9ld\u00e1ul vas\u00e9rc, r\u00e9z \u00e9s s\u00f3 tal\u00e1lhat\u00f3 itt.<\/li>\n\n\n\n<li>Szlov\u00e1ki\u00e1ban tal\u00e1lhat\u00f3 a vil\u00e1gon a legt\u00f6bb egy f\u0151re jut\u00f3 kast\u00e9ly \u00e9s v\u00e1r.<\/li>\n<\/ul>\n","protected":false},"featured_media":16261,"template":"","region":[341],"class_list":["post-17047","roaming","type-roaming","status-publish","has-post-thumbnail","hentry","region-europa"],"_links":{"self":[{"href":"http:\/\/esim2.clientinternals.webcase.pl\/hu\/wp-json\/wp\/v2\/roaming\/17047","targetHints":{"allow":["GET"]}}],"collection":[{"href":"http:\/\/esim2.clientinternals.webcase.pl\/hu\/wp-json\/wp\/v2\/roaming"}],"about":[{"href":"http:\/\/esim2.clientinternals.webcase.pl\/hu\/wp-json\/wp\/v2\/types\/roaming"}],"wp:featuredmedia":[{"embeddable":true,"href":"http:\/\/esim2.clientinternals.webcase.pl\/hu\/wp-json\/wp\/v2\/media\/16261"}],"wp:attachment":[{"href":"http:\/\/esim2.clientinternals.webcase.pl\/hu\/wp-json\/wp\/v2\/media?parent=17047"}],"wp:term":[{"taxonomy":"region","embeddable":true,"href":"http:\/\/esim2.clientinternals.webcase.pl\/hu\/wp-json\/wp\/v2\/region?post=17047"}],"curies":[{"name":"wp","href":"https:\/\/api.w.org\/{rel}","templated":true}]}}

Szlovákia

<p>Íme néhány érdekes tény Szlovákiáról:</p>



<ul class="wp-block-list">
<li>Főváros: Pozsony</li>



<li>Népesség: (becsült 2021)</li>



<li>Országkód: +421</li>



<li>Pénznem: Euro</li>



<li>Nyelv: Szlovák</li>



<li>Egyéb érdekes helyek: Levoča, Stará Ľubovňa, Bardejov.</li>



<li>Szlovákia északon Lengyelországgal, keleten Ukrajnával, délen Magyarországgal, délnyugaton Ausztriával, északnyugaton pedig a Cseh Köztársasággal határos.</li>



<li>A rekonstruált pozsonyi vár az óvárosra és a Dunára néz.</li>



<li>Kremnica, egy közép-szlovákiai kisváros ad otthont a világ legrégebbi, még működő érmeműhelyének.</li>



<li>Szlovákia legmagasabb hegyvonulata a Tátra.</li>
</ul>



<p>Tudtad, hogy…?</p>



<ul class="wp-block-list">
<li>Számos természeti erőforrás, például vasérc, réz és só található itt.</li>



<li>Szlovákiában található a világon a legtöbb egy főre jutó kastély és vár.</li>
</ul>
