{"id":17069,"date":"2024-02-23T19:31:54","date_gmt":"2024-02-23T18:31:54","guid":{"rendered":"http:\/\/esim2.clientinternals.webcase.pl\/?post_type=roaming&#038;p=17069"},"modified":"2024-03-17T21:18:39","modified_gmt":"2024-03-17T20:18:39","slug":"esim-portugalia","status":"publish","type":"roaming","link":"http:\/\/esim2.clientinternals.webcase.pl\/hu\/roaming\/esim-portugalia\/","title":{"rendered":"Portug\u00e1lia"},"content":{"rendered":"\n<p>\u00cdme n\u00e9h\u00e1ny \u00e9rdekes t\u00e9ny Portug\u00e1li\u00e1r\u00f3l:<\/p>\n\n\n\n<ul class=\"wp-block-list\">\n<li>Orsz\u00e1gk\u00f3d: +351<\/li>\n\n\n\n<li>F\u0151v\u00e1ros: Lisszabon<\/li>\n\n\n\n<li>P\u00e9nznem: Euro<\/li>\n\n\n\n<li>Egy\u00e9b f\u0151bb v\u00e1rosok: Porto, Braga, Sintra, Aveiro.<\/li>\n\n\n\n<li>N\u00e9pess\u00e9g: (2023-as becsl\u00e9s)<\/li>\n\n\n\n<li>Nyelv: Portug\u00e1l<\/li>\n\n\n\n<li>A vil\u00e1g legr\u00e9gebbi, 1732-ben alap\u00edtott, m\u00e9g m\u0171k\u00f6d\u0151 k\u00f6nyvesboltja Chiad\u00f3ban tal\u00e1lhat\u00f3, A t\u00f6bb mint 250 \u00e9ves m\u00faltra visszatekint\u0151 k\u00f6nyvesboltot Peter Faure nyitotta meg kis boltk\u00e9nt, \u00e9s egykor a portug\u00e1l \u00e9rtelmis\u00e9giek tal\u00e1lkoz\u00f3helye volt az \u00e9vtizedek sor\u00e1n.<\/li>\n\n\n\n<li>Portug\u00e1lia Eur\u00f3pa egyik legr\u00e9gebbi nemzete. Portug\u00e1lia hat\u00e1rait 1139-ben hat\u00e1rozt\u00e1k meg, \u00e9s ezzel nemcsak a vil\u00e1g, hanem vitathatatlanul eg\u00e9sz Eur\u00f3pa egyik legr\u00e9gebbi nemzet\u00e9v\u00e9 v\u00e1lt. \u00c9rdekess\u00e9g: Lisszabon val\u00f3j\u00e1ban n\u00e9gy \u00e9vsz\u00e1zaddal id\u0151sebb, mint R\u00f3ma.<\/li>\n\n\n\n<li>Portug\u00e1lia a vil\u00e1g egyik legjobb sz\u00f6rf\u00f6s helye. Az orsz\u00e1g tengerpartja 800 kilom\u00e9ter hossz\u00fa, \u00e9s \u00e1ll\u00edt\u00f3lag 364 napot sz\u00f6rf\u00f6zhet.<\/li>\n<\/ul>\n\n\n\n<p>Tudtad, hogy\u2026?<\/p>\n\n\n\n<ul class=\"wp-block-list\">\n<li>A portug\u00e1l jelenleg az \u00f6t\u00f6dik leggyakrabban besz\u00e9lt nyelv a vil\u00e1gon, \u00e9s Portug\u00e1lia, Braz\u00edlia, Angola, Cabo Verde, Bissau-Guinea, Mozambik, S\u00e3o Tom\u00e9 \u00e9s Pr\u00edncipe, valamint Kelet-Timor hivatalos nyelve. A portug\u00e1l nyelvet besz\u00e9lik Maka\u00f3n, amely 1999-ig portug\u00e1l k\u00f6zigazgat\u00e1s alatt \u00e1llt, \u00e9s Go\u00e1n is.<\/li>\n\n\n\n<li>A s\u00f3s t\u0151kehal \u00e9s a grillezett szard\u00ednia nemzeti \u00e9tel, az Algarve strandjai fontos \u00fati c\u00e9lnak sz\u00e1m\u00edtanak, \u00e9s az orsz\u00e1g \u00e9p\u00edt\u00e9szet\u00e9nek nagy r\u00e9sze az 1500-1800-as \u00e9vekb\u0151l sz\u00e1rmazik, amikor Portug\u00e1lia hatalmas tengeri birodalommal rendelkezett.<\/li>\n<\/ul>\n","protected":false},"featured_media":15738,"template":"","region":[341],"class_list":["post-17069","roaming","type-roaming","status-publish","has-post-thumbnail","hentry","region-europa"],"_links":{"self":[{"href":"http:\/\/esim2.clientinternals.webcase.pl\/hu\/wp-json\/wp\/v2\/roaming\/17069","targetHints":{"allow":["GET"]}}],"collection":[{"href":"http:\/\/esim2.clientinternals.webcase.pl\/hu\/wp-json\/wp\/v2\/roaming"}],"about":[{"href":"http:\/\/esim2.clientinternals.webcase.pl\/hu\/wp-json\/wp\/v2\/types\/roaming"}],"wp:featuredmedia":[{"embeddable":true,"href":"http:\/\/esim2.clientinternals.webcase.pl\/hu\/wp-json\/wp\/v2\/media\/15738"}],"wp:attachment":[{"href":"http:\/\/esim2.clientinternals.webcase.pl\/hu\/wp-json\/wp\/v2\/media?parent=17069"}],"wp:term":[{"taxonomy":"region","embeddable":true,"href":"http:\/\/esim2.clientinternals.webcase.pl\/hu\/wp-json\/wp\/v2\/region?post=17069"}],"curies":[{"name":"wp","href":"https:\/\/api.w.org\/{rel}","templated":true}]}}

Portugália

<p>Íme néhány érdekes tény Portugáliáról:</p>



<ul class="wp-block-list">
<li>Országkód: +351</li>



<li>Főváros: Lisszabon</li>



<li>Pénznem: Euro</li>



<li>Egyéb főbb városok: Porto, Braga, Sintra, Aveiro.</li>



<li>Népesség: (2023-as becslés)</li>



<li>Nyelv: Portugál</li>



<li>A világ legrégebbi, 1732-ben alapított, még működő könyvesboltja Chiadóban található, A több mint 250 éves múltra visszatekintő könyvesboltot Peter Faure nyitotta meg kis boltként, és egykor a portugál értelmiségiek találkozóhelye volt az évtizedek során.</li>



<li>Portugália Európa egyik legrégebbi nemzete. Portugália határait 1139-ben határozták meg, és ezzel nemcsak a világ, hanem vitathatatlanul egész Európa egyik legrégebbi nemzetévé vált. Érdekesség: Lisszabon valójában négy évszázaddal idősebb, mint Róma.</li>



<li>Portugália a világ egyik legjobb szörfös helye. Az ország tengerpartja 800 kilométer hosszú, és állítólag 364 napot szörfözhet.</li>
</ul>



<p>Tudtad, hogy…?</p>



<ul class="wp-block-list">
<li>A portugál jelenleg az ötödik leggyakrabban beszélt nyelv a világon, és Portugália, Brazília, Angola, Cabo Verde, Bissau-Guinea, Mozambik, São Tomé és Príncipe, valamint Kelet-Timor hivatalos nyelve. A portugál nyelvet beszélik Makaón, amely 1999-ig portugál közigazgatás alatt állt, és Goán is.</li>



<li>A sós tőkehal és a grillezett szardínia nemzeti étel, az Algarve strandjai fontos úti célnak számítanak, és az ország építészetének nagy része az 1500-1800-as évekből származik, amikor Portugália hatalmas tengeri birodalommal rendelkezett.</li>
</ul>
