{"id":17095,"date":"2024-02-23T19:29:57","date_gmt":"2024-02-23T18:29:57","guid":{"rendered":"http:\/\/esim2.clientinternals.webcase.pl\/?post_type=roaming&#038;p=17095"},"modified":"2024-03-17T20:41:32","modified_gmt":"2024-03-17T19:41:32","slug":"esim-hollandia","status":"publish","type":"roaming","link":"http:\/\/esim2.clientinternals.webcase.pl\/hu\/roaming\/esim-hollandia\/","title":{"rendered":"Hollandia"},"content":{"rendered":"\n<p>\u00cdme n\u00e9h\u00e1ny \u00e9rdekes \u00e9s sz\u00f3rakoztat\u00f3 t\u00e9ny Hollandi\u00e1r\u00f3l:<\/p>\n\n\n\n<ul class=\"wp-block-list\">\n<li>Orsz\u00e1gk\u00f3d: +31<\/li>\n\n\n\n<li>F\u0151v\u00e1ros: Amszterdam<\/li>\n\n\n\n<li>Egy\u00e9b f\u0151bb v\u00e1rosok: H\u00e1ga, Rotterdam, Gouda, Einghoven.<\/li>\n\n\n\n<li>N\u00e9pess\u00e9g: (2022-es becsl\u00e9s)<\/li>\n\n\n\n<li>Nyelv: Hollandia hivatalos nyelve a holland; az orsz\u00e1g azonban Eur\u00f3pa egyed\u00fcl\u00e1ll\u00f3 keresztez\u0151d\u00e9s\u00e9ben helyezkedik el, \u00edgy a francia, az angol \u00e9s a n\u00e9met is el\u00e9g gyakran hallhat\u00f3. R\u00e1ad\u00e1sul t\u00f6bb tucatnyi dialektust hallhat.<\/li>\n\n\n\n<li>P\u00e9nznem: Euro<\/li>\n\n\n\n<li>A vil\u00e1g legmagasabb emberei Hollandi\u00e1ban \u00e9lnek.<\/li>\n\n\n\n<li>A vil\u00e1g \u00f6sszes tulip\u00e1n\u00fcltetv\u00e9ny\u00e9nek k\u00f6zel 90%-a Hollandi\u00e1ban tal\u00e1lhat\u00f3 (mintegy 11 000 hekt\u00e1r), \u00e9s \u00e9vente 4,3 milli\u00e1rd tulip\u00e1nhagym\u00e1t termelnek.<\/li>\n<\/ul>\n\n\n\n<p>Tudtad, hogy\u2026?<\/p>\n\n\n\n<ul class=\"wp-block-list\">\n<li>A Holland Nagyd\u00edjat az \u00e9szak-hollandiai Circuit Zandvoort p\u00e1ly\u00e1n 1950 \u00e9s 1985 k\u00f6z\u00f6tt, majd 2021-t\u0151l ism\u00e9t megrendezt\u00e9k, \u00e9s egy \u00faj meg\u00e1llapod\u00e1s megk\u00f6t\u00e9se ut\u00e1n 2025-ig a Forma-1-es versenynapt\u00e1r r\u00e9sze marad.<\/li>\n\n\n\n<li>Max Verstappen lett az els\u0151 holland pil\u00f3ta, aki 2021-ben a Red Bull Racinggel megnyerte a Forma-1-es vil\u00e1gbajnoks\u00e1got, \u00e9s a 34. Forma-1-es pil\u00f3t\u00e1k vil\u00e1gbajnoka. 2022-ben egym\u00e1s ut\u00e1n m\u00e1sodszor nyerte meg a Forma-1-es bajnoks\u00e1got.<\/li>\n<\/ul>\n","protected":false},"featured_media":15738,"template":"","region":[341],"class_list":["post-17095","roaming","type-roaming","status-publish","has-post-thumbnail","hentry","region-europa"],"_links":{"self":[{"href":"http:\/\/esim2.clientinternals.webcase.pl\/hu\/wp-json\/wp\/v2\/roaming\/17095","targetHints":{"allow":["GET"]}}],"collection":[{"href":"http:\/\/esim2.clientinternals.webcase.pl\/hu\/wp-json\/wp\/v2\/roaming"}],"about":[{"href":"http:\/\/esim2.clientinternals.webcase.pl\/hu\/wp-json\/wp\/v2\/types\/roaming"}],"wp:featuredmedia":[{"embeddable":true,"href":"http:\/\/esim2.clientinternals.webcase.pl\/hu\/wp-json\/wp\/v2\/media\/15738"}],"wp:attachment":[{"href":"http:\/\/esim2.clientinternals.webcase.pl\/hu\/wp-json\/wp\/v2\/media?parent=17095"}],"wp:term":[{"taxonomy":"region","embeddable":true,"href":"http:\/\/esim2.clientinternals.webcase.pl\/hu\/wp-json\/wp\/v2\/region?post=17095"}],"curies":[{"name":"wp","href":"https:\/\/api.w.org\/{rel}","templated":true}]}}

<p>Íme néhány érdekes és szórakoztató tény Hollandiáról:</p>



<ul class="wp-block-list">
<li>Országkód: +31</li>



<li>Főváros: Amszterdam</li>



<li>Egyéb főbb városok: Hága, Rotterdam, Gouda, Einghoven.</li>



<li>Népesség: (2022-es becslés)</li>



<li>Nyelv: Hollandia hivatalos nyelve a holland; az ország azonban Európa egyedülálló kereszteződésében helyezkedik el, így a francia, az angol és a német is elég gyakran hallható. Ráadásul több tucatnyi dialektust hallhat.</li>



<li>Pénznem: Euro</li>



<li>A világ legmagasabb emberei Hollandiában élnek.</li>



<li>A világ összes tulipánültetvényének közel 90%-a Hollandiában található (mintegy 11 000 hektár), és évente 4,3 milliárd tulipánhagymát termelnek.</li>
</ul>



<p>Tudtad, hogy…?</p>



<ul class="wp-block-list">
<li>A Holland Nagydíjat az észak-hollandiai Circuit Zandvoort pályán 1950 és 1985 között, majd 2021-től ismét megrendezték, és egy új megállapodás megkötése után 2025-ig a Forma-1-es versenynaptár része marad.</li>



<li>Max Verstappen lett az első holland pilóta, aki 2021-ben a Red Bull Racinggel megnyerte a Forma-1-es világbajnokságot, és a 34. Forma-1-es pilóták világbajnoka. 2022-ben egymás után másodszor nyerte meg a Forma-1-es bajnokságot.</li>
</ul>
