{"id":17109,"date":"2024-02-23T19:29:10","date_gmt":"2024-02-23T18:29:10","guid":{"rendered":"http:\/\/esim2.clientinternals.webcase.pl\/?post_type=roaming&#038;p=17109"},"modified":"2024-03-17T18:15:44","modified_gmt":"2024-03-17T17:15:44","slug":"esim-moldova","status":"publish","type":"roaming","link":"http:\/\/esim2.clientinternals.webcase.pl\/hu\/roaming\/esim-moldova\/","title":{"rendered":"Moldova"},"content":{"rendered":"\n<p>\u00cdme n\u00e9h\u00e1ny \u00e9rdekes t\u00e9ny Moldov\u00e1r\u00f3l:<\/p>\n\n\n\n<ul class=\"wp-block-list\">\n<li>Orsz\u00e1gk\u00f3d: +373<\/li>\n\n\n\n<li>F\u0151v\u00e1ros: Chi\u0219in\u0103u<\/li>\n\n\n\n<li>Egy\u00e9b f\u0151bb v\u00e1rosok: Ungheni, Ialoveni, Dondu\u0219eni<\/li>\n\n\n\n<li>N\u00e9pess\u00e9g: 2,61 milli\u00f3 (2021-es becsl\u00e9s)<\/li>\n\n\n\n<li>Nyelv: Rom\u00e1n<\/li>\n\n\n\n<li>P\u00e9nznem: Leu<\/li>\n\n\n\n<li>Chi\u0219in\u0103u a kelet-eur\u00f3pai Moldovai K\u00f6zt\u00e1rsas\u00e1g f\u0151v\u00e1rosa \u00e9s legnagyobb v\u00e1rosa.<\/li>\n\n\n\n<li>V\u00e1ltozatos domborzat\u00fa, erd\u0151kkel, szikl\u00e1s dombokkal \u00e9s sz\u0151l\u0151\u00fcltetv\u00e9nyekkel. Borvid\u00e9kei k\u00f6z\u00e9 tartozik a v\u00f6r\u00f6sborair\u00f3l ismert Nistreana \u00e9s a Codru, amely a vil\u00e1g legnagyobb pinc\u00e9inek otthona.<\/li>\n\n\n\n<li>A rom\u00e1n az anyanyelv, de a moldovaiak t\u00f6bbs\u00e9ge besz\u00e9l oroszul, valamint gagauzul, ami egy t\u00fcrk nyelv.<\/li>\n\n\n\n<li>A nemzeti \u00e9tel a M\u0103m\u0103lig\u0103 nev\u0171 k\u00e1sa, amelyet s\u00e1rga kukoricalisztb\u0151l k\u00e9sz\u00edtenek, \u00e9s hagyom\u00e1nyosan zamatos p\u00f6rk\u00f6ltek \u00e9s h\u00fas\u00e9telek mell\u00e9 t\u00e1lalnak, t\u00far\u00f3val, tejf\u00f6llel \u00e9s sert\u00e9sh\u00fasreszel\u00e9kkel k\u00f6r\u00edtve.<\/li>\n<\/ul>\n\n\n\n<p>Tudtad, hogy\u2026?<\/p>\n\n\n\n<ul class=\"wp-block-list\">\n<li>Moldova 2009 \u00e9s 2012 k\u00f6z\u00f6tt politikai patthelyzet miatt eln\u00f6k n\u00e9lk\u00fcl maradt.<\/li>\n\n\n\n<li>Moldova nemzeti \u00e1llata az auroch, az \u00f3ri\u00e1steh\u00e9n, amely m\u00e1ra m\u00e1r kihalt.<\/li>\n<\/ul>\n","protected":false},"featured_media":15738,"template":"","region":[341],"class_list":["post-17109","roaming","type-roaming","status-publish","has-post-thumbnail","hentry","region-europa"],"_links":{"self":[{"href":"http:\/\/esim2.clientinternals.webcase.pl\/hu\/wp-json\/wp\/v2\/roaming\/17109","targetHints":{"allow":["GET"]}}],"collection":[{"href":"http:\/\/esim2.clientinternals.webcase.pl\/hu\/wp-json\/wp\/v2\/roaming"}],"about":[{"href":"http:\/\/esim2.clientinternals.webcase.pl\/hu\/wp-json\/wp\/v2\/types\/roaming"}],"wp:featuredmedia":[{"embeddable":true,"href":"http:\/\/esim2.clientinternals.webcase.pl\/hu\/wp-json\/wp\/v2\/media\/15738"}],"wp:attachment":[{"href":"http:\/\/esim2.clientinternals.webcase.pl\/hu\/wp-json\/wp\/v2\/media?parent=17109"}],"wp:term":[{"taxonomy":"region","embeddable":true,"href":"http:\/\/esim2.clientinternals.webcase.pl\/hu\/wp-json\/wp\/v2\/region?post=17109"}],"curies":[{"name":"wp","href":"https:\/\/api.w.org\/{rel}","templated":true}]}}

<p>Íme néhány érdekes tény Moldováról:</p>



<ul class="wp-block-list">
<li>Országkód: +373</li>



<li>Főváros: Chișinău</li>



<li>Egyéb főbb városok: Ungheni, Ialoveni, Dondușeni</li>



<li>Népesség: 2,61 millió (2021-es becslés)</li>



<li>Nyelv: Román</li>



<li>Pénznem: Leu</li>



<li>Chișinău a kelet-európai Moldovai Köztársaság fővárosa és legnagyobb városa.</li>



<li>Változatos domborzatú, erdőkkel, sziklás dombokkal és szőlőültetvényekkel. Borvidékei közé tartozik a vörösborairól ismert Nistreana és a Codru, amely a világ legnagyobb pincéinek otthona.</li>



<li>A román az anyanyelv, de a moldovaiak többsége beszél oroszul, valamint gagauzul, ami egy türk nyelv.</li>



<li>A nemzeti étel a Mămăligă nevű kása, amelyet sárga kukoricalisztből készítenek, és hagyományosan zamatos pörköltek és húsételek mellé tálalnak, túróval, tejföllel és sertéshúsreszelékkel körítve.</li>
</ul>



<p>Tudtad, hogy…?</p>



<ul class="wp-block-list">
<li>Moldova 2009 és 2012 között politikai patthelyzet miatt elnök nélkül maradt.</li>



<li>Moldova nemzeti állata az auroch, az óriástehén, amely mára már kihalt.</li>
</ul>
