{"id":17132,"date":"2024-02-23T19:28:32","date_gmt":"2024-02-23T18:28:32","guid":{"rendered":"http:\/\/esim2.clientinternals.webcase.pl\/?post_type=roaming&#038;p=17132"},"modified":"2024-03-17T17:58:14","modified_gmt":"2024-03-17T16:58:14","slug":"esim-luxemburg","status":"publish","type":"roaming","link":"http:\/\/esim2.clientinternals.webcase.pl\/hu\/roaming\/esim-luxemburg\/","title":{"rendered":"Luxemburg"},"content":{"rendered":"\n<p>\u00cdme n\u00e9h\u00e1ny \u00e9rdekes t\u00e9ny Luxemburgr\u00f3l:<\/p>\n\n\n\n<ul class=\"wp-block-list\">\n<li>F\u0151v\u00e1ros: Luxemburg<\/li>\n\n\n\n<li>N\u00e9pess\u00e9g: (becs\u00fclt 2021)<\/li>\n\n\n\n<li>Orsz\u00e1gk\u00f3d: +352<\/li>\n\n\n\n<li>P\u00e9nznem: Euro<\/li>\n\n\n\n<li>Nyelv: Luxemburgi, francia \u00e9s n\u00e9met<\/li>\n\n\n\n<li>Egy\u00e9b \u00e9rdekes helyek: Larochette, Beaufort, Vianden.<\/li>\n\n\n\n<li>Luxemburg egy kis eur\u00f3pai orsz\u00e1g, amelyet Belgium, Franciaorsz\u00e1g \u00e9s N\u00e9metorsz\u00e1g vesz k\u00f6r\u00fcl.<\/li>\n\n\n\n<li>A luxemburgi nyelv (L\u00ebtzebuergesch) a Moselle-vid\u00e9k frank nyelv\u00e9nek egyik, a n\u00e9methez \u00e9s a hollandhoz hasonl\u00f3 nyelve.<\/li>\n\n\n\n<li>A schengeni meg\u00e1llapod\u00e1st Luxemburgban \u00edrt\u00e1k al\u00e1. Ez a szerz\u0151d\u00e9s vezetett az eur\u00f3pai schengeni t\u00e9rs\u00e9g l\u00e9trehoz\u00e1s\u00e1hoz, amelyben a bels\u0151 hat\u00e1rellen\u0151rz\u00e9seket nagyr\u00e9szt elt\u00f6r\u00f6lt\u00e9k.<\/li>\n\n\n\n<li>Az Eur\u00f3pai Uni\u00f3 B\u00edr\u00f3s\u00e1ga Luxemburgban tal\u00e1lhat\u00f3.<\/li>\n<\/ul>\n\n\n\n<p>Tudtad, hogy\u2026?<\/p>\n\n\n\n<ul class=\"wp-block-list\">\n<li>Luxemburgban tal\u00e1lhat\u00f3 a vil\u00e1g legnagyobb borlapj\u00e1val rendelkez\u0151 \u00e9tterme.<\/li>\n\n\n\n<li>Luxemburg v\u00e1rosa az UNESCO Vil\u00e1g\u00f6r\u00f6ks\u00e9g r\u00e9sze.<\/li>\n<\/ul>\n","protected":false},"featured_media":15738,"template":"","region":[341],"class_list":["post-17132","roaming","type-roaming","status-publish","has-post-thumbnail","hentry","region-europa"],"_links":{"self":[{"href":"http:\/\/esim2.clientinternals.webcase.pl\/hu\/wp-json\/wp\/v2\/roaming\/17132","targetHints":{"allow":["GET"]}}],"collection":[{"href":"http:\/\/esim2.clientinternals.webcase.pl\/hu\/wp-json\/wp\/v2\/roaming"}],"about":[{"href":"http:\/\/esim2.clientinternals.webcase.pl\/hu\/wp-json\/wp\/v2\/types\/roaming"}],"wp:featuredmedia":[{"embeddable":true,"href":"http:\/\/esim2.clientinternals.webcase.pl\/hu\/wp-json\/wp\/v2\/media\/15738"}],"wp:attachment":[{"href":"http:\/\/esim2.clientinternals.webcase.pl\/hu\/wp-json\/wp\/v2\/media?parent=17132"}],"wp:term":[{"taxonomy":"region","embeddable":true,"href":"http:\/\/esim2.clientinternals.webcase.pl\/hu\/wp-json\/wp\/v2\/region?post=17132"}],"curies":[{"name":"wp","href":"https:\/\/api.w.org\/{rel}","templated":true}]}}

<p>Íme néhány érdekes tény Luxemburgról:</p>



<ul class="wp-block-list">
<li>Főváros: Luxemburg</li>



<li>Népesség: (becsült 2021)</li>



<li>Országkód: +352</li>



<li>Pénznem: Euro</li>



<li>Nyelv: Luxemburgi, francia és német</li>



<li>Egyéb érdekes helyek: Larochette, Beaufort, Vianden.</li>



<li>Luxemburg egy kis európai ország, amelyet Belgium, Franciaország és Németország vesz körül.</li>



<li>A luxemburgi nyelv (Lëtzebuergesch) a Moselle-vidék frank nyelvének egyik, a némethez és a hollandhoz hasonló nyelve.</li>



<li>A schengeni megállapodást Luxemburgban írták alá. Ez a szerződés vezetett az európai schengeni térség létrehozásához, amelyben a belső határellenőrzéseket nagyrészt eltörölték.</li>



<li>Az Európai Unió Bírósága Luxemburgban található.</li>
</ul>



<p>Tudtad, hogy…?</p>



<ul class="wp-block-list">
<li>Luxemburgban található a világ legnagyobb borlapjával rendelkező étterme.</li>



<li>Luxemburg városa az UNESCO Világörökség része.</li>
</ul>
