{"id":17165,"date":"2024-02-23T19:27:09","date_gmt":"2024-02-23T18:27:09","guid":{"rendered":"http:\/\/esim2.clientinternals.webcase.pl\/?post_type=roaming&#038;p=17165"},"modified":"2024-03-17T11:08:59","modified_gmt":"2024-03-17T10:08:59","slug":"esim-koszovo","status":"publish","type":"roaming","link":"http:\/\/esim2.clientinternals.webcase.pl\/hu\/roaming\/esim-koszovo\/","title":{"rendered":"Koszov\u00f3"},"content":{"rendered":"\n<p>\u00cdme n\u00e9h\u00e1ny \u00e9rdekes t\u00e9ny Koszov\u00f3r\u00f3l:<\/p>\n\n\n\n<ul class=\"wp-block-list\">\n<li>F\u0151v\u00e1ros: Pristina<\/li>\n\n\n\n<li>N\u00e9pess\u00e9g: (becs\u00fclt 2021)<\/li>\n\n\n\n<li>Orsz\u00e1gk\u00f3d: +383<\/li>\n\n\n\n<li>P\u00e9nznem: Euro<\/li>\n\n\n\n<li>Nyelv: Alb\u00e1n<\/li>\n\n\n\n<li>Egy\u00e9b \u00e9rdekes helyek Koszov\u00f3ban: Ulpiana, Gra\u010danica, Ferizaj<\/li>\n\n\n\n<li>Koszov\u00f3 rendelkezik a legfiatalabb lakoss\u00e1ggal Eur\u00f3p\u00e1ban, az orsz\u00e1g lakoss\u00e1g\u00e1nak t\u00f6bb mint 70 sz\u00e1zal\u00e9ka 35 \u00e9v alatti.<\/li>\n\n\n\n<li>Koszov\u00f3 n\u00e9gy orsz\u00e1ggal hat\u00e1ros: Alb\u00e1nia, Maced\u00f3nia, Montenegr\u00f3 \u00e9s Szerbia.<\/li>\n\n\n\n<li>Koszov\u00f3 biol\u00f3giai sokf\u00e9les\u00e9g\u00e9t k\u00e9t nemzeti park, tizenegy term\u00e9szetv\u00e9delmi ter\u00fclet \u00e9s 103 egy\u00e9b v\u00e9dett ter\u00fclet \u0151rzi.<\/li>\n\n\n\n<li>Koszov\u00f3 neve szerb\u00fcl annyit jelent, hogy \u201ea feketerig\u00f3k mezeje\u201d.<\/li>\n<\/ul>\n\n\n\n<p>Tudtad, hogy\u2026?<\/p>\n\n\n\n<ul class=\"wp-block-list\">\n<li>A z\u00e1szl\u00f3 az orsz\u00e1g ter\u00fclet\u00e9nek t\u00e9rk\u00e9p\u00e9t haszn\u00e1lja tervez\u00e9si elemk\u00e9nt.<\/li>\n\n\n\n<li>Koszov\u00f3 (10 887 n\u00e9gyzetkilom\u00e9ter) a Balk\u00e1n legkisebb orsz\u00e1ga.<\/li>\n<\/ul>\n","protected":false},"featured_media":15738,"template":"","region":[341],"class_list":["post-17165","roaming","type-roaming","status-publish","has-post-thumbnail","hentry","region-europa"],"_links":{"self":[{"href":"http:\/\/esim2.clientinternals.webcase.pl\/hu\/wp-json\/wp\/v2\/roaming\/17165","targetHints":{"allow":["GET"]}}],"collection":[{"href":"http:\/\/esim2.clientinternals.webcase.pl\/hu\/wp-json\/wp\/v2\/roaming"}],"about":[{"href":"http:\/\/esim2.clientinternals.webcase.pl\/hu\/wp-json\/wp\/v2\/types\/roaming"}],"wp:featuredmedia":[{"embeddable":true,"href":"http:\/\/esim2.clientinternals.webcase.pl\/hu\/wp-json\/wp\/v2\/media\/15738"}],"wp:attachment":[{"href":"http:\/\/esim2.clientinternals.webcase.pl\/hu\/wp-json\/wp\/v2\/media?parent=17165"}],"wp:term":[{"taxonomy":"region","embeddable":true,"href":"http:\/\/esim2.clientinternals.webcase.pl\/hu\/wp-json\/wp\/v2\/region?post=17165"}],"curies":[{"name":"wp","href":"https:\/\/api.w.org\/{rel}","templated":true}]}}

Koszovó

<p>Íme néhány érdekes tény Koszovóról:</p>



<ul class="wp-block-list">
<li>Főváros: Pristina</li>



<li>Népesség: (becsült 2021)</li>



<li>Országkód: +383</li>



<li>Pénznem: Euro</li>



<li>Nyelv: Albán</li>



<li>Egyéb érdekes helyek Koszovóban: Ulpiana, Gračanica, Ferizaj</li>



<li>Koszovó rendelkezik a legfiatalabb lakossággal Európában, az ország lakosságának több mint 70 százaléka 35 év alatti.</li>



<li>Koszovó négy országgal határos: Albánia, Macedónia, Montenegró és Szerbia.</li>



<li>Koszovó biológiai sokféleségét két nemzeti park, tizenegy természetvédelmi terület és 103 egyéb védett terület őrzi.</li>



<li>Koszovó neve szerbül annyit jelent, hogy „a feketerigók mezeje”.</li>
</ul>



<p>Tudtad, hogy…?</p>



<ul class="wp-block-list">
<li>A zászló az ország területének térképét használja tervezési elemként.</li>



<li>Koszovó (10 887 négyzetkilométer) a Balkán legkisebb országa.</li>
</ul>
