{"id":17215,"date":"2024-02-23T19:25:50","date_gmt":"2024-02-23T18:25:50","guid":{"rendered":"http:\/\/esim2.clientinternals.webcase.pl\/?post_type=roaming&#038;p=17215"},"modified":"2024-03-17T08:45:08","modified_gmt":"2024-03-17T07:45:08","slug":"esim-magyarorszag","status":"publish","type":"roaming","link":"http:\/\/esim2.clientinternals.webcase.pl\/hu\/roaming\/esim-magyarorszag\/","title":{"rendered":"Magyarorsz\u00e1g"},"content":{"rendered":"\n<p>\u00c9rdekess\u00e9gek Magyarorsz\u00e1gr\u00f3l:<\/p>\n\n\n\n<ul class=\"wp-block-list\">\n<li>Orsz\u00e1gk\u00f3d: +36<\/li>\n\n\n\n<li>F\u0151v\u00e1ros: Budapest<\/li>\n\n\n\n<li>P\u00e9nznem: Magyar Forint<\/li>\n\n\n\n<li>Egy\u00e9b f\u0151bb v\u00e1rosok: Sopron, Szeged, Eger<\/li>\n\n\n\n<li>N\u00e9pess\u00e9g: 9,7 milli\u00f3 (2021-es becsl\u00e9s)<\/li>\n\n\n\n<li>Nyelv:magyar<\/li>\n\n\n\n<li>A 15. sz\u00e1zadban feltal\u00e1lt\u00e1k az ac\u00e9lrug\u00f3s felf\u00fcggeszt\u00e9s\u0171 l\u00f3vontat\u00e1s\u00fa j\u00e1rm\u0171vet. A kocsit \u201ekocsi\u201d n\u00e9ven kezdt\u00e9k el emlegetni, ami Kocs falur\u00f3l sz\u00e1rmazik, ahonnan sz\u00e1rmazik.<\/li>\n\n\n\n<li>Magyarorsz\u00e1got 895-ben alap\u00edtott\u00e1k, ami azt jelenti, hogy r\u00e9gebbi, mint olyan orsz\u00e1gok, mint Franciaorsz\u00e1g vagy N\u00e9metorsz\u00e1g.<\/li>\n\n\n\n<li>Nem adhatsz nevet a gyermekednek, hacsak a korm\u00e1ny nem hagyja j\u00f3v\u00e1. Van egy lista az el\u0151re j\u00f3v\u00e1hagyott nevekr\u0151l, amelyeket gyermek\u00e9nek adhat.<\/li>\n<\/ul>\n\n\n\n<p>Tudtad, hogy\u2026?<\/p>\n\n\n\n<ul class=\"wp-block-list\">\n<li>A magyarok \u00e1ltal\u00e1ban ink\u00e1bb magyarnak, mint magyarnak nevezik magukat.<\/li>\n\n\n\n<li>Budapesten tal\u00e1lhat\u00f3 a vil\u00e1gon a legt\u00f6bb term\u00e1lv\u00edzforr\u00e1s.<\/li>\n<\/ul>\n","protected":false},"featured_media":15738,"template":"","region":[341],"class_list":["post-17215","roaming","type-roaming","status-publish","has-post-thumbnail","hentry","region-europa"],"_links":{"self":[{"href":"http:\/\/esim2.clientinternals.webcase.pl\/hu\/wp-json\/wp\/v2\/roaming\/17215","targetHints":{"allow":["GET"]}}],"collection":[{"href":"http:\/\/esim2.clientinternals.webcase.pl\/hu\/wp-json\/wp\/v2\/roaming"}],"about":[{"href":"http:\/\/esim2.clientinternals.webcase.pl\/hu\/wp-json\/wp\/v2\/types\/roaming"}],"wp:featuredmedia":[{"embeddable":true,"href":"http:\/\/esim2.clientinternals.webcase.pl\/hu\/wp-json\/wp\/v2\/media\/15738"}],"wp:attachment":[{"href":"http:\/\/esim2.clientinternals.webcase.pl\/hu\/wp-json\/wp\/v2\/media?parent=17215"}],"wp:term":[{"taxonomy":"region","embeddable":true,"href":"http:\/\/esim2.clientinternals.webcase.pl\/hu\/wp-json\/wp\/v2\/region?post=17215"}],"curies":[{"name":"wp","href":"https:\/\/api.w.org\/{rel}","templated":true}]}}

Magyarország

<p>Érdekességek Magyarországról:</p>



<ul class="wp-block-list">
<li>Országkód: +36</li>



<li>Főváros: Budapest</li>



<li>Pénznem: Magyar Forint</li>



<li>Egyéb főbb városok: Sopron, Szeged, Eger</li>



<li>Népesség: 9,7 millió (2021-es becslés)</li>



<li>Nyelv:magyar</li>



<li>A 15. században feltalálták az acélrugós felfüggesztésű lóvontatású járművet. A kocsit „kocsi” néven kezdték el emlegetni, ami Kocs faluról származik, ahonnan származik.</li>



<li>Magyarországot 895-ben alapították, ami azt jelenti, hogy régebbi, mint olyan országok, mint Franciaország vagy Németország.</li>



<li>Nem adhatsz nevet a gyermekednek, hacsak a kormány nem hagyja jóvá. Van egy lista az előre jóváhagyott nevekről, amelyeket gyermekének adhat.</li>
</ul>



<p>Tudtad, hogy…?</p>



<ul class="wp-block-list">
<li>A magyarok általában inkább magyarnak, mint magyarnak nevezik magukat.</li>



<li>Budapesten található a világon a legtöbb termálvízforrás.</li>
</ul>
