{"id":17534,"date":"2024-02-23T19:23:43","date_gmt":"2024-02-23T18:23:43","guid":{"rendered":"http:\/\/esim2.clientinternals.webcase.pl\/?post_type=roaming&#038;p=17534"},"modified":"2024-03-16T14:45:01","modified_gmt":"2024-03-16T13:45:01","slug":"esim-finnorszag","status":"publish","type":"roaming","link":"http:\/\/esim2.clientinternals.webcase.pl\/hu\/roaming\/esim-finnorszag\/","title":{"rendered":"Finnorsz\u00e1g"},"content":{"rendered":"\n<p>\u00cdme n\u00e9h\u00e1ny \u00e9rdekes \u00e9s sz\u00f3rakoztat\u00f3 t\u00e9ny Finnorsz\u00e1gr\u00f3l<\/p>\n\n\n\n<ul class=\"wp-block-list\">\n<li>Orsz\u00e1gk\u00f3d: +358<\/li>\n\n\n\n<li>F\u0151v\u00e1ros: Helsinki<\/li>\n\n\n\n<li>Egy\u00e9b f\u0151bb v\u00e1rosok: Rovaniemi, Savonlinna, Vaasa<\/li>\n\n\n\n<li>N\u00e9pess\u00e9g: (2021-es becsl\u00e9s)<\/li>\n\n\n\n<li>Nyelv: Finn \u00e9s sv\u00e9d<\/li>\n\n\n\n<li>P\u00e9nznem: Euro<\/li>\n\n\n\n<li>Finnorsz\u00e1g \u00c9szak-Eur\u00f3p\u00e1ban tal\u00e1lhat\u00f3, \u00e9s Sv\u00e9dorsz\u00e1ggal, Norv\u00e9gi\u00e1val \u00e9s Oroszorsz\u00e1ggal hat\u00e1ros.<\/li>\n\n\n\n<li>A sv\u00e9d nyelvet legink\u00e1bb Finnorsz\u00e1g nyugati \u00e9s d\u00e9li partvid\u00e9k\u00e9n besz\u00e9lik, \u00e9s a finnek 5%-a tekinti anyanyelv\u00e9nek a sv\u00e9det.<\/li>\n\n\n\n<li>A finnek a vil\u00e1g legnagyobb k\u00e1v\u00e9fogyaszt\u00f3i.<\/li>\n\n\n\n<li>A vil\u00e1g nagy r\u00e9sze Finnorsz\u00e1got Finnorsz\u00e1gnak h\u00edvja, a finnek Suomi n\u00e9ven emlegetik orsz\u00e1gukat.<\/li>\n<\/ul>\n\n\n\n<p>Tudtad, hogy\u2026?<\/p>\n\n\n\n<ul class=\"wp-block-list\">\n<li>Az Angry Birds mobilj\u00e1t\u00e9k-szenz\u00e1ci\u00f3 Finnorsz\u00e1gb\u00f3l sz\u00e1rmazik.<\/li>\n\n\n\n<li>J\u00faniusban \u00e9s j\u00faliusban a nap nem s\u00fcllyed a horizont al\u00e1.<\/li>\n<\/ul>\n","protected":false},"featured_media":15738,"template":"","region":[341],"class_list":["post-17534","roaming","type-roaming","status-publish","has-post-thumbnail","hentry","region-europa"],"_links":{"self":[{"href":"http:\/\/esim2.clientinternals.webcase.pl\/hu\/wp-json\/wp\/v2\/roaming\/17534","targetHints":{"allow":["GET"]}}],"collection":[{"href":"http:\/\/esim2.clientinternals.webcase.pl\/hu\/wp-json\/wp\/v2\/roaming"}],"about":[{"href":"http:\/\/esim2.clientinternals.webcase.pl\/hu\/wp-json\/wp\/v2\/types\/roaming"}],"wp:featuredmedia":[{"embeddable":true,"href":"http:\/\/esim2.clientinternals.webcase.pl\/hu\/wp-json\/wp\/v2\/media\/15738"}],"wp:attachment":[{"href":"http:\/\/esim2.clientinternals.webcase.pl\/hu\/wp-json\/wp\/v2\/media?parent=17534"}],"wp:term":[{"taxonomy":"region","embeddable":true,"href":"http:\/\/esim2.clientinternals.webcase.pl\/hu\/wp-json\/wp\/v2\/region?post=17534"}],"curies":[{"name":"wp","href":"https:\/\/api.w.org\/{rel}","templated":true}]}}

Finnország

<p>Íme néhány érdekes és szórakoztató tény Finnországról</p>



<ul class="wp-block-list">
<li>Országkód: +358</li>



<li>Főváros: Helsinki</li>



<li>Egyéb főbb városok: Rovaniemi, Savonlinna, Vaasa</li>



<li>Népesség: (2021-es becslés)</li>



<li>Nyelv: Finn és svéd</li>



<li>Pénznem: Euro</li>



<li>Finnország Észak-Európában található, és Svédországgal, Norvégiával és Oroszországgal határos.</li>



<li>A svéd nyelvet leginkább Finnország nyugati és déli partvidékén beszélik, és a finnek 5%-a tekinti anyanyelvének a svédet.</li>



<li>A finnek a világ legnagyobb kávéfogyasztói.</li>



<li>A világ nagy része Finnországot Finnországnak hívja, a finnek Suomi néven emlegetik országukat.</li>
</ul>



<p>Tudtad, hogy…?</p>



<ul class="wp-block-list">
<li>Az Angry Birds mobiljáték-szenzáció Finnországból származik.</li>



<li>Júniusban és júliusban a nap nem süllyed a horizont alá.</li>
</ul>
