{"id":17602,"date":"2024-02-23T19:20:49","date_gmt":"2024-02-23T18:20:49","guid":{"rendered":"http:\/\/esim2.clientinternals.webcase.pl\/?post_type=roaming&#038;p=17602"},"modified":"2024-03-15T12:05:32","modified_gmt":"2024-03-15T11:05:32","slug":"esim-horvatorszag","status":"publish","type":"roaming","link":"http:\/\/esim2.clientinternals.webcase.pl\/hu\/roaming\/esim-horvatorszag\/","title":{"rendered":"Horv\u00e1torsz\u00e1g"},"content":{"rendered":"\n<p>\u00cdme n\u00e9h\u00e1ny \u00e9rdekes t\u00e9ny Horv\u00e1torsz\u00e1gr\u00f3l:<\/p>\n\n\n\n<ul class=\"wp-block-list\">\n<li>F\u0151v\u00e1ros: Z\u00e1gr\u00e1b<\/li>\n\n\n\n<li>N\u00e9pess\u00e9g: 3.8 milli\u00f3 (becsl\u00e9sek szerint 2022)<\/li>\n\n\n\n<li>Orsz\u00e1gk\u00f3d: +385<\/li>\n\n\n\n<li>P\u00e9nznem: Euro<\/li>\n\n\n\n<li>Nyelv: Horv\u00e1t<\/li>\n\n\n\n<li>Egy\u00e9b \u00e9rdekes helyek Horv\u00e1torsz\u00e1gban: Mljet-sziget, Plitvicei-tavak Nemzeti Park.<\/li>\n\n\n\n<li>A v\u00e1ros Hum a vil\u00e1g legkisebb v\u00e1rosa. Mind\u00f6ssze 23 ember lakik ott.<\/li>\n\n\n\n<li>A dalm\u00e1t kuty\u00e1k eredete Horv\u00e1torsz\u00e1gb\u00f3l sz\u00e1rmazik. A kutyafajta a dalm\u00e1t tengerpartr\u00f3l sz\u00e1rmazik, amelyet a r\u00e9gi\u00f3ban \u201eDalm\u00e1ci\u00e1nak\u201d neveznek.<\/li>\n\n\n\n<li>A Picigin egy hagyom\u00e1nyos horv\u00e1t j\u00e1t\u00e9k, amelyet a v\u00edzben j\u00e1tszanak, ahol a j\u00e1t\u00e9kosok egy\u00fctt dolgoznak azon, hogy a labda ne \u00e9rjen a v\u00edzbe.<\/li>\n\n\n\n<li>Sz\u00e1mos h\u00edres filmet \u00e9s sorozatot forgattak Horv\u00e1torsz\u00e1gban. A \u201eTr\u00f3nok harca\u201d, a \u201eKir\u00e1lyv\u00e1r\u201d \u00e9s a \u201eMeereen\u201d c\u00edm\u0171 filmeket ott forgatt\u00e1k.<\/li>\n<\/ul>\n\n\n\n<p>Tudtad, hogy\u2026?<\/p>\n\n\n\n<ul class=\"wp-block-list\">\n<li>Horv\u00e1torsz\u00e1gban tal\u00e1lhat\u00f3 a vil\u00e1g legnagyobb, t\u00f6bb mint 1 kg s\u00faly\u00fa szarvasgomb\u00e1ja, \u00e9s ez az egyik legjobb orsz\u00e1g a szarvasgombavad\u00e1szathoz.<\/li>\n\n\n\n<li>A mechanikus ceruz\u00e1t a horv\u00e1t Slavoljub Penkala alkotta meg 1906-ban.<\/li>\n<\/ul>\n","protected":false},"featured_media":15738,"template":"","region":[341],"class_list":["post-17602","roaming","type-roaming","status-publish","has-post-thumbnail","hentry","region-europa"],"_links":{"self":[{"href":"http:\/\/esim2.clientinternals.webcase.pl\/hu\/wp-json\/wp\/v2\/roaming\/17602","targetHints":{"allow":["GET"]}}],"collection":[{"href":"http:\/\/esim2.clientinternals.webcase.pl\/hu\/wp-json\/wp\/v2\/roaming"}],"about":[{"href":"http:\/\/esim2.clientinternals.webcase.pl\/hu\/wp-json\/wp\/v2\/types\/roaming"}],"wp:featuredmedia":[{"embeddable":true,"href":"http:\/\/esim2.clientinternals.webcase.pl\/hu\/wp-json\/wp\/v2\/media\/15738"}],"wp:attachment":[{"href":"http:\/\/esim2.clientinternals.webcase.pl\/hu\/wp-json\/wp\/v2\/media?parent=17602"}],"wp:term":[{"taxonomy":"region","embeddable":true,"href":"http:\/\/esim2.clientinternals.webcase.pl\/hu\/wp-json\/wp\/v2\/region?post=17602"}],"curies":[{"name":"wp","href":"https:\/\/api.w.org\/{rel}","templated":true}]}}

Horvátország

<p>Íme néhány érdekes tény Horvátországról:</p>



<ul class="wp-block-list">
<li>Főváros: Zágráb</li>



<li>Népesség: 3.8 millió (becslések szerint 2022)</li>



<li>Országkód: +385</li>



<li>Pénznem: Euro</li>



<li>Nyelv: Horvát</li>



<li>Egyéb érdekes helyek Horvátországban: Mljet-sziget, Plitvicei-tavak Nemzeti Park.</li>



<li>A város Hum a világ legkisebb városa. Mindössze 23 ember lakik ott.</li>



<li>A dalmát kutyák eredete Horvátországból származik. A kutyafajta a dalmát tengerpartról származik, amelyet a régióban „Dalmáciának” neveznek.</li>



<li>A Picigin egy hagyományos horvát játék, amelyet a vízben játszanak, ahol a játékosok együtt dolgoznak azon, hogy a labda ne érjen a vízbe.</li>



<li>Számos híres filmet és sorozatot forgattak Horvátországban. A „Trónok harca”, a „Királyvár” és a „Meereen” című filmeket ott forgatták.</li>
</ul>



<p>Tudtad, hogy…?</p>



<ul class="wp-block-list">
<li>Horvátországban található a világ legnagyobb, több mint 1 kg súlyú szarvasgombája, és ez az egyik legjobb ország a szarvasgombavadászathoz.</li>



<li>A mechanikus ceruzát a horvát Slavoljub Penkala alkotta meg 1906-ban.</li>
</ul>
