{"id":17657,"date":"2024-02-23T18:34:50","date_gmt":"2024-02-23T17:34:50","guid":{"rendered":"http:\/\/esim2.clientinternals.webcase.pl\/?post_type=roaming&#038;p=17657"},"modified":"2024-03-15T11:41:11","modified_gmt":"2024-03-15T10:41:11","slug":"esim-bosznia-hercegovina","status":"publish","type":"roaming","link":"http:\/\/esim2.clientinternals.webcase.pl\/hu\/roaming\/esim-bosznia-hercegovina\/","title":{"rendered":"Bosznia-Hercegovina"},"content":{"rendered":"\n<p>\u00cdme n\u00e9h\u00e1ny \u00e9rdekes t\u00e9ny Bosznia-Hercegovin\u00e1r\u00f3l:<\/p>\n\n\n\n<ul class=\"wp-block-list\">\n<li>F\u0151v\u00e1ros: Szarajev\u00f3<\/li>\n\n\n\n<li>N\u00e9pess\u00e9g: 3,27 milli\u00f3 (becs\u00fclt 2021)<\/li>\n\n\n\n<li>Orsz\u00e1gk\u00f3d: +387<\/li>\n\n\n\n<li>P\u00e9nznem: Marka: Konvertibilis M\u00e1rka<\/li>\n\n\n\n<li>Nyelv: Bosznia-Hercegovina hivatalos nyelvei k\u00f6z\u00e9 tartozik a horv\u00e1t \u00e9s a szerb mellett a bosny\u00e1k is.<\/li>\n\n\n\n<li>Egy\u00e9b \u00e9rdekes helyek Bosznia-Hercegovin\u00e1ban: Blagaj, Po\u010ditelj, Medjugorje<\/li>\n\n\n\n<li>Bosznia-Hercegovina a Balk\u00e1n-f\u00e9lszigeten, D\u00e9lkelet-Eur\u00f3p\u00e1ban tal\u00e1lhat\u00f3 orsz\u00e1g.<\/li>\n\n\n\n<li>Keleten Szerbi\u00e1val, d\u00e9lkeleten Montenegr\u00f3val, \u00e9szakon \u00e9s d\u00e9lnyugaton pedig Horv\u00e1torsz\u00e1ggal hat\u00e1ros.<\/li>\n\n\n\n<li>A szarajev\u00f3i filmfesztiv\u00e1lt 1995-ben hozt\u00e1k l\u00e9tre, \u00e9s m\u00e1ra a Balk\u00e1n \u00e9s D\u00e9lkelet-Eur\u00f3pa legnagyobb \u00e9s legismertebb filmfesztiv\u00e1lj\u00e1v\u00e1 v\u00e1lt.<\/li>\n\n\n\n<li>Bosznia Hercegovin\u00e1t\u00f3l nyugatra \u00e9s \u00e9szakra fekszik, \u00e9s itt tal\u00e1lhat\u00f3 az orsz\u00e1g f\u0151v\u00e1rosa.<\/li>\n<\/ul>\n\n\n\n<p>Tudtad, hogy\u2026?<\/p>\n\n\n\n<ul class=\"wp-block-list\">\n<li>1984-ben Szarajev\u00f3 adott otthont a t\u00e9li olimpi\u00e1nak.<\/li>\n\n\n\n<li>Az Aranyliliom, a Lilium Bosniacum, Bosznia nemzeti szimb\u00f3luma.<\/li>\n<\/ul>\n","protected":false},"featured_media":15269,"template":"","region":[341],"class_list":["post-17657","roaming","type-roaming","status-publish","has-post-thumbnail","hentry","region-europa"],"_links":{"self":[{"href":"http:\/\/esim2.clientinternals.webcase.pl\/hu\/wp-json\/wp\/v2\/roaming\/17657","targetHints":{"allow":["GET"]}}],"collection":[{"href":"http:\/\/esim2.clientinternals.webcase.pl\/hu\/wp-json\/wp\/v2\/roaming"}],"about":[{"href":"http:\/\/esim2.clientinternals.webcase.pl\/hu\/wp-json\/wp\/v2\/types\/roaming"}],"wp:featuredmedia":[{"embeddable":true,"href":"http:\/\/esim2.clientinternals.webcase.pl\/hu\/wp-json\/wp\/v2\/media\/15269"}],"wp:attachment":[{"href":"http:\/\/esim2.clientinternals.webcase.pl\/hu\/wp-json\/wp\/v2\/media?parent=17657"}],"wp:term":[{"taxonomy":"region","embeddable":true,"href":"http:\/\/esim2.clientinternals.webcase.pl\/hu\/wp-json\/wp\/v2\/region?post=17657"}],"curies":[{"name":"wp","href":"https:\/\/api.w.org\/{rel}","templated":true}]}}

<p>Íme néhány érdekes tény Bosznia-Hercegovináról:</p>



<ul class="wp-block-list">
<li>Főváros: Szarajevó</li>



<li>Népesség: 3,27 millió (becsült 2021)</li>



<li>Országkód: +387</li>



<li>Pénznem: Marka: Konvertibilis Márka</li>



<li>Nyelv: Bosznia-Hercegovina hivatalos nyelvei közé tartozik a horvát és a szerb mellett a bosnyák is.</li>



<li>Egyéb érdekes helyek Bosznia-Hercegovinában: Blagaj, Počitelj, Medjugorje</li>



<li>Bosznia-Hercegovina a Balkán-félszigeten, Délkelet-Európában található ország.</li>



<li>Keleten Szerbiával, délkeleten Montenegróval, északon és délnyugaton pedig Horvátországgal határos.</li>



<li>A szarajevói filmfesztivált 1995-ben hozták létre, és mára a Balkán és Délkelet-Európa legnagyobb és legismertebb filmfesztiváljává vált.</li>



<li>Bosznia Hercegovinától nyugatra és északra fekszik, és itt található az ország fővárosa.</li>
</ul>



<p>Tudtad, hogy…?</p>



<ul class="wp-block-list">
<li>1984-ben Szarajevó adott otthont a téli olimpiának.</li>



<li>Az Aranyliliom, a Lilium Bosniacum, Bosznia nemzeti szimbóluma.</li>
</ul>
