{"id":17676,"date":"2024-02-23T18:33:25","date_gmt":"2024-02-23T17:33:25","guid":{"rendered":"http:\/\/esim2.clientinternals.webcase.pl\/?post_type=roaming&#038;p=17676"},"modified":"2024-03-15T11:27:49","modified_gmt":"2024-03-15T10:27:49","slug":"esim-belgium","status":"publish","type":"roaming","link":"http:\/\/esim2.clientinternals.webcase.pl\/hu\/roaming\/esim-belgium\/","title":{"rendered":"Belgium"},"content":{"rendered":"\n<p>\u00cdme n\u00e9h\u00e1ny \u00e9rdekes \u00e9s sz\u00f3rakoztat\u00f3 t\u00e9ny Belgiumr\u00f3l<\/p>\n\n\n\n<ul class=\"wp-block-list\">\n<li>Orsz\u00e1gk\u00f3d: +32<\/li>\n\n\n\n<li>F\u0151v\u00e1ros: Br\u00fcsszel<\/li>\n\n\n\n<li>Egy\u00e9b f\u0151bb v\u00e1rosok: L\u00fcttich, Gent, Dinant<\/li>\n\n\n\n<li>N\u00e9pess\u00e9g: (2023-as becsl\u00e9s)<\/li>\n\n\n\n<li>Nyelv: Holland (flamand), francia \u00e9s n\u00e9met nyelvek<\/li>\n\n\n\n<li>P\u00e9nznem: Euro<\/li>\n\n\n\n<li>Belgium k\u00f6z\u00e9pkori v\u00e1rosair\u00f3l, renesz\u00e1nsz \u00e9p\u00edt\u00e9szet\u00e9r\u0151l, valamint az Eur\u00f3pai Uni\u00f3 \u00e9s a NATO sz\u00e9khely\u00e9r\u0151l ismert.<\/li>\n\n\n\n<li>A nemzeti szimb\u00f3lum az arany oroszl\u00e1n. Az oroszl\u00e1n r\u00e9sze az orsz\u00e1g c\u00edmer\u00e9nek, amelynek mott\u00f3ja az \u201eegys\u00e9g teszi er\u0151ss\u00e9\u201d.<\/li>\n\n\n\n<li>A t\u00f6rp\u00f6k \u00e9s Tintin Belgiumb\u00f3l sz\u00e1rmaznak. A t\u00f6rp\u00f6ket a belga k\u00e9preg\u00e9nyrajzol\u00f3 Peyo (m\u00e1s n\u00e9ven Pierre Culliford) alkotta meg 1958-ban.<\/li>\n\n\n\n<li>Belgium sz\u00e1mos tal\u00e1lm\u00e1ny\u00e1r\u00f3l ismert, mint p\u00e9ld\u00e1ul a vil\u00e1gh\u00e1l\u00f3 (www), az inline korcsolya, a m\u0171anyag \u00e9s m\u00e9g sok m\u00e1s.<\/li>\n<\/ul>\n\n\n\n<p>Tudtad, hogy\u2026?<\/p>\n\n\n\n<ul class=\"wp-block-list\">\n<li>A s\u00fclt krumplit Belgiumban tal\u00e1lt\u00e1k fel, de franci\u00e1ul \u201efrites\u201d, flamandul (hollandul) \u201efrieten\u201d n\u00e9ven ismert, \u00e9s jellemz\u0151en nem ketchuppal, hanem valamilyen majon\u00e9zzel t\u00e1lalj\u00e1k.<\/li>\n\n\n\n<li>Belgium kiv\u00e1l\u00f3 min\u0151s\u00e9g\u0171 csokol\u00e1d\u00e9j\u00e1r\u00f3l ismert, \u00e9s a vil\u00e1g csokol\u00e1d\u00e9termel\u00e9s\u00e9nek mintegy 11%-\u00e1t adja.<\/li>\n<\/ul>\n","protected":false},"featured_media":15269,"template":"","region":[341],"class_list":["post-17676","roaming","type-roaming","status-publish","has-post-thumbnail","hentry","region-europa"],"_links":{"self":[{"href":"http:\/\/esim2.clientinternals.webcase.pl\/hu\/wp-json\/wp\/v2\/roaming\/17676","targetHints":{"allow":["GET"]}}],"collection":[{"href":"http:\/\/esim2.clientinternals.webcase.pl\/hu\/wp-json\/wp\/v2\/roaming"}],"about":[{"href":"http:\/\/esim2.clientinternals.webcase.pl\/hu\/wp-json\/wp\/v2\/types\/roaming"}],"wp:featuredmedia":[{"embeddable":true,"href":"http:\/\/esim2.clientinternals.webcase.pl\/hu\/wp-json\/wp\/v2\/media\/15269"}],"wp:attachment":[{"href":"http:\/\/esim2.clientinternals.webcase.pl\/hu\/wp-json\/wp\/v2\/media?parent=17676"}],"wp:term":[{"taxonomy":"region","embeddable":true,"href":"http:\/\/esim2.clientinternals.webcase.pl\/hu\/wp-json\/wp\/v2\/region?post=17676"}],"curies":[{"name":"wp","href":"https:\/\/api.w.org\/{rel}","templated":true}]}}

<p>Íme néhány érdekes és szórakoztató tény Belgiumról</p>



<ul class="wp-block-list">
<li>Országkód: +32</li>



<li>Főváros: Brüsszel</li>



<li>Egyéb főbb városok: Lüttich, Gent, Dinant</li>



<li>Népesség: (2023-as becslés)</li>



<li>Nyelv: Holland (flamand), francia és német nyelvek</li>



<li>Pénznem: Euro</li>



<li>Belgium középkori városairól, reneszánsz építészetéről, valamint az Európai Unió és a NATO székhelyéről ismert.</li>



<li>A nemzeti szimbólum az arany oroszlán. Az oroszlán része az ország címerének, amelynek mottója az „egység teszi erőssé”.</li>



<li>A törpök és Tintin Belgiumból származnak. A törpöket a belga képregényrajzoló Peyo (más néven Pierre Culliford) alkotta meg 1958-ban.</li>



<li>Belgium számos találmányáról ismert, mint például a világháló (www), az inline korcsolya, a műanyag és még sok más.</li>
</ul>



<p>Tudtad, hogy…?</p>



<ul class="wp-block-list">
<li>A sült krumplit Belgiumban találták fel, de franciául „frites”, flamandul (hollandul) „frieten” néven ismert, és jellemzően nem ketchuppal, hanem valamilyen majonézzel tálalják.</li>



<li>Belgium kiváló minőségű csokoládéjáról ismert, és a világ csokoládétermelésének mintegy 11%-át adja.</li>
</ul>
