{"id":17722,"date":"2024-02-23T18:31:00","date_gmt":"2024-02-23T17:31:00","guid":{"rendered":"http:\/\/esim2.clientinternals.webcase.pl\/?post_type=roaming&#038;p=17722"},"modified":"2024-03-15T11:13:16","modified_gmt":"2024-03-15T10:13:16","slug":"esim-feheroroszorszag","status":"publish","type":"roaming","link":"http:\/\/esim2.clientinternals.webcase.pl\/hu\/roaming\/esim-feheroroszorszag\/","title":{"rendered":"Feh\u00e9roroszorsz\u00e1g"},"content":{"rendered":"\n<p>\u00cdme n\u00e9h\u00e1ny \u00e9rdekes t\u00e9ny Feh\u00e9roroszorsz\u00e1gr\u00f3l:<\/p>\n\n\n\n<ul class=\"wp-block-list\">\n<li>F\u0151v\u00e1ros: Minszk<\/li>\n\n\n\n<li>N\u00e9pess\u00e9g: 9,35 milli\u00f3 (becsl\u00e9s szerint 2021)<\/li>\n\n\n\n<li>Orsz\u00e1gk\u00f3d: +375<\/li>\n\n\n\n<li>P\u00e9nznem: Belorusz rubel<\/li>\n\n\n\n<li>Nyelv: Belorusz \u00e9s orosz<\/li>\n\n\n\n<li>Egy\u00e9b \u00e9rdekes helyek Feh\u00e9roroszorsz\u00e1gban: Braslav t\u00f3vid\u00e9k, Belovezhskaya Pushcha Nemzeti Park, Mir kast\u00e9ly.<\/li>\n\n\n\n<li>Feh\u00e9roroszorsz\u00e1g egy tengerparttal nem rendelkez\u0151 orsz\u00e1g Kelet-Eur\u00f3p\u00e1ban. Keletr\u0151l \u00e9s \u00e9szakkeletr\u0151l Oroszorsz\u00e1g, d\u00e9lr\u0151l Ukrajna, nyugatr\u00f3l Lengyelorsz\u00e1g, \u00e9szaknyugatr\u00f3l Litv\u00e1nia \u00e9s Lettorsz\u00e1g hat\u00e1rolja.<\/li>\n\n\n\n<li>Feh\u00e9roroszorsz\u00e1g ter\u00fclet\u00e9nek mintegy 40%-\u00e1t erd\u0151k bor\u00edtj\u00e1k \u2013 ezt a t\u00e9nyt szimboliz\u00e1lja a z\u00f6ld cs\u00edk az orsz\u00e1g z\u00e1szlaj\u00e1n.<\/li>\n\n\n\n<li>A burgonya nagyon fontos alapanyag Feh\u00e9roroszorsz\u00e1gban. A feh\u00e9roroszok minden m\u00e1s orsz\u00e1gn\u00e1l t\u00f6bb burgony\u00e1t fogyasztanak fejenk\u00e9nt \u2013 becsl\u00e9sek szerint 180 kg-ot, ami k\u00f6r\u00fclbel\u00fcl napi f\u00e9l kilogrammot jelent.<\/li>\n\n\n\n<li>Feh\u00e9roroszorsz\u00e1g lakoss\u00e1g\u00e1nak mintegy 80%-a v\u00e1rosokban \u00e9l, \u00e9s ezzel Eur\u00f3pa egyik legurbaniz\u00e1ltabb orsz\u00e1ga.<\/li>\n<\/ul>\n\n\n\n<p>Tudtad, hogy\u2026?<\/p>\n\n\n\n<ul class=\"wp-block-list\">\n<li>A nemzeti \u00e1llat az eur\u00f3pai b\u00f6l\u00e9ny, m\u00e1s n\u00e9ven \u201ewisent\u201d.<\/li>\n\n\n\n<li>A feh\u00e9roroszoknak csup\u00e1n 12%-a haszn\u00e1lja akt\u00edvan a feh\u00e9rorosz nyelvet a mindennapi \u00e9letben, \u00e9s a feh\u00e9roroszoknak csup\u00e1n 30%-a besz\u00e9l foly\u00e9konyan feh\u00e9roroszul. Az emberek t\u00f6bbs\u00e9ge az orosz nyelvet haszn\u00e1lja els\u0151dleges kommunik\u00e1ci\u00f3s eszk\u00f6zk\u00e9nt.<\/li>\n<\/ul>\n","protected":false},"featured_media":15269,"template":"","region":[341],"class_list":["post-17722","roaming","type-roaming","status-publish","has-post-thumbnail","hentry","region-europa"],"_links":{"self":[{"href":"http:\/\/esim2.clientinternals.webcase.pl\/hu\/wp-json\/wp\/v2\/roaming\/17722","targetHints":{"allow":["GET"]}}],"collection":[{"href":"http:\/\/esim2.clientinternals.webcase.pl\/hu\/wp-json\/wp\/v2\/roaming"}],"about":[{"href":"http:\/\/esim2.clientinternals.webcase.pl\/hu\/wp-json\/wp\/v2\/types\/roaming"}],"wp:featuredmedia":[{"embeddable":true,"href":"http:\/\/esim2.clientinternals.webcase.pl\/hu\/wp-json\/wp\/v2\/media\/15269"}],"wp:attachment":[{"href":"http:\/\/esim2.clientinternals.webcase.pl\/hu\/wp-json\/wp\/v2\/media?parent=17722"}],"wp:term":[{"taxonomy":"region","embeddable":true,"href":"http:\/\/esim2.clientinternals.webcase.pl\/hu\/wp-json\/wp\/v2\/region?post=17722"}],"curies":[{"name":"wp","href":"https:\/\/api.w.org\/{rel}","templated":true}]}}

Fehéroroszország

<p>Íme néhány érdekes tény Fehéroroszországról:</p>



<ul class="wp-block-list">
<li>Főváros: Minszk</li>



<li>Népesség: 9,35 millió (becslés szerint 2021)</li>



<li>Országkód: +375</li>



<li>Pénznem: Belorusz rubel</li>



<li>Nyelv: Belorusz és orosz</li>



<li>Egyéb érdekes helyek Fehéroroszországban: Braslav tóvidék, Belovezhskaya Pushcha Nemzeti Park, Mir kastély.</li>



<li>Fehéroroszország egy tengerparttal nem rendelkező ország Kelet-Európában. Keletről és északkeletről Oroszország, délről Ukrajna, nyugatról Lengyelország, északnyugatról Litvánia és Lettország határolja.</li>



<li>Fehéroroszország területének mintegy 40%-át erdők borítják – ezt a tényt szimbolizálja a zöld csík az ország zászlaján.</li>



<li>A burgonya nagyon fontos alapanyag Fehéroroszországban. A fehéroroszok minden más országnál több burgonyát fogyasztanak fejenként – becslések szerint 180 kg-ot, ami körülbelül napi fél kilogrammot jelent.</li>



<li>Fehéroroszország lakosságának mintegy 80%-a városokban él, és ezzel Európa egyik legurbanizáltabb országa.</li>
</ul>



<p>Tudtad, hogy…?</p>



<ul class="wp-block-list">
<li>A nemzeti állat az európai bölény, más néven „wisent”.</li>



<li>A fehéroroszoknak csupán 12%-a használja aktívan a fehérorosz nyelvet a mindennapi életben, és a fehéroroszoknak csupán 30%-a beszél folyékonyan fehéroroszul. Az emberek többsége az orosz nyelvet használja elsődleges kommunikációs eszközként.</li>
</ul>
