{"id":17750,"date":"2024-02-23T18:12:58","date_gmt":"2024-02-23T17:12:58","guid":{"rendered":"http:\/\/esim2.clientinternals.webcase.pl\/?post_type=roaming&#038;p=17750"},"modified":"2024-03-15T10:55:47","modified_gmt":"2024-03-15T09:55:47","slug":"esim-ausztria","status":"publish","type":"roaming","link":"http:\/\/esim2.clientinternals.webcase.pl\/hu\/roaming\/esim-ausztria\/","title":{"rendered":"Ausztria"},"content":{"rendered":"\n<p>\u00cdme n\u00e9h\u00e1ny \u00e9rdekes \u00e9s sz\u00f3rakoztat\u00f3 t\u00e9ny Ausztri\u00e1r\u00f3l<\/p>\n\n\n\n<ul class=\"wp-block-list\">\n<li>Orsz\u00e1gk\u00f3d: +43<\/li>\n\n\n\n<li>F\u0151v\u00e1ros: B\u00e9cs<\/li>\n\n\n\n<li>Egy\u00e9b f\u0151bb v\u00e1rosok: Klagenfurt, Linz, Innsbruck.<\/li>\n\n\n\n<li>N\u00e9pess\u00e9g: 8,97 milli\u00f3 (2022-es becsl\u00e9s)<\/li>\n\n\n\n<li>Nyelv: N\u00e9met<\/li>\n\n\n\n<li>P\u00e9nznem: Euro<\/li>\n\n\n\n<li>Ausztria a Cseh K\u00f6zt\u00e1rsas\u00e1ggal, N\u00e9metorsz\u00e1ggal, Magyarorsz\u00e1ggal, Olaszorsz\u00e1ggal, Liechtensteinnel, Szlov\u00e1ki\u00e1val, Szlov\u00e9ni\u00e1val \u00e9s Sv\u00e1jccal hat\u00e1ros.<\/li>\n\n\n\n<li>Az ausztriai Salzburgban tal\u00e1lhat\u00f3 St. Peter Stiftskulinarium Eur\u00f3pa legr\u00e9gebbi \u00e9tterme. Val\u00f3sz\u00edn\u0171leg ez az egyetlen \u00e9tterem, amely Wolfgang Amadeus Mozartot \u00e9s Clint Eastwoodot is kiszolg\u00e1lta.<\/li>\n\n\n\n<li>A vil\u00e1g legr\u00e9gebbi, ma is m\u0171k\u00f6d\u0151 \u00e1llatkertje B\u00e9csben, a Schloss Sch\u00f6nbrunnban tal\u00e1lhat\u00f3, amelyet 1752-ben alap\u00edtottak.<\/li>\n\n\n\n<li>A vil\u00e1g legnagyobb j\u00e9gbarlangja az ausztriai Werfenben tal\u00e1lhat\u00f3. A barlangrendszer t\u00f6bb mint 42 km m\u00e9lyen h\u00faz\u00f3dik a hegys\u00e9gben. Az els\u0151 szakasz impoz\u00e1ns j\u00e9gk\u00e9pz\u0151dm\u00e9nyeket mutat be, \u00e9s m\u00e1just\u00f3l okt\u00f3berig l\u00e1togathat\u00f3.<\/li>\n<\/ul>\n\n\n\n<p>Tudtad, hogy\u2026?<\/p>\n\n\n\n<ul class=\"wp-block-list\">\n<li>Az els\u0151 Red Bull doboz 1987-ben ker\u00fclt forgalomba Ausztri\u00e1ban, \u00e9s ezzel egy teljesen \u00faj term\u00e9kkateg\u00f3ria \u2013 az energiaitalok \u2013 j\u00f6tt l\u00e9tre. Ma a Red Bull t\u00f6bb mint 172 orsz\u00e1gban m\u0171k\u00f6dik, \u00e9s \u00e9vente t\u00f6bb mint 9,8 milli\u00e1rd dobozt ad el, \u00e9s egyre n\u00f6vekszik!<\/li>\n\n\n\n<li>A Red Bull Racing, m\u00e1s n\u00e9ven Red Bull vagy RBR, jelenleg Oracle Red Bull Racing n\u00e9ven versenyez, egy Formula-1-es versenycsapat, amely osztr\u00e1k licenc alapj\u00e1n versenyez. A Red Bull GmbH tulajdon\u00e1ban l\u00e9v\u0151 k\u00e9t Forma-1-es csapat egyike, a m\u00e1sik a Scuderia AlphaTauri.<\/li>\n\n\n\n<li>A Red Bull Racing csapatot 2005-\u00f6s megalakul\u00e1sa \u00f3ta Christian Horner ir\u00e1ny\u00edtja.<\/li>\n<\/ul>\n","protected":false},"featured_media":16261,"template":"","region":[341],"class_list":["post-17750","roaming","type-roaming","status-publish","has-post-thumbnail","hentry","region-europa"],"_links":{"self":[{"href":"http:\/\/esim2.clientinternals.webcase.pl\/hu\/wp-json\/wp\/v2\/roaming\/17750","targetHints":{"allow":["GET"]}}],"collection":[{"href":"http:\/\/esim2.clientinternals.webcase.pl\/hu\/wp-json\/wp\/v2\/roaming"}],"about":[{"href":"http:\/\/esim2.clientinternals.webcase.pl\/hu\/wp-json\/wp\/v2\/types\/roaming"}],"wp:featuredmedia":[{"embeddable":true,"href":"http:\/\/esim2.clientinternals.webcase.pl\/hu\/wp-json\/wp\/v2\/media\/16261"}],"wp:attachment":[{"href":"http:\/\/esim2.clientinternals.webcase.pl\/hu\/wp-json\/wp\/v2\/media?parent=17750"}],"wp:term":[{"taxonomy":"region","embeddable":true,"href":"http:\/\/esim2.clientinternals.webcase.pl\/hu\/wp-json\/wp\/v2\/region?post=17750"}],"curies":[{"name":"wp","href":"https:\/\/api.w.org\/{rel}","templated":true}]}}

<p>Íme néhány érdekes és szórakoztató tény Ausztriáról</p>



<ul class="wp-block-list">
<li>Országkód: +43</li>



<li>Főváros: Bécs</li>



<li>Egyéb főbb városok: Klagenfurt, Linz, Innsbruck.</li>



<li>Népesség: 8,97 millió (2022-es becslés)</li>



<li>Nyelv: Német</li>



<li>Pénznem: Euro</li>



<li>Ausztria a Cseh Köztársasággal, Németországgal, Magyarországgal, Olaszországgal, Liechtensteinnel, Szlovákiával, Szlovéniával és Svájccal határos.</li>



<li>Az ausztriai Salzburgban található St. Peter Stiftskulinarium Európa legrégebbi étterme. Valószínűleg ez az egyetlen étterem, amely Wolfgang Amadeus Mozartot és Clint Eastwoodot is kiszolgálta.</li>



<li>A világ legrégebbi, ma is működő állatkertje Bécsben, a Schloss Schönbrunnban található, amelyet 1752-ben alapítottak.</li>



<li>A világ legnagyobb jégbarlangja az ausztriai Werfenben található. A barlangrendszer több mint 42 km mélyen húzódik a hegységben. Az első szakasz impozáns jégképződményeket mutat be, és májustól októberig látogatható.</li>
</ul>



<p>Tudtad, hogy…?</p>



<ul class="wp-block-list">
<li>Az első Red Bull doboz 1987-ben került forgalomba Ausztriában, és ezzel egy teljesen új termékkategória – az energiaitalok – jött létre. Ma a Red Bull több mint 172 országban működik, és évente több mint 9,8 milliárd dobozt ad el, és egyre növekszik!</li>



<li>A Red Bull Racing, más néven Red Bull vagy RBR, jelenleg Oracle Red Bull Racing néven versenyez, egy Formula-1-es versenycsapat, amely osztrák licenc alapján versenyez. A Red Bull GmbH tulajdonában lévő két Forma-1-es csapat egyike, a másik a Scuderia AlphaTauri.</li>



<li>A Red Bull Racing csapatot 2005-ös megalakulása óta Christian Horner irányítja.</li>
</ul>
